{"id":851,"date":"2013-01-24T08:58:37","date_gmt":"2013-01-24T08:58:37","guid":{"rendered":"http:\/\/semmelweis-egyetem.hu\/rektori-hivatal\/?page_id=851"},"modified":"2025-05-16T12:50:13","modified_gmt":"2025-05-16T10:50:13","slug":"altalanos-kozzeteteli-lista-archivum","status":"publish","type":"page","link":"https:\/\/semmelweis.hu\/jogigfoig\/adatvedelem-betegjog\/kozerdeku-adatok-archivum\/altalanos-kozzeteteli-lista-archivum\/","title":{"rendered":"\u00c1ltal\u00e1nos k\u00f6zz\u00e9t\u00e9teli lista (Arch\u00edvum)"},"content":{"rendered":"<p style=\"text-align: justify\"><div class=\"responsive-tabs\">\n<h2 class=\"tabtitle\">Szervezeti, szem\u00e9lyzeti <br \/>\nadatok<\/h2>\n<div class=\"tabcontent\">\n<\/p>\n<p style=\"text-align: justify\"><strong>I. Szervezeti, szem\u00e9lyzeti adatok<\/strong><\/p>\n<p style=\"text-align: justify\">1. A Semmelweis Egyetem\u00a0 hivatalos neve \u00e9s el\u00e9rhet\u0151s\u00e9gei<\/p>\n<p style=\"text-align: justify\">2. A Semmelweis Egyetem szervezeti fel\u00e9p\u00edt\u00e9se \u00e9s szervezet egys\u00e9gei<\/p>\n<p style=\"text-align: justify\">3. A Semmelweis Egyetem vezet\u0151 tiszts\u00e9gvisel\u0151i \u00e9s el\u00e9rhet\u0151s\u00e9g\u00fck<\/p>\n<p style=\"text-align: justify\">4. A Semmelweis Egyetem t\u00f6bbs\u00e9gi tulajdon\u00e1ban \u00e1ll\u00f3, illetve r\u00e9szv\u00e9tel\u00e9vel m\u0171k\u00f6d\u0151 gazd\u00e1lkod\u00f3 szervezetek<\/p>\n<p style=\"text-align: justify\">5. A Semmelweis Egyetem \u00e1ltal alap\u00edtott k\u00f6lts\u00e9gvet\u00e9si szerv neve, sz\u00e9khelye, a k\u00f6lts\u00e9gvet\u00e9si szervet alap\u00edt\u00f3 hat\u00e1rozat, a k\u00f6lts\u00e9gvet\u00e9si szerv alap\u00edt\u00f3 okirata, vezet\u0151je, honlapj\u00e1nak el\u00e9rhet\u0151s\u00e9ge, m\u0171k\u00f6d\u00e9si enged\u00e9lye<\/p>\n<ul style=\"text-align: justify\">\n<li>Semmelweis Egyetem Napk\u00f6ziotthonos \u00d3vod\u00e1ja<\/li>\n<li><a href=\"https:\/\/semmelweis.hu\/rektori-hivatal\/semmelweis-egyetem-gyakorlo-altalanos-iskola-es-gimnazium\/\" target=\"_blank\" rel=\"noopener noreferrer\">Semmelweis Egyetem Gyakorl\u00f3 \u00c1ltal\u00e1nos Iskola \u00e9s Gimn\u00e1zium<\/a><\/li>\n<\/ul>\n<p style=\"text-align: justify\">6. A Semmelweis Egyetem \u00e1ltal alap\u00edtott lap<\/p>\n<ul style=\"text-align: justify\">\n<li><a href=\"https:\/\/semmelweis.hu\/ujsag\/category\/archivum-x\/\">Semmelweis \u00dajs\u00e1g<\/a><\/li>\n<li><a href=\"https:\/\/issuu.com\/szinapszis\/docs\">Szinapszis\u00a0<\/a><\/li>\n<\/ul>\n<p style=\"text-align: justify\">7. A Semmelweis Egyetem fel\u00fcgyeleti szerve<\/p>\n<p style=\"text-align: justify\">\n<\/div><h2 class=\"tabtitle\">Tev\u00e9kenys\u00e9gre, m\u0171k\u00f6d\u00e9sre <br \/>\nvonatkoz\u00f3 adatok<\/h2>\n<div class=\"tabcontent\">\n<\/p>\n<p style=\"text-align: justify\"><strong>II. Tev\u00e9kenys\u00e9gre, m\u0171k\u00f6d\u00e9sre vonatkoz\u00f3 adatok<\/strong><\/p>\n<p style=\"text-align: justify\">1. A Semmelweis Egyetem feladat\u00e1t \u00e9s alaptev\u00e9kenys\u00e9g\u00e9t meghat\u00e1roz\u00f3, az Egyetemre vonatkoz\u00f3 alapvet\u0151 jogszab\u00e1lyok, szab\u00e1lyzatok<\/p>\n<p style=\"text-align: justify\">2. A Semmelweis Egyetem feladata, tev\u00e9kenys\u00e9ge (magyar \u00e9s angol nyelven)<\/p>\n<p style=\"text-align: justify\">3. A Semmelweis Egyetem \u00e1ltal ny\u00fajtott k\u00f6zszolg\u00e1ltat\u00e1s (oktat\u00e1s, eg\u00e9szs\u00e9g\u00fcgyi ell\u00e1t\u00e1sok)<\/p>\n<ul style=\"text-align: justify\">\n<li>A Semmelweis Egyetemen foly\u00f3 k\u00e9pz\u00e9sek<\/li>\n<li>A t\u00e9r\u00edt\u00e9si d\u00edj ellen\u00e9ben ig\u00e9nybe vehet\u0151 egyes eg\u00e9szs\u00e9g\u00fcgyi szolg\u00e1ltat\u00e1sok t\u00e9r\u00edt\u00e9si d\u00edja<\/li>\n<li>A Semmelweis Egyetem \u00d6nk\u00f6lts\u00e9g-sz\u00e1m\u00edt\u00e1si \u00e9s \u00e1rk\u00e9pz\u00e9si szab\u00e1lyzata<\/li>\n<\/ul>\n<p style=\"text-align: justify\">4. A Semmelweis Egyetem \u00e1ltal fenntartott adatb\u00e1zisok, illetve nyilv\u00e1ntart\u00e1sok le\u00edr\u00f3 adatai<\/p>\n<ul style=\"text-align: justify\">\n<li>Medikai \u00e9s gazd\u00e1lkod\u00e1si rendszerek adatb\u00e1zisai a Semmelweis Egyetemen<\/li>\n<li>2011. \u00e9vi CCIV. t\u00f6rv\u00e9ny a nemzeti fels\u0151oktat\u00e1sr\u00f3l 3. sz. mell\u00e9klet I\/A-I\/B<\/li>\n<\/ul>\n<p style=\"text-align: justify\">5. A Semmelweis Egyetem nyilv\u00e1nos kiadv\u00e1nyai<\/p>\n<ul style=\"text-align: justify\">\n<li><a href=\"https:\/\/semmelweis.hu\/ujsag\/category\/archivum-x\/\">A Semmelweis Egyetem hallgat\u00f3inak \u00e9s k\u00f6zalkalmazottainak lapja<\/a><\/li>\n<li><a href=\"https:\/\/www.semmelweiskiado.hu\/letoltesek\">Egyetemi tan\u00e9vk\u00f6nyv<\/a><\/li>\n<\/ul>\n<p style=\"text-align: justify\">6. A Semmelweis Egyetem \u00e1ltal k\u00f6zz\u00e9tett hirdetm\u00e9nyek, k\u00f6zlem\u00e9nyek<\/p>\n<p style=\"text-align: justify\">7. A Semmelweis Egyetem \u00e1ltal ki\u00edrt p\u00e1ly\u00e1zatok<\/p>\n<p style=\"text-align: justify\">8. A Semmelweis Egyetemn\u00e9l v\u00e9gzett alaptev\u00e9kenys\u00e9ggel kapcsolatos vizsg\u00e1latok, ellen\u0151rz\u00e9sek nyilv\u00e1nos meg\u00e1llap\u00edt\u00e1sai<\/p>\n<ul style=\"text-align: justify\">\n<li><a href=\"https:\/\/semmelweis.hu\/jogigfoig\/files\/2021\/02\/SE_ELLIG_2020.pdf\">2020<\/a><\/li>\n<li><a href=\"https:\/\/semmelweis.hu\/jogigfoig\/files\/2021\/09\/SE_ELLIG_2021_07_31.pdf\">2021. janu\u00e1r 1 \u2013 2021. j\u00falius 31.<\/a><\/li>\n<li><a href=\"https:\/\/semmelweis.hu\/jogigfoig\/files\/2022\/05\/SE_ELLIG_20210801_20211231.pdf\">2021. augusztus 1 \u2013 2021. december 31.<\/a><\/li>\n<\/ul>\n<p style=\"text-align: justify\">9. A k\u00f6z\u00e9rdek\u0171 adatok megismer\u00e9s\u00e9re ir\u00e1nyul\u00f3 ig\u00e9nyek int\u00e9z\u00e9s\u00e9nek rendje<\/p>\n<p style=\"text-align: justify\">10. A Semmelweis Egyetem tev\u00e9kenys\u00e9g\u00e9re vonatkoz\u00f3, jogszab\u00e1lyon alapul\u00f3 statisztikai adatgy\u0171jt\u00e9s eredm\u00e9nyei, id\u0151beli v\u00e1ltoz\u00e1suk<\/p>\n<p style=\"text-align: justify\"><a href=\"https:\/\/semmelweis.hu\/jogigfoig\/negyedeves-tajekoztatas-a-lezart-eljarasokrol\/\">11. A k\u00f6z\u00e9rdek\u0171 adatokkal kapcsolatos k\u00f6telez\u0151 statisztikai adatszolg\u00e1ltat\u00e1s adott szervre vonatkoz\u00f3 adatai<\/a><\/p>\n<p style=\"text-align: justify\">12. Azon k\u00f6z\u00e9rdek\u0171 adatok hasznos\u00edt\u00e1s\u00e1ra ir\u00e1nyul\u00f3 szerz\u0151d\u00e9sek list\u00e1ja, amelyekben az egyetem az egyik szerz\u0151d\u0151 f\u00e9l <em>(A Semmelweis Egyetem nem rendelkezik ilyen szerz\u0151d\u00e9ssel.)<\/em><\/p>\n<p style=\"text-align: justify\">13. A Semmelweis Egyetem kezel\u00e9s\u00e9ben l\u00e9v\u0151 k\u00f6z\u00e9rdek\u0171 adatok felhaszn\u00e1l\u00e1s\u00e1ra, hasznos\u00edt\u00e1s\u00e1ra\u00a0 vonatkoz\u00f3 \u00e1ltal\u00e1nos szerz\u0151d\u00e9si felt\u00e9telek <em>(A Semmelweis Egyetem nem rendelkezik ilyen szerz\u0151d\u00e9ssel.)<\/em><\/p>\n<p style=\"text-align: justify\"><a href=\"https:\/\/semmelweis.hu\/jogigfoig\/kulonos-es-egyedi-kozzeteteli-lista-archivum\/\">14. A Semmelweis Egyetemre vonatkoz\u00f3 k\u00fcl\u00f6n\u00f6s \u00e9s egyedi k\u00f6zz\u00e9t\u00e9teli lista<\/a><\/p>\n<p style=\"text-align: justify\">\n<\/div><h2 class=\"tabtitle\">Gazd\u00e1lkod\u00e1si <br \/>\nadatok<\/h2>\n<div class=\"tabcontent\">\n<\/p>\n<p style=\"text-align: justify\"><strong>III. Gazd\u00e1lkod\u00e1si adatok<\/strong><\/p>\n<p style=\"text-align: justify\"><a href=\"https:\/\/semmelweis.hu\/jogigfoig\/adatvedelem-betegjog\/kozerdeku-adatok-archivum\/altalanos-kozzeteteli-lista-archivum\/a-semmelweis-egyetem-eves-elemi-koltsegvetese-szamszaki-es-szoveges-beszamoloja-archivum\/\">1. A Semmelweis Egyetem \u00e9ves elemi k\u00f6lts\u00e9gvet\u00e9se, sz\u00e1mszaki \u00e9s sz\u00f6veges besz\u00e1mol\u00f3ja<\/a><\/p>\n<p style=\"text-align: justify\">2. A Semmelweis Egyetemn\u00e9l foglalkoztatottak l\u00e9tsz\u00e1m\u00e1ra \u00e9s szem\u00e9lyi juttat\u00e1saira vonatkoz\u00f3 \u00f6sszes\u00edtett adatok<\/p>\n<ul style=\"text-align: justify\">\n<li><a href=\"https:\/\/semmelweis.hu\/jogigfoig\/files\/2020\/07\/Kozzeteteli_2019.pdf\">2019. \u00e9v<\/a><\/li>\n<li><a href=\"https:\/\/semmelweis.hu\/jogigfoig\/files\/2022\/05\/Kozerdeku_2020.pdf\">2020. \u00e9v<\/a><\/li>\n<li><a href=\"https:\/\/semmelweis.hu\/jogigfoig\/files\/2022\/05\/Kozerdeku_2021.pdf\">2021. \u00e9v<\/a><\/li>\n<\/ul>\n<p style=\"text-align: justify\">3. A Semmelweis Egyetem \u00e1ltal ny\u00fajtott, az \u00e1llamh\u00e1ztart\u00e1sr\u00f3l sz\u00f3l\u00f3 t\u00f6rv\u00e9ny szerinti k\u00f6lts\u00e9gvet\u00e9si t\u00e1mogat\u00e1sok kedvezm\u00e9nyezettjeinek nev\u00e9re, a t\u00e1mogat\u00e1s c\u00e9lj\u00e1ra, \u00f6sszeg\u00e9re, tov\u00e1bb\u00e1 a t\u00e1mogat\u00e1si program megval\u00f3s\u00edt\u00e1si hely\u00e9re vonatkoz\u00f3 adatok, kiv\u00e9ve, ha a k\u00f6zz\u00e9t\u00e9tel el\u0151tt a k\u00f6lts\u00e9gvet\u00e9si t\u00e1mogat\u00e1st visszavonj\u00e1k vagy arr\u00f3l a kedvezm\u00e9nyezett lemond (<em>Nem \u00e1ll rendelkez\u00e9sre k\u00f6z\u00e9rdek\u0171 adat.<\/em>)<\/p>\n<p style=\"text-align: justify\"><a href=\"https:\/\/semmelweis.hu\/jogigfoig\/adatvedelem-betegjog\/kozerdeku-adatok-archivum\/altalanos-kozzeteteli-lista-archivum\/a-netto-5-millio-forintot-elero-vagy-meghalado-szerzodesek-a-semmelweis-egyetemen-archivum\/\">4. A nett\u00f3 5 milli\u00f3 forintot el\u00e9r\u0151, vagy meghalad\u00f3 szerz\u0151d\u00e9sek a Semmelweis Egyetemen<\/a><\/p>\n<ul style=\"text-align: justify\">\n<li style=\"text-align: justify\"><a href=\"https:\/\/semmelweis.hu\/jogigfoig\/adatvedelem-betegjog\/kozerdeku-adatok-archivum\/altalanos-kozzeteteli-lista-archivum\/beszerzesi-igazgatosag-altal-lefolytatott-kozbeszerzesi-eljarasok-eredmenyekeppen-kotott-szerzodesek-amelyek-erteke-a-netto-otmillio-forintot-eleri-vagy-meghaladja-archivum\/\">Beszerz\u00e9si Igazgat\u00f3s\u00e1g \u00e1ltal lefolytatott (k\u00f6z)beszerz\u00e9si elj\u00e1r\u00e1sok eredm\u00e9nyek\u00e9ppen k\u00f6t\u00f6tt szerz\u0151d\u00e9sek, amelyek \u00e9rt\u00e9ke a nett\u00f3 \u00f6tmilli\u00f3 forintot el\u00e9ri, vagy meghaladja<\/a><\/li>\n<\/ul>\n<p style=\"text-align: justify\">5. A Semmelweis Egyetem \u00e1ltal nem alapfeladatai ell\u00e1t\u00e1s\u00e1ra (\u00edgy k\u00fcl\u00f6n\u00f6sen egyes\u00fcleti t\u00e1mogat\u00e1sra, foglalkoztatottai szakmai \u00e9s munkav\u00e1llal\u00f3i \u00e9rdek-k\u00e9pviseleti szervei sz\u00e1m\u00e1ra, foglalkoztatottjai, ell\u00e1tottjai oktat\u00e1si, kultur\u00e1lis, szoci\u00e1lis \u00e9s sporttev\u00e9kenys\u00e9get seg\u00edt\u0151 szervezet t\u00e1mogat\u00e1s\u00e1ra, alap\u00edtv\u00e1nyok \u00e1ltal ell\u00e1tott feladatokkal \u00f6sszef\u00fcgg\u0151 kifizet\u00e9sre) ford\u00edtott, \u00f6tmilli\u00f3 forintot meghalad\u00f3 kifizet\u00e9sek (<em>Nem \u00e1ll rendelkez\u00e9sre k\u00f6z\u00e9rdek\u0171 adat<\/em>.)<\/p>\n<p style=\"text-align: justify\">6. Az Eur\u00f3pai Uni\u00f3 t\u00e1mogat\u00e1s\u00e1val megval\u00f3sul\u00f3 fejleszt\u00e9sek le\u00edr\u00e1sa, az azokra vonatkoz\u00f3 szerz\u0151d\u00e9sek<\/p>\n<p>7. K\u00f6zbeszerz\u00e9si inform\u00e1ci\u00f3k<\/p>\n<ul style=\"text-align: justify\">\n<li style=\"text-align: justify\"><a href=\"https:\/\/semmelweis.hu\/rektori-hivatal\/files\/2012\/11\/K\u00f6zbeszerz\u00e9si-terv_2012.xls\" target=\"_blank\" rel=\"noopener noreferrer\">2012. \u00e9vi K\u00f6zbeszerz\u00e9si terv <\/a><\/li>\n<li style=\"text-align: justify\"><a href=\"https:\/\/semmelweis.hu\/rektori-hivatal\/files\/2013\/04\/2013.-\u00e9v-K\u00f6zbeszerz\u00e9si-terv-m\u00f3dos\u00edtott.pdf\" target=\"_blank\" rel=\"noopener noreferrer\">2013. \u00e9vi K\u00f6zbeszerz\u00e9si terv <\/a><\/li>\n<li style=\"text-align: justify\"><a href=\"https:\/\/semmelweis.hu\/jogigfoig\/files\/2014\/04\/Kozbeszerzesi_terv_2014.pdf\" target=\"_blank\" rel=\"noopener noreferrer\">2014. \u00e9vi K\u00f6zbeszerz\u00e9si terv<\/a><\/li>\n<li><a href=\"https:\/\/semmelweis.hu\/jogigfoig\/files\/2015\/10\/Semmelweis_Egyetem_Kozbeszerzesi_Terve_2015.pdf\" target=\"_blank\" rel=\"noopener noreferrer\">2015. \u00e9vi K\u00f6zbeszerz\u00e9si terv<\/a>\n<ul>\n<li><a href=\"https:\/\/semmelweis.hu\/jogigfoig\/files\/2015\/10\/SE_Kozbeszerzesi_Terv_2015_1_sz_modositas.pdf\" target=\"_blank\" rel=\"noopener noreferrer\">1. sz. m\u00f3dos\u00edt\u00e1s<\/a><\/li>\n<li><a href=\"https:\/\/semmelweis.hu\/jogigfoig\/files\/2015\/10\/SE_Kozbeszerzesi_Terv_2015_2_sz_modositas.pdf\" target=\"_blank\" rel=\"noopener noreferrer\">2. sz. m\u00f3dos\u00edt\u00e1s<\/a><\/li>\n<\/ul>\n<\/li>\n<\/ul>\n<p style=\"text-align: justify\"><\/div><\/div><\/p>\n","protected":false},"excerpt":{"rendered":"<p>I. Szervezeti, szem\u00e9lyzeti adatok 1. A Semmelweis Egyetem\u00a0 hivatalos neve \u00e9s el\u00e9rhet\u0151s\u00e9gei 2. A Semmelweis Egyetem szervezeti fel\u00e9p\u00edt\u00e9se \u00e9s szervezet egys\u00e9gei 3. A Semmelweis Egyetem vezet\u0151 tiszts\u00e9gvisel\u0151i \u00e9s el\u00e9rhet\u0151s\u00e9g\u00fck 4. A Semmelweis Egyetem t\u00f6bbs\u00e9gi tulajdon\u00e1ban \u00e1ll\u00f3, illetve r\u00e9szv\u00e9tel\u00e9vel m\u0171k\u00f6d\u0151 gazd\u00e1lkod\u00f3 szervezetek 5. A Semmelweis Egyetem \u00e1ltal alap\u00edtott k\u00f6lts\u00e9gvet\u00e9si szerv neve, sz\u00e9khelye, a k\u00f6lts\u00e9gvet\u00e9si szervet alap\u00edt\u00f3 &hellip;<\/p>\n","protected":false},"author":128,"featured_media":0,"parent":932,"menu_order":0,"comment_status":"closed","ping_status":"closed","template":"","meta":{"_acf_changed":false,"footnotes":""},"categories":[],"tags":[],"class_list":["post-851","page","type-page","status-publish","hentry"],"acf":[],"_links":{"self":[{"href":"https:\/\/semmelweis.hu\/jogigfoig\/wp-json\/wp\/v2\/pages\/851","targetHints":{"allow":["GET"]}}],"collection":[{"href":"https:\/\/semmelweis.hu\/jogigfoig\/wp-json\/wp\/v2\/pages"}],"about":[{"href":"https:\/\/semmelweis.hu\/jogigfoig\/wp-json\/wp\/v2\/types\/page"}],"author":[{"embeddable":true,"href":"https:\/\/semmelweis.hu\/jogigfoig\/wp-json\/wp\/v2\/users\/128"}],"replies":[{"embeddable":true,"href":"https:\/\/semmelweis.hu\/jogigfoig\/wp-json\/wp\/v2\/comments?post=851"}],"version-history":[{"count":12,"href":"https:\/\/semmelweis.hu\/jogigfoig\/wp-json\/wp\/v2\/pages\/851\/revisions"}],"predecessor-version":[{"id":98673,"href":"https:\/\/semmelweis.hu\/jogigfoig\/wp-json\/wp\/v2\/pages\/851\/revisions\/98673"}],"up":[{"embeddable":true,"href":"https:\/\/semmelweis.hu\/jogigfoig\/wp-json\/wp\/v2\/pages\/932"}],"wp:attachment":[{"href":"https:\/\/semmelweis.hu\/jogigfoig\/wp-json\/wp\/v2\/media?parent=851"}],"wp:term":[{"taxonomy":"category","embeddable":true,"href":"https:\/\/semmelweis.hu\/jogigfoig\/wp-json\/wp\/v2\/categories?post=851"},{"taxonomy":"post_tag","embeddable":true,"href":"https:\/\/semmelweis.hu\/jogigfoig\/wp-json\/wp\/v2\/tags?post=851"}],"curies":[{"name":"wp","href":"https:\/\/api.w.org\/{rel}","templated":true}]}}