{"id":84727,"date":"2022-09-12T10:45:31","date_gmt":"2022-09-12T08:45:31","guid":{"rendered":"https:\/\/semmelweis.hu\/jogigfoig\/?page_id=84727"},"modified":"2024-04-10T10:21:09","modified_gmt":"2024-04-10T08:21:09","slug":"semmelweis-egyetem-kozhasznusagi-felugyelobizottsag","status":"publish","type":"page","link":"https:\/\/semmelweis.hu\/jogigfoig\/testuletek\/jogszabaly-altal-meghatarozott-testuletek\/semmelweis-egyetem-kozhasznusagi-felugyelobizottsag\/","title":{"rendered":"Semmelweis Egyetem K\u00f6zhaszn\u00fas\u00e1gi Fel\u00fcgyel\u0151bizotts\u00e1g"},"content":{"rendered":"<div><strong>Semmelweis Egyetem K\u00f6zhaszn\u00fas\u00e1gi Fel\u00fcgyel\u0151bizotts\u00e1g<\/strong><\/div>\n<div>\u00a0<\/div>\n<div style=\"text-align: justify\">A Semmelweis Egyetemen\u00a03 tag\u00fa k\u00f6zhaszn\u00fas\u00e1gi fel\u00fcgyel\u0151bizotts\u00e1g (a tov\u00e1bbiakban: KFB) m\u0171k\u00f6dik, amelynek tagjait a fenntart\u00f3 b\u00edzza meg, \u00e9s amely ellen\u0151rzi az Egyetem m\u0171k\u00f6d\u00e9s\u00e9t \u00e9s gazd\u00e1lkod\u00e1s\u00e1t. Ennek sor\u00e1n a magasabb vezet\u0151kt\u0151l \u00e9s vezet\u0151kt\u0151l jelent\u00e9st, a szervezet foglalkoztatottjait\u00f3l pedig t\u00e1j\u00e9koztat\u00e1st vagy felvil\u00e1gos\u00edt\u00e1st k\u00e9rhet, tov\u00e1bb\u00e1 a k\u00f6zhaszn\u00fa szervezet k\u00f6nyveibe \u00e9s irataiba betekinthet, azokat megvizsg\u00e1lhatja.<\/div>\n<div style=\"text-align: justify\">\u00a0<\/div>\n<div style=\"text-align: justify\">A KFB tagjai a Szen\u00e1tus \u00fcl\u00e9s\u00e9n tan\u00e1cskoz\u00e1si joggal r\u00e9szt vesznek.<\/div>\n<div style=\"text-align: justify\">\u00a0<\/div>\n<div style=\"text-align: justify\">A KFB az int\u00e9zked\u00e9si jogosults\u00e1gnak megfelel\u0151en t\u00e1j\u00e9koztatja a Szen\u00e1tust, a rektort vagy a kancell\u00e1rt, \u00e9s kezdem\u00e9nyezi a Szen\u00e1tus \u00f6sszeh\u00edv\u00e1s\u00e1t, ha az Egyetem m\u0171k\u00f6d\u00e9se sor\u00e1n olyan jogszab\u00e1lys\u00e9rt\u00e9sr\u0151l vagy az Egyetem \u00e9rdekeit egy\u00e9bk\u00e9nt s\u00falyosan s\u00e9rt\u0151 esem\u00e9nyr\u0151l, mulaszt\u00e1sr\u00f3l szerez tudom\u00e1st,\u00a0amelynek megsz\u00fcntet\u00e9se vagy k\u00f6vetkezm\u00e9nyeinek elh\u00e1r\u00edt\u00e1sa, illetve enyh\u00edt\u00e9se az int\u00e9zked\u00e9sre jogosult vezet\u0151 szerv vagy szem\u00e9ly d\u00f6nt\u00e9s\u00e9t teszi sz\u00fcks\u00e9gess\u00e9, illetve magasabb vezet\u0151\u00a0vagy vezet\u0151 felel\u0151ss\u00e9g\u00e9t megalapoz\u00f3 t\u00e9ny mer\u00fclt fel.<\/div>\n<div style=\"text-align: justify\">\u00a0<\/div>\n<div style=\"text-align: justify\">Ha az arra jogosult szerv vagy szem\u00e9ly a t\u00f6rv\u00e9nyes m\u0171k\u00f6d\u00e9s helyre\u00e1ll\u00edt\u00e1sa \u00e9rdek\u00e9ben sz\u00fcks\u00e9ges int\u00e9zked\u00e9seket nem teszi meg, a KFB k\u00f6teles halad\u00e9ktalanul \u00e9rtes\u00edteni a t\u00f6rv\u00e9nyess\u00e9gi ellen\u0151rz\u00e9st ell\u00e1t\u00f3 szervet.<\/div>\n<div>\u00a0<\/div>\n<div class=\"responsive-tabs\">\n<h2 class=\"tabtitle\">Tagjai<\/h2>\n<div class=\"tabcontent\">\n\n<div style=\"text-align: justify\"><strong>A Nemzeti Eg\u00e9szs\u00e9g\u00fcgyi \u00e9s Orvosk\u00e9pz\u00e9s\u00e9rt Alap\u00edtv\u00e1ny Kurat\u00f3riuma a 9\/2021. (VII. 07.) Kurat\u00f3riumi hat\u00e1rozatban megb\u00edzta a KFB eln\u00f6k\u00e9t \u00e9s tagjait az al\u00e1bbiak szerint:<\/strong><\/div>\n<div style=\"text-align: justify\">\u00a0<\/div>\n<ul>\n<li style=\"text-align: justify\"><strong><span style=\"font-size: 1rem\">Dr. Nagy Zolt\u00e1n professor emeritus eln\u00f6k<\/span><\/strong><\/li>\n<li style=\"text-align: justify\"><strong>Dr. Klebovich Imre professor emeritus tag<\/strong><\/li>\n<li style=\"text-align: justify\"><strong>Dr. Szabolcs Zolt\u00e1n professor emeritus tag<\/strong><\/li>\n<\/ul>\n\n<\/div><h2 class=\"tabtitle\">El\u00e9rhet\u0151s\u00e9g<\/h2>\n<div class=\"tabcontent\">\n\n<div style=\"text-align: justify\"><strong>A KFB el\u00e9rhet\u0151s\u00e9gei:<\/strong><\/div>\n<div style=\"text-align: justify\">\u00a0<\/div>\n<ul style=\"text-align: justify\">\n<li><strong>C\u00edm: 1085 Budapest, \u00dcll\u0151i \u00fat 26.\u00a0<\/strong><\/li>\n<li><strong>Postac\u00edm: 1428 Budapest, Pf. 2.<\/strong><\/li>\n<li><strong>E-mail: <a href=\"mailto:kozhasznusagi.fb@semmelweis.hu\">kozhasznusagi.fb@semmelweis.hu<\/a>\u00a0<\/strong><\/li>\n<\/ul>\n<p style=\"text-align: justify\">A KFB munk\u00e1j\u00e1t t\u00e1mogat\u00f3 adminisztrat\u00edv feladatokat a Rektori Kabinet l\u00e1tja el.<\/p>\n\n<\/div><h2 class=\"tabtitle\">\u00dcgyrend<\/h2>\n<div class=\"tabcontent\">\n\n<div style=\"text-align: justify\"><strong>KFB \u00dcgyrendje<\/strong><\/div>\n<div style=\"text-align: justify\">\u00a0<\/div>\n<div style=\"text-align: justify\">A KFB az \u00fcgyrendj\u00e9t maga fogadja el.<\/div>\n<div style=\"text-align: justify\">\u00a0<\/div>\n<div style=\"text-align: justify\">A K\u00f6zhaszn\u00fas\u00e1gi Fel\u00fcgyel\u0151bizotts\u00e1g 16\/2023. (X. 19.) KFB hat\u00e1rozattal elfogadta \u00fcgyrendj\u00e9t. Az \u00fcgyrendnek az Egyetem fenntart\u00f3j\u00e1t \u00e9s annak Fel\u00fcgyel\u0151bizotts\u00e1g\u00e1t \u00e9rint\u0151 rendelkez\u00e9sei tekintet\u00e9ben a fenntart\u00f3 a 31\/2023. (XI.06.) sz\u00e1m\u00fa hat\u00e1rozat\u00e1val egyet\u00e9rt\u00e9s\u00e9t adta.<\/div>\n<div>\u00a0<\/div>\n<div><a href=\"https:\/\/semmelweis.hu\/jogigfoig\/files\/2024\/04\/KFB_Ugyrend_2023_12_04.pdf\">\u00dcgyrend let\u00f6lt\u00e9se<\/a><\/div>\n<div>\u00a0<\/div>\n<\/div><\/div>\n","protected":false},"excerpt":{"rendered":"<p>Semmelweis Egyetem K\u00f6zhaszn\u00fas\u00e1gi Fel\u00fcgyel\u0151bizotts\u00e1g \u00a0 A Semmelweis Egyetemen\u00a03 tag\u00fa k\u00f6zhaszn\u00fas\u00e1gi fel\u00fcgyel\u0151bizotts\u00e1g (a tov\u00e1bbiakban: KFB) m\u0171k\u00f6dik, amelynek tagjait a fenntart\u00f3 b\u00edzza meg, \u00e9s amely ellen\u0151rzi az Egyetem m\u0171k\u00f6d\u00e9s\u00e9t \u00e9s gazd\u00e1lkod\u00e1s\u00e1t. Ennek sor\u00e1n a magasabb vezet\u0151kt\u0151l \u00e9s vezet\u0151kt\u0151l jelent\u00e9st, a szervezet foglalkoztatottjait\u00f3l pedig t\u00e1j\u00e9koztat\u00e1st vagy felvil\u00e1gos\u00edt\u00e1st k\u00e9rhet, tov\u00e1bb\u00e1 a k\u00f6zhaszn\u00fa szervezet k\u00f6nyveibe \u00e9s irataiba betekinthet, azokat megvizsg\u00e1lhatja. &hellip;<\/p>\n","protected":false},"author":101095,"featured_media":0,"parent":10640,"menu_order":0,"comment_status":"closed","ping_status":"closed","template":"","meta":{"_acf_changed":false,"footnotes":""},"categories":[],"tags":[],"class_list":["post-84727","page","type-page","status-publish","hentry"],"acf":[],"_links":{"self":[{"href":"https:\/\/semmelweis.hu\/jogigfoig\/wp-json\/wp\/v2\/pages\/84727","targetHints":{"allow":["GET"]}}],"collection":[{"href":"https:\/\/semmelweis.hu\/jogigfoig\/wp-json\/wp\/v2\/pages"}],"about":[{"href":"https:\/\/semmelweis.hu\/jogigfoig\/wp-json\/wp\/v2\/types\/page"}],"author":[{"embeddable":true,"href":"https:\/\/semmelweis.hu\/jogigfoig\/wp-json\/wp\/v2\/users\/101095"}],"replies":[{"embeddable":true,"href":"https:\/\/semmelweis.hu\/jogigfoig\/wp-json\/wp\/v2\/comments?post=84727"}],"version-history":[{"count":10,"href":"https:\/\/semmelweis.hu\/jogigfoig\/wp-json\/wp\/v2\/pages\/84727\/revisions"}],"predecessor-version":[{"id":90082,"href":"https:\/\/semmelweis.hu\/jogigfoig\/wp-json\/wp\/v2\/pages\/84727\/revisions\/90082"}],"up":[{"embeddable":true,"href":"https:\/\/semmelweis.hu\/jogigfoig\/wp-json\/wp\/v2\/pages\/10640"}],"wp:attachment":[{"href":"https:\/\/semmelweis.hu\/jogigfoig\/wp-json\/wp\/v2\/media?parent=84727"}],"wp:term":[{"taxonomy":"category","embeddable":true,"href":"https:\/\/semmelweis.hu\/jogigfoig\/wp-json\/wp\/v2\/categories?post=84727"},{"taxonomy":"post_tag","embeddable":true,"href":"https:\/\/semmelweis.hu\/jogigfoig\/wp-json\/wp\/v2\/tags?post=84727"}],"curies":[{"name":"wp","href":"https:\/\/api.w.org\/{rel}","templated":true}]}}