{"id":8459,"date":"2017-07-12T10:29:22","date_gmt":"2017-07-12T08:29:22","guid":{"rendered":"http:\/\/semmelweis.hu\/jogigfoig\/?page_id=8459"},"modified":"2024-07-25T10:47:06","modified_gmt":"2024-07-25T08:47:06","slug":"2017-junius-29","status":"publish","type":"page","link":"https:\/\/semmelweis.hu\/jogigfoig\/testuletek\/szenatus\/2017-evi-szenatusi-hatarozatok\/2017-junius-29\/","title":{"rendered":"2017. j\u00fanius 29."},"content":{"rendered":"<ul>\n<li style=\"text-align: justify\"><a href=\"https:\/\/semmelweis.hu\/jogigfoig\/files\/2017\/07\/N_1_VI_29_2017_hatarozat.pdf\">N-1-VI. 29.\/2017. sz\u00e1m\u00fa hat\u00e1rozata a szen\u00e1tusi \u00fcl\u00e9s m\u00f3dos\u00edtott napirendi pontjainak elfogad\u00e1s\u00e1r\u00f3l<\/a><\/li>\n<li style=\"text-align: justify\"><a href=\"https:\/\/semmelweis.hu\/jogigfoig\/files\/2017\/07\/92_VI_29_2017_hatarozat.pdf\">92\/2017. (VI.29.) sz\u00e1m\u00fa hat\u00e1rozata az Eg\u00e9szs\u00e9g\u00fcgyi K\u00f6zszolg\u00e1lati Karhoz tartoz\u00f3 egyes k\u00e9pz\u00e9sek mintatanterveinek m\u00f3dos\u00edt\u00e1s\u00e1r\u00f3l<\/a><\/li>\n<li style=\"text-align: justify\"><a href=\"https:\/\/semmelweis.hu\/jogigfoig\/files\/2017\/07\/91_VI_29_2017_hatarozat.pdf\">91\/2017. (VI.29.) sz\u00e1m\u00fa hat\u00e1rozata az Eg\u00e9szs\u00e9gtudom\u00e1nyi Kar szak\/szakir\u00e1ny\/specializ\u00e1ci\u00f3 felel\u0151seinek, illetve egyes k\u00e9pz\u00e9sek munkarendj\u00e9nek m\u00f3dos\u00edt\u00e1s\u00e1r\u00f3l, valamint szakir\u00e1ny\u00fa tov\u00e1bbk\u00e9pz\u00e9sek kivezet\u00e9s\u00e9r\u0151l<\/a><\/li>\n<li style=\"text-align: justify\"><a href=\"https:\/\/semmelweis.hu\/jogigfoig\/files\/2017\/07\/90_VI_29_2017_hatarozat.pdf\">90\/2017. (VI . 29.) hat\u00e1rozata az \u00c1ltal\u00e1nos Orvostudom\u00e1nyi Kar Tanulm\u00e1nyi K\u00f6vetelm\u00e9nyrendszer\u00e9r\u0151l<\/a><\/li>\n<li style=\"text-align: justify\"><a href=\"https:\/\/semmelweis.hu\/jogigfoig\/files\/2017\/07\/89_VI_29_2017_hatarozat.pdf\">89\/2017. (VI.29.) sz\u00e1m\u00fa hat\u00e1rozata az Eg\u00e9szs\u00e9gtudom\u00e1nyi Kar tanterveinek \u00e9s el\u0151k\u00f6vetelm\u00e9nyi rendjeinek m\u00f3dos\u00edt\u00e1s\u00e1r\u00f3l<\/a><\/li>\n<li style=\"text-align: justify\"><a href=\"https:\/\/semmelweis.hu\/jogigfoig\/files\/2017\/07\/88_VI_29_2017_hatarozat.pdf\">88\/2017. (VI.29.) sz\u00e1m\u00fa hat\u00e1rozata a Semmelweis Tudom\u00e1nyos \u00e9s Innov\u00e1ci\u00f3s Alap 2017. \u00e9vi szabadon felhaszn\u00e1lhat\u00f3 keret\u00e9nek programstrat\u00e9gi\u00e1j\u00e1r\u00f3l<\/a><\/li>\n<li style=\"text-align: justify\"><a href=\"https:\/\/semmelweis.hu\/jogigfoig\/files\/2017\/07\/87_VI_29_2017_hatarozat.pdf\">87\/2017. (VI.29.) sz\u00e1m\u00fa hat\u00e1rozata az \u00c1ltal\u00e1nos Orvostudom\u00e1nyi Kar igazgat\u00f3i\/tansz\u00e9kvezet\u0151i megb\u00edz\u00e1saira be\u00e9rkezett p\u00e1ly\u00e1zatok v\u00e9lem\u00e9nyez\u00e9s\u00e9r\u0151l<\/a><\/li>\n<li style=\"text-align: justify\"><a href=\"https:\/\/semmelweis.hu\/jogigfoig\/files\/2017\/07\/86_VI_29_2017_hatarozat.pdf\">86\/2017. (VI . 29.) hat\u00e1rozata az \u00f3raad\u00f3 oktat\u00f3nak adom\u00e1nyozhat\u00f3 c\u00edm oda\u00edt\u00e9l\u00e9s\u00e9r\u0151l<\/a><\/li>\n<li style=\"text-align: justify\"><a href=\"https:\/\/semmelweis.hu\/jogigfoig\/files\/2017\/07\/85_VI_29_2017_hatarozat.pdf\">85\/2017. (VI. 29.) sz\u00e1m\u00fa hat\u00e1rozata az Eg\u00e9szs\u00e9gtudom\u00e1nyi Kar tansz\u00e9kvezet\u0151i megb\u00edz\u00e1saira be\u00e9rkezett p\u00e1ly\u00e1zatok v\u00e9lem\u00e9nyez\u00e9s\u00e9r\u0151l<\/a><\/li>\n<li style=\"text-align: justify\"><a href=\"https:\/\/semmelweis.hu\/jogigfoig\/files\/2017\/07\/84_VI_29_2017_hatarozat.pdf\">84\/2017. (VI. 29.) sz\u00e1m\u00fa hat\u00e1rozata az Eg\u00e9szs\u00e9g\u00fcgyi K\u00f6zszolg\u00e1lati Kar D\u00e9k\u00e1ni Hivatal hivatalvezet\u0151i megb\u00edz\u00e1s\u00e1ra be\u00e9rkezett p\u00e1ly\u00e1zat v\u00e9lem\u00e9nyez\u00e9s\u00e9r\u0151l<\/a><\/li>\n<li style=\"text-align: justify\"><a href=\"https:\/\/semmelweis.hu\/jogigfoig\/files\/2024\/07\/83_2017_VI_29_hatarozat.pdf\">83\/2017. (VI.29.) sz\u00e1m\u00fa hat\u00e1rozata a \u201eszervezeti \u00e9s m\u0171k\u00f6d\u00e9si szab\u00e1lyzat egyes rendelkez\u00e9seinek m\u00f3dos\u00edt\u00e1sa a Semmelweis Egyetem \u00e9s a Pet\u0151 Andr\u00e1s F\u0151iskola integr\u00e1ci\u00f3j\u00e1nak v\u00e9grehajt\u00e1sa \u00e9rdek\u00e9ben\u201d c\u00edm\u0171 el\u0151terjeszt\u00e9s elfogad\u00e1s\u00e1r\u00f3l<\/a><\/li>\n<li style=\"text-align: justify\"><a href=\"https:\/\/semmelweis.hu\/jogigfoig\/files\/2017\/07\/82_VI_29_2017_hatarozat.pdf\">82\/2017. (VI.29.) sz\u00e1m\u00fa hat\u00e1rozata a Kardiol\u00f3giai Tansz\u00e9ken meghirdetett egyetemi docensi \u00e1ll\u00e1shelyre be\u00e9rkezett p\u00e1ly\u00e1zat v\u00e9lem\u00e9nyez\u00e9s\u00e9r\u0151l<\/a><\/li>\n<li style=\"text-align: justify\"><a href=\"https:\/\/semmelweis.hu\/jogigfoig\/files\/2017\/07\/81_VI_29_2017_hatarozat.pdf\">81\/2017. (VI. 29.) sz\u00e1m\u00fa hat\u00e1rozata az Egyetemi Es\u00e9lyegyenl\u0151s\u00e9gi Bizotts\u00e1g szem\u00e9lyi \u00f6sszet\u00e9tel\u00e9r\u0151l<\/a><\/li>\n<li style=\"text-align: justify\"><a href=\"https:\/\/semmelweis.hu\/jogigfoig\/files\/2017\/07\/80_VI_29_2017_hatarozat.pdf\">80\/2017 (VI. 29.) sz\u00e1m\u00fa hat\u00e1rozata a 2017. \u00e9vi Jendrassik Ern\u0151 jutalomd\u00edj adom\u00e1nyoz\u00e1s\u00e1r\u00f3l<\/a><\/li>\n<li style=\"text-align: justify\"><a href=\"https:\/\/semmelweis.hu\/jogigfoig\/files\/2017\/07\/79_VI_29_2017_hatarozat.pdf\">79\/2017. (VI. 29.) sz\u00e1m\u00fa hat\u00e1rozata a 2017. \u00e9vi Huzella Tivadar jutalomd\u00edj adom\u00e1nyoz\u00e1s\u00e1r\u00f3l<\/a><\/li>\n<li style=\"text-align: justify\"><a href=\"https:\/\/semmelweis.hu\/jogigfoig\/files\/2017\/07\/78_VI_29_2017_hatarozat.pdf\">78\/2017. (VI. 29.) sz\u00e1m\u00fa hat\u00e1rozata a 2017. \u00e9vi Hugonnai Vilma jutalomd\u00edj adom\u00e1nyoz\u00e1s\u00e1r\u00f3l<\/a><\/li>\n<li style=\"text-align: justify\"><a href=\"https:\/\/semmelweis.hu\/jogigfoig\/files\/2017\/07\/77_VI_29_2017_hatarozat.pdf\">77\/2017. (VI. 29.) sz\u00e1m\u00fa hat\u00e1rozata a 2017. \u00e9vi Semmelweis Ign\u00e1c jutalomd\u00edj adom\u00e1nyoz\u00e1s\u00e1r\u00f3l<\/a><\/li>\n<li style=\"text-align: justify\"><a href=\"https:\/\/semmelweis.hu\/jogigfoig\/files\/2017\/07\/76_VI_29_2017_hatarozat.pdf\">76\/2017 (VI. 29.) sz\u00e1m\u00fa hat\u00e1rozata a 2017. \u00e9vi Semmelweis Budapest Award nemzetk\u00f6zi d\u00edj adom\u00e1nyoz\u00e1s\u00e1r\u00f3l<\/a><\/li>\n<li style=\"text-align: justify\"><a href=\"https:\/\/semmelweis.hu\/jogigfoig\/files\/2017\/07\/75_VI_29_2017_hatarozat.pdf\">75\/2017 (VI.29.) sz\u00e1m\u00fa hat\u00e1rozata a Semmelweis Egyetem 2017. \u00e9vi Vagyongazd\u00e1lkod\u00e1si terv c\u00edm\u0171 el\u0151terjeszt\u00e9s elfogad\u00e1s\u00e1r\u00f3l<\/a><\/li>\n<li style=\"text-align: justify\"><a href=\"https:\/\/semmelweis.hu\/jogigfoig\/files\/2017\/07\/74_VI_29_2017_hatarozat.pdf\">74\/2017 (VI. 29.) sz\u00e1m\u00fa hat\u00e1rozata a Doctor Honoris Causa c\u00edm adom\u00e1nyoz\u00e1s\u00e1r\u00f3l<\/a><\/li>\n<li style=\"text-align: justify\"><a href=\"https:\/\/semmelweis.hu\/jogigfoig\/files\/2017\/07\/73_VI_29_2017_hatarozat.pdf\">73\/2017. (VI. 29.) sz\u00e1m\u00fa hat\u00e1rozata a munkav\u00e9delmi \u00e9rdekegyeztetet\u00e9s szervezetrendszer\u00e9nek szab\u00e1lyoz\u00e1sa c\u00e9lj\u00e1b\u00f3l Semmelweis Egyetem Szervezeti \u00e9s M\u0171k\u00f6d\u00e9si Szab\u00e1lyzat\u00e1nak m\u00f3dos\u00edt\u00e1s\u00e1r\u00f3l<\/a><\/li>\n<li style=\"text-align: justify\"><a href=\"https:\/\/semmelweis.hu\/jogigfoig\/files\/2017\/07\/72_VI_29_2017_hatarozat.pdf\">72\/2017 (VI.29.) sz\u00e1m\u00fa hat\u00e1rozata a Szervezeti \u00e9s M\u0171k\u00f6d\u00e9si Szab\u00e1lyzat egyes rendelkez\u00e9seinek m\u00f3dos\u00edt\u00e1s\u00e1r\u00f3l c\u00edm\u0171 el\u0151terjeszt\u00e9s elfogad\u00e1s\u00e1r\u00f3l<\/a><\/li>\n<li style=\"text-align: justify\"><a href=\"https:\/\/semmelweis.hu\/jogigfoig\/files\/2017\/07\/71_VI_29_2017_hatarozat.pdf\">71\/2017. (VI.29.) sz\u00e1m\u00fa hat\u00e1rozata a \u201eszervezeti \u00e9s m\u0171k\u00f6d\u00e9si szab\u00e1lyzat egyes rendelkez\u00e9seinek m\u00f3dos\u00edt\u00e1sa\u201d c\u00edm\u0171 el\u0151terjeszt\u00e9s elfogad\u00e1s\u00e1r\u00f3l<\/a><\/li>\n<li style=\"text-align: justify\"><a href=\"https:\/\/semmelweis.hu\/jogigfoig\/files\/2017\/07\/70_VI_29_2017_hatarozat.pdf\">70\/2017. (VI.29.) hat\u00e1rozata Javaslat a Semmelweis Egyetemen m\u0171k\u00f6d\u0151 konziszt\u00f3rium deleg\u00e1lt tagja vonatkoz\u00e1s\u00e1ban<\/a><\/li>\n<\/ul>\n","protected":false},"excerpt":{"rendered":"<p><a href=\"https:\/\/semmelweis.hu\/jogigfoig\/files\/2017\/07\/N_1_VI_29_2017_hatarozat.pdf\">N-1-VI. 29.\/2017. sz\u00e1m\u00fa hat\u00e1rozata a szen\u00e1tusi \u00fcl\u00e9s m\u00f3dos\u00edtott napirendi pontjainak elfogad\u00e1s\u00e1r\u00f3l<\/a><br \/>\n<a href=\"https:\/\/semmelweis.hu\/jogigfoig\/files\/2017\/07\/92_VI_29_2017_hatarozat.pdf\">92\/2017. (VI.29.) sz\u00e1m\u00fa hat\u00e1rozata az Eg\u00e9szs\u00e9g\u00fcgyi K\u00f6zszolg\u00e1lati Karhoz tartoz\u00f3 egyes k\u00e9pz\u00e9sek mintatanterveinek m\u00f3dos\u00edt\u00e1s\u00e1r\u00f3l<\/a><br \/>\n<a href=\"https:\/\/semmelweis.hu\/jogigfoig\/files\/2017\/07\/91_VI_29_2017_hatarozat.pdf\">91\/2017. (VI.29.) sz\u00e1m\u00fa hat\u00e1rozata az Eg\u00e9szs\u00e9gtudom\u00e1nyi Kar szak\/szakir\u00e1ny\/specializ\u00e1ci\u00f3 felel\u0151seinek, illetve egyes k\u00e9pz\u00e9sek munkarendj\u00e9nek m\u00f3dos\u00edt\u00e1s\u00e1r\u00f3l, valamint szakir\u00e1ny\u00fa tov\u00e1bbk\u00e9pz\u00e9sek kivezet\u00e9s\u00e9r\u0151l<\/a><br \/>\n<a href=\"https:\/\/semmelweis.hu\/jogigfoig\/files\/2017\/07\/90_VI_29_2017_hatarozat.pdf\">90\/2017. (VI . 29.) hat\u00e1rozata az \u00c1ltal\u00e1nos Orvostudom\u00e1nyi Kar Tanulm\u00e1nyi K\u00f6vetelm\u00e9nyrendszer\u00e9r\u0151l<\/a><br \/>\n<a href=\"https:\/\/semmelweis.hu\/jogigfoig\/files\/2017\/07\/89_VI_29_2017_hatarozat.pdf\">89\/2017. (VI.29.) sz\u00e1m\u00fa hat\u00e1rozata az Eg\u00e9szs\u00e9gtudom\u00e1nyi Kar tanterveinek \u00e9s el\u0151k\u00f6vetelm\u00e9nyi rendjeinek m\u00f3dos\u00edt\u00e1s\u00e1r\u00f3l<\/a><br \/>\n<a href=\"https:\/\/semmelweis.hu\/jogigfoig\/files\/2017\/07\/88_VI_29_2017_hatarozat.pdf\">88\/2017. (VI.29.) sz\u00e1m\u00fa hat\u00e1rozata a Semmelweis Tudom\u00e1nyos \u00e9s Innov\u00e1ci\u00f3s Alap 2017. \u00e9vi szabadon felhaszn\u00e1lhat\u00f3 keret\u00e9nek programstrat\u00e9gi\u00e1j\u00e1r\u00f3l<\/a><br \/>\n<a href=\"https:\/\/semmelweis.hu\/jogigfoig\/files\/2017\/07\/87_VI_29_2017_hatarozat.pdf\">87\/2017. (VI.29.) sz\u00e1m\u00fa hat\u00e1rozata az \u00c1ltal\u00e1nos Orvostudom\u00e1nyi Kar igazgat\u00f3i\/tansz\u00e9kvezet\u0151i megb\u00edz\u00e1saira be\u00e9rkezett p\u00e1ly\u00e1zatok v\u00e9lem\u00e9nyez\u00e9s\u00e9r\u0151l<\/a><br \/>\n<a href=\"https:\/\/semmelweis.hu\/jogigfoig\/files\/2017\/07\/86_VI_29_2017_hatarozat.pdf\">86\/2017. (VI . 29.) hat\u00e1rozata az \u00f3raad\u00f3 oktat\u00f3nak adom\u00e1nyozhat\u00f3 c\u00edm oda\u00edt\u00e9l\u00e9s\u00e9r\u0151l<\/a><br \/>\n<a href=\"https:\/\/semmelweis.hu\/jogigfoig\/files\/2017\/07\/85_VI_29_2017_hatarozat.pdf\">85\/2017. (VI. 29.) sz\u00e1m\u00fa hat\u00e1rozata az Eg\u00e9szs\u00e9gtudom\u00e1nyi Kar tansz\u00e9kvezet\u0151i megb\u00edz\u00e1saira be\u00e9rkezett p\u00e1ly\u00e1zatok v\u00e9lem\u00e9nyez\u00e9s\u00e9r\u0151l<\/a><br \/>\n<a href=\"https:\/\/semmelweis.hu\/jogigfoig\/files\/2017\/07\/84_VI_29_2017_hatarozat.pdf\">84\/2017. (VI. 29.) sz\u00e1m\u00fa hat\u00e1rozata az Eg\u00e9szs\u00e9g\u00fcgyi K\u00f6zszolg\u00e1lati Kar D\u00e9k\u00e1ni Hivatal hivatalvezet\u0151i megb\u00edz\u00e1s\u00e1ra be\u00e9rkezett p\u00e1ly\u00e1zat v\u00e9lem\u00e9nyez\u00e9s\u00e9r\u0151l<\/a><br \/>\n<a href=\"https:\/\/semmelweis.hu\/jogigfoig\/files\/2024\/07\/83_2017_VI_29_hatarozat.pdf\">83\/2017. (VI.29.) sz\u00e1m\u00fa hat\u00e1rozata a \u201eszervezeti \u00e9s m\u0171k\u00f6d\u00e9si szab\u00e1lyzat egyes rendelkez\u00e9seinek m\u00f3dos\u00edt\u00e1sa a Semmelweis Egyetem \u00e9s a Pet\u0151 Andr\u00e1s F\u0151iskola integr\u00e1ci\u00f3j\u00e1nak v\u00e9grehajt\u00e1sa \u00e9rdek\u00e9ben\u201d c\u00edm\u0171 el\u0151terjeszt\u00e9s elfogad\u00e1s\u00e1r\u00f3l<\/a><br \/>\n<a href=\"https:\/\/semmelweis.hu\/jogigfoig\/files\/2017\/07\/82_VI_29_2017_hatarozat.pdf\">82\/2017. (VI.29.) sz\u00e1m\u00fa hat\u00e1rozata a Kardiol\u00f3giai Tansz\u00e9ken meghirdetett egyetemi docensi \u00e1ll\u00e1shelyre be\u00e9rkezett p\u00e1ly\u00e1zat v\u00e9lem\u00e9nyez\u00e9s\u00e9r\u0151l<\/a><br \/>\n<a href=\"https:\/\/semmelweis.hu\/jogigfoig\/files\/2017\/07\/81_VI_29_2017_hatarozat.pdf\">81\/2017. (VI. 29.) sz\u00e1m\u00fa hat\u00e1rozata az Egyetemi Es\u00e9lyegyenl\u0151s\u00e9gi Bizotts\u00e1g szem\u00e9lyi \u00f6sszet\u00e9tel\u00e9r\u0151l<\/a><br \/>\n<a href=\"https:\/\/semmelweis.hu\/jogigfoig\/files\/2017\/07\/80_VI_29_2017_hatarozat.pdf\">80\/2017 (VI. 29.) sz\u00e1m\u00fa hat\u00e1rozata a 2017. \u00e9vi Jendrassik Ern\u0151 jutalomd\u00edj adom\u00e1nyoz\u00e1s\u00e1r\u00f3l<\/a><br \/>\n<a href=\"https:\/\/semmelweis.hu\/jogigfoig\/files\/2017\/07\/79_VI_29_2017_hatarozat.pdf\">79\/2017. (VI. 29.) sz\u00e1m\u00fa hat\u00e1rozata a 2017. \u00e9vi Huzella Tivadar jutalomd\u00edj adom\u00e1nyoz\u00e1s\u00e1r\u00f3l<\/a><br \/>\n<a href=\"https:\/\/semmelweis.hu\/jogigfoig\/files\/2017\/07\/78_VI_29_2017_hatarozat.pdf\">78\/2017. (VI. 29.) sz\u00e1m\u00fa hat\u00e1rozata a 2017. \u00e9vi Hugonnai Vilma jutalomd\u00edj adom\u00e1nyoz\u00e1s\u00e1r\u00f3l<\/a><br \/>\n<a href=\"https:\/\/semmelweis.hu\/jogigfoig\/files\/2017\/07\/77_VI_29_2017_hatarozat.pdf\">77\/2017. (VI. 29.) sz\u00e1m\u00fa hat\u00e1rozata a 2017. \u00e9vi Semmelweis Ign\u00e1c jutalomd\u00edj adom\u00e1nyoz\u00e1s\u00e1r\u00f3l<\/a><br \/>\n<a href=\"https:\/\/semmelweis.hu\/jogigfoig\/files\/2017\/07\/76_VI_29_2017_hatarozat.pdf\">76\/2017 (VI. 29.) sz\u00e1m\u00fa hat\u00e1rozata a 2017. \u00e9vi Semmelweis Budapest Award nemzetk\u00f6zi d\u00edj adom\u00e1nyoz\u00e1s\u00e1r\u00f3l<\/a><br \/>\n<a href=\"https:\/\/semmelweis.hu\/jogigfoig\/files\/2017\/07\/75_VI_29_2017_hatarozat.pdf\">75\/2017 (VI.29.) sz\u00e1m\u00fa hat\u00e1rozata a Semmelweis Egyetem 2017. \u00e9vi Vagyongazd\u00e1lkod\u00e1si terv c\u00edm\u0171 el\u0151terjeszt\u00e9s elfogad\u00e1s\u00e1r\u00f3l<\/a><br \/>\n<a href=\"https:\/\/semmelweis.hu\/jogigfoig\/files\/2017\/07\/74_VI_29_2017_hatarozat.pdf\">74\/2017 (VI. 29.) sz\u00e1m\u00fa hat\u00e1rozata a Doctor Honoris Causa c\u00edm adom\u00e1nyoz\u00e1s\u00e1r\u00f3l<\/a><br \/>\n<a href=\"https:\/\/semmelweis.hu\/jogigfoig\/files\/2017\/07\/73_VI_29_2017_hatarozat.pdf\">73\/2017. (VI. 29.) sz\u00e1m\u00fa hat\u00e1rozata a munkav\u00e9delmi \u00e9rdekegyeztetet\u00e9s szervezetrendszer\u00e9nek szab\u00e1lyoz\u00e1sa c\u00e9lj\u00e1b\u00f3l Semmelweis Egyetem Szervezeti \u00e9s M\u0171k\u00f6d\u00e9si Szab\u00e1lyzat\u00e1nak m\u00f3dos\u00edt\u00e1s\u00e1r\u00f3l<\/a><br \/>\n<a href=\"https:\/\/semmelweis.hu\/jogigfoig\/files\/2017\/07\/72_VI_29_2017_hatarozat.pdf\">72\/2017 (VI.29.) sz\u00e1m\u00fa hat\u00e1rozata a Szervezeti \u00e9s M\u0171k\u00f6d\u00e9si Szab\u00e1lyzat egyes rendelkez\u00e9seinek m\u00f3dos\u00edt\u00e1s\u00e1r\u00f3l c\u00edm\u0171 el\u0151terjeszt\u00e9s elfogad\u00e1s\u00e1r\u00f3l<\/a><br \/>\n<a href=\"https:\/\/semmelweis.hu\/jogigfoig\/files\/2017\/07\/71_VI_29_2017_hatarozat.pdf\">71\/2017. (VI.29.) sz\u00e1m\u00fa hat\u00e1rozata a \u201eszervezeti \u00e9s m\u0171k\u00f6d\u00e9si szab\u00e1lyzat egyes rendelkez\u00e9seinek m\u00f3dos\u00edt\u00e1sa\u201d c\u00edm\u0171 el\u0151terjeszt\u00e9s elfogad\u00e1s\u00e1r\u00f3l<\/a><br \/>\n<a href=\"https:\/\/semmelweis.hu\/jogigfoig\/files\/2017\/07\/70_VI_29_2017_hatarozat.pdf\">70\/2017. (VI.29.) hat\u00e1rozata Javaslat a Semmelweis Egyetemen m\u0171k\u00f6d\u0151 konziszt\u00f3rium deleg\u00e1lt tagja vonatkoz\u00e1s\u00e1ban<\/a><\/p>\n","protected":false},"author":101117,"featured_media":0,"parent":7832,"menu_order":8,"comment_status":"closed","ping_status":"closed","template":"","meta":{"_acf_changed":false,"footnotes":""},"categories":[],"tags":[],"class_list":["post-8459","page","type-page","status-publish","hentry"],"acf":[],"_links":{"self":[{"href":"https:\/\/semmelweis.hu\/jogigfoig\/wp-json\/wp\/v2\/pages\/8459","targetHints":{"allow":["GET"]}}],"collection":[{"href":"https:\/\/semmelweis.hu\/jogigfoig\/wp-json\/wp\/v2\/pages"}],"about":[{"href":"https:\/\/semmelweis.hu\/jogigfoig\/wp-json\/wp\/v2\/types\/page"}],"author":[{"embeddable":true,"href":"https:\/\/semmelweis.hu\/jogigfoig\/wp-json\/wp\/v2\/users\/101117"}],"replies":[{"embeddable":true,"href":"https:\/\/semmelweis.hu\/jogigfoig\/wp-json\/wp\/v2\/comments?post=8459"}],"version-history":[{"count":8,"href":"https:\/\/semmelweis.hu\/jogigfoig\/wp-json\/wp\/v2\/pages\/8459\/revisions"}],"predecessor-version":[{"id":91043,"href":"https:\/\/semmelweis.hu\/jogigfoig\/wp-json\/wp\/v2\/pages\/8459\/revisions\/91043"}],"up":[{"embeddable":true,"href":"https:\/\/semmelweis.hu\/jogigfoig\/wp-json\/wp\/v2\/pages\/7832"}],"wp:attachment":[{"href":"https:\/\/semmelweis.hu\/jogigfoig\/wp-json\/wp\/v2\/media?parent=8459"}],"wp:term":[{"taxonomy":"category","embeddable":true,"href":"https:\/\/semmelweis.hu\/jogigfoig\/wp-json\/wp\/v2\/categories?post=8459"},{"taxonomy":"post_tag","embeddable":true,"href":"https:\/\/semmelweis.hu\/jogigfoig\/wp-json\/wp\/v2\/tags?post=8459"}],"curies":[{"name":"wp","href":"https:\/\/api.w.org\/{rel}","templated":true}]}}