{"id":84508,"date":"2022-08-09T13:42:42","date_gmt":"2022-08-09T11:42:42","guid":{"rendered":"https:\/\/semmelweis.hu\/jogigfoig\/?page_id=84508"},"modified":"2025-08-08T09:13:42","modified_gmt":"2025-08-08T07:13:42","slug":"klinikai-kutatasok-vizsgalatok-szabalyzata","status":"publish","type":"page","link":"https:\/\/semmelweis.hu\/jogigfoig\/dokumentumtar\/szabalyzattar\/klinikai-kutatasok-vizsgalatok-szabalyzata\/","title":{"rendered":"Klinikai kutat\u00e1sok-vizsg\u00e1latok szab\u00e1lyzata"},"content":{"rendered":"<p><strong>A szab\u00e1lyzat aktu\u00e1lis v\u00e1ltozata: <\/strong><a href=\"https:\/\/semmelweis.hu\/jogigfoig\/files\/2024\/10\/Klinikai_kutatasok_vizsgalatok_szabalyzata_hataly_2024.XI_.01-tol.pdf\">Klinikai kutat\u00e1sok-vizsg\u00e1latok szab\u00e1lyzata<\/a><\/p>\n<p><strong>Englis version:<\/strong> <a href=\"https:\/\/semmelweis.hu\/jogigfoig\/files\/2024\/11\/Klinikai_kutatasok_vizsgalatok_szabalyzata_hataly_2024.11.01_eng.pdf\">Policy for Clinical Researches and Trials<\/a><\/p>\n<p><strong>Deutsche Version:<\/strong> <a href=\"https:\/\/semmelweis.hu\/jogigfoig\/files\/2024\/11\/Klinikai_kutatasok_vizsgalatok_szabalyzata_hataly_2024.11.01_ger.pdf\">Regelung f\u00fcr klinische Forschungen und Versuche<\/a><\/p>\n<p><strong>Elfogad\u00e1s\u00e1r\u00f3l rendelkez\u0151 hat\u00e1rozat: <\/strong><a href=\"https:\/\/semmelweis.hu\/jogigfoig\/files\/2024\/07\/53_2024_Klinikai-kutatasok-vizsgalatok-szabalyzata_mod.pdf\">53\/2024. (VI.27.)<\/a><strong><br \/>\n<\/strong><strong>Hat\u00e1rozat t\u00edpusa:<\/strong>\u00a0Szen\u00e1tusi<br \/>\n<strong>Hat\u00e1ly: <\/strong>2024.XI.01.<\/p>\n","protected":false},"excerpt":{"rendered":"<p>A szab\u00e1lyzat aktu\u00e1lis v\u00e1ltozata: <a href=\"https:\/\/semmelweis.hu\/jogigfoig\/files\/2024\/10\/Klinikai_kutatasok_vizsgalatok_szabalyzata_hataly_2024.XI_.01-tol.pdf\">Klinikai kutat\u00e1sok-vizsg\u00e1latok szab\u00e1lyzata<\/a><br \/>\nEnglis version: <a href=\"https:\/\/semmelweis.hu\/jogigfoig\/files\/2024\/11\/Klinikai_kutatasok_vizsgalatok_szabalyzata_hataly_2024.11.01_eng.pdf\">Policy for Clinical Researches and Trials<\/a><br \/>\nDeutsche Version: <a href=\"https:\/\/semmelweis.hu\/jogigfoig\/files\/2024\/11\/Klinikai_kutatasok_vizsgalatok_szabalyzata_hataly_2024.11.01_ger.pdf\">Regelung f\u00fcr klinische Forschungen und Versuche<\/a><br \/>\nElfogad\u00e1s\u00e1r\u00f3l rendelkez\u0151 hat\u00e1rozat: <a href=\"https:\/\/semmelweis.hu\/jogigfoig\/files\/2024\/07\/53_2024_Klinikai-kutatasok-vizsgalatok-szabalyzata_mod.pdf\">53\/2024. (VI.27.)<\/a><br \/>\nHat\u00e1rozat t\u00edpusa:\u00a0Szen\u00e1tusi<br \/>\nHat\u00e1ly: 2024.XI.01.<\/p>\n","protected":false},"author":101467,"featured_media":0,"parent":41,"menu_order":0,"comment_status":"closed","ping_status":"closed","template":"","meta":{"_acf_changed":false,"footnotes":""},"categories":[],"tags":[],"class_list":["post-84508","page","type-page","status-publish","hentry"],"acf":[],"_links":{"self":[{"href":"https:\/\/semmelweis.hu\/jogigfoig\/wp-json\/wp\/v2\/pages\/84508","targetHints":{"allow":["GET"]}}],"collection":[{"href":"https:\/\/semmelweis.hu\/jogigfoig\/wp-json\/wp\/v2\/pages"}],"about":[{"href":"https:\/\/semmelweis.hu\/jogigfoig\/wp-json\/wp\/v2\/types\/page"}],"author":[{"embeddable":true,"href":"https:\/\/semmelweis.hu\/jogigfoig\/wp-json\/wp\/v2\/users\/101467"}],"replies":[{"embeddable":true,"href":"https:\/\/semmelweis.hu\/jogigfoig\/wp-json\/wp\/v2\/comments?post=84508"}],"version-history":[{"count":10,"href":"https:\/\/semmelweis.hu\/jogigfoig\/wp-json\/wp\/v2\/pages\/84508\/revisions"}],"predecessor-version":[{"id":94689,"href":"https:\/\/semmelweis.hu\/jogigfoig\/wp-json\/wp\/v2\/pages\/84508\/revisions\/94689"}],"up":[{"embeddable":true,"href":"https:\/\/semmelweis.hu\/jogigfoig\/wp-json\/wp\/v2\/pages\/41"}],"wp:attachment":[{"href":"https:\/\/semmelweis.hu\/jogigfoig\/wp-json\/wp\/v2\/media?parent=84508"}],"wp:term":[{"taxonomy":"category","embeddable":true,"href":"https:\/\/semmelweis.hu\/jogigfoig\/wp-json\/wp\/v2\/categories?post=84508"},{"taxonomy":"post_tag","embeddable":true,"href":"https:\/\/semmelweis.hu\/jogigfoig\/wp-json\/wp\/v2\/tags?post=84508"}],"curies":[{"name":"wp","href":"https:\/\/api.w.org\/{rel}","templated":true}]}}