{"id":84013,"date":"2022-06-13T10:36:32","date_gmt":"2022-06-13T08:36:32","guid":{"rendered":"https:\/\/semmelweis.hu\/jogigfoig\/?page_id=84013"},"modified":"2022-11-21T14:45:07","modified_gmt":"2022-11-21T13:45:07","slug":"2022-junius-9","status":"publish","type":"page","link":"https:\/\/semmelweis.hu\/jogigfoig\/testuletek\/szenatus\/2022-evi-szenatusi-hatarozatok\/2022-junius-9\/","title":{"rendered":"2022. j\u00fanius 9."},"content":{"rendered":"<p style=\"text-align: justify\"><a href=\"https:\/\/semmelweis.hu\/jogigfoig\/files\/2022\/06\/42_2022_Szabalyzatok-konyve-II.-utem_e_szavazas.pdf\">A Semmelweis Egyetem\u00a0Szen\u00e1tus\u00e1nak\u00a042.\/2022. (VI.09.) sz\u00e1m\u00fa hat\u00e1rozata\u00a0a Szab\u00e1lyzatok k\u00f6nyve II. \u00fctem c\u00edm\u0171 el\u0151terjeszt\u00e9sr\u0151l<\/a><\/p>\n<p style=\"text-align: justify\"><a href=\"https:\/\/semmelweis.hu\/jogigfoig\/files\/2022\/06\/42_2022_mellekletek.zip\">A Semmelweis Egyetem Szen\u00e1tus\u00e1nak 42.\/2022. (VI.09.) sz\u00e1m\u00fa hat\u00e1rozata a Szab\u00e1lyzatok k\u00f6nyve II. \u00fctem c\u00edm\u0171 el\u0151terjeszt\u00e9sr\u0151l &#8211; Mell\u00e9kletek<\/a><\/p>\n<p style=\"text-align: justify\"><a href=\"https:\/\/semmelweis.hu\/jogigfoig\/files\/2022\/06\/43_2022_Hamzsa-Office_megszerzese_B52_e_szavazas.pdf\">A Semmelweis Egyetem\u00a0Szen\u00e1tus\u00e1nak\u00a043\/2022. (VI.09.) sz\u00e1m\u00fa hat\u00e1rozata\u00a0a Hamzsa-Office Ingatlanfejleszt\u00e9si \u00e9s -hasznos\u00edt\u00e1si\u00a0Korl\u00e1tolt Felel\u0151ss\u00e9g\u0171 T\u00e1rsas\u00e1g 100%-os \u00fczletr\u00e9sz\u00e9nek megszerz\u00e9s\u00e9r\u0151l<\/a><\/p>\n","protected":false},"excerpt":{"rendered":"<p><a href=\"https:\/\/semmelweis.hu\/jogigfoig\/files\/2022\/06\/42_2022_Szabalyzatok-konyve-II.-utem_e_szavazas.pdf\">A Semmelweis Egyetem\u00a0Szen\u00e1tus\u00e1nak\u00a042.\/2022. (VI.09.) sz\u00e1m\u00fa hat\u00e1rozata\u00a0a Szab\u00e1lyzatok k\u00f6nyve II. \u00fctem c\u00edm\u0171 el\u0151terjeszt\u00e9sr\u0151l<\/a><br \/>\n<a href=\"https:\/\/semmelweis.hu\/jogigfoig\/files\/2022\/06\/42_2022_mellekletek.zip\">A Semmelweis Egyetem Szen\u00e1tus\u00e1nak 42.\/2022. (VI.09.) sz\u00e1m\u00fa hat\u00e1rozata a Szab\u00e1lyzatok k\u00f6nyve II. \u00fctem c\u00edm\u0171 el\u0151terjeszt\u00e9sr\u0151l &#8211; Mell\u00e9kletek<\/a><br \/>\n<a href=\"https:\/\/semmelweis.hu\/jogigfoig\/files\/2022\/06\/43_2022_Hamzsa-Office_megszerzese_B52_e_szavazas.pdf\">A Semmelweis Egyetem\u00a0Szen\u00e1tus\u00e1nak\u00a043\/2022. (VI.09.) sz\u00e1m\u00fa hat\u00e1rozata\u00a0a Hamzsa-Office Ingatlanfejleszt\u00e9si \u00e9s -hasznos\u00edt\u00e1si\u00a0Korl\u00e1tolt Felel\u0151ss\u00e9g\u0171 T\u00e1rsas\u00e1g 100%-os \u00fczletr\u00e9sz\u00e9nek megszerz\u00e9s\u00e9r\u0151l<\/a><\/p>\n","protected":false},"author":101467,"featured_media":0,"parent":82992,"menu_order":6,"comment_status":"closed","ping_status":"closed","template":"","meta":{"_acf_changed":false,"footnotes":""},"categories":[],"tags":[],"class_list":["post-84013","page","type-page","status-publish","hentry"],"acf":[],"_links":{"self":[{"href":"https:\/\/semmelweis.hu\/jogigfoig\/wp-json\/wp\/v2\/pages\/84013","targetHints":{"allow":["GET"]}}],"collection":[{"href":"https:\/\/semmelweis.hu\/jogigfoig\/wp-json\/wp\/v2\/pages"}],"about":[{"href":"https:\/\/semmelweis.hu\/jogigfoig\/wp-json\/wp\/v2\/types\/page"}],"author":[{"embeddable":true,"href":"https:\/\/semmelweis.hu\/jogigfoig\/wp-json\/wp\/v2\/users\/101467"}],"replies":[{"embeddable":true,"href":"https:\/\/semmelweis.hu\/jogigfoig\/wp-json\/wp\/v2\/comments?post=84013"}],"version-history":[{"count":1,"href":"https:\/\/semmelweis.hu\/jogigfoig\/wp-json\/wp\/v2\/pages\/84013\/revisions"}],"predecessor-version":[{"id":84017,"href":"https:\/\/semmelweis.hu\/jogigfoig\/wp-json\/wp\/v2\/pages\/84013\/revisions\/84017"}],"up":[{"embeddable":true,"href":"https:\/\/semmelweis.hu\/jogigfoig\/wp-json\/wp\/v2\/pages\/82992"}],"wp:attachment":[{"href":"https:\/\/semmelweis.hu\/jogigfoig\/wp-json\/wp\/v2\/media?parent=84013"}],"wp:term":[{"taxonomy":"category","embeddable":true,"href":"https:\/\/semmelweis.hu\/jogigfoig\/wp-json\/wp\/v2\/categories?post=84013"},{"taxonomy":"post_tag","embeddable":true,"href":"https:\/\/semmelweis.hu\/jogigfoig\/wp-json\/wp\/v2\/tags?post=84013"}],"curies":[{"name":"wp","href":"https:\/\/api.w.org\/{rel}","templated":true}]}}