{"id":83417,"date":"2022-03-07T10:11:45","date_gmt":"2022-03-07T09:11:45","guid":{"rendered":"https:\/\/semmelweis.hu\/jogigfoig\/?page_id=83417"},"modified":"2023-02-17T09:05:04","modified_gmt":"2023-02-17T08:05:04","slug":"egyedi-adatkezelesi-tajekoztato-jogi-es-igazgatasi-foigazgatosag","status":"publish","type":"page","link":"https:\/\/semmelweis.hu\/jogigfoig\/adatvedelem-betegjog\/adatkezelesi-tajekoztatok\/egyedi-adatkezelesi-tajekoztato-jogi-es-igazgatasi-foigazgatosag\/","title":{"rendered":"Egyedi adatkezel\u00e9si t\u00e1j\u00e9koztat\u00f3 &#8211; Jogi \u00e9s Igazgat\u00e1si F\u0151igazgat\u00f3s\u00e1g"},"content":{"rendered":"<p style=\"text-align: center\"><b>A JOGI \u00c9S IGAZGAT\u00c1SI F\u0150IGAZGAT\u00d3S\u00c1G <\/b><strong>\u00c1LTAL V\u00c9GZETT SZEM\u00c9LYES ADATKEZEL\u00c9SSEL KAPCSOLATOS INFORM\u00c1CI\u00d3K EL\u00c9RHET\u0150S\u00c9GE<\/strong><\/p>\n<p>&nbsp;<\/p>\n<p style=\"text-align: justify\"><strong>Jogi \u00e9s Igazgat\u00e1si F\u0151igazgat\u00f3s\u00e1g<\/strong> \u2013 adatkezel\u00e9si t\u00e1j\u00e9koztat\u00f3ja: <br \/>\n<a href=\"https:\/\/semmelweis.hu\/jogigfoig\/files\/2023\/02\/SKM_C22723021615520.pdf\">Erre a linkre kattintva let\u00f6lthet\u0151<\/a><\/p>\n<p style=\"text-align: justify\">1.1. Az adatkezel\u0151nek <strong>a JIF f\u0151igazgat\u00f3j\u00e1nak k\u00f6zvetlen al\u00e1rendelts\u00e9g\u00e9ben m\u0171k\u00f6d\u0151 munkat\u00e1rsak <\/strong>feladataival \u00f6sszef\u00fcgg\u0151 adatkezel\u00e9sekkel kapcsolatos inform\u00e1ci\u00f3k el\u00e9rhet\u0151s\u00e9ge: <br \/>\n<a href=\"https:\/\/semmelweis.hu\/jogigfoig\/files\/2023\/02\/Adatkezelesi-nyilvantartas-JIF-Foigazgato-kozvetlen-2023-02.16..xlsx\">Erre a linkre kattintva let\u00f6lthet\u0151<\/a><\/p>\n<p style=\"text-align: justify\">1.2. Az adatkezel\u0151 <strong>Jogi Igazgat\u00f3s\u00e1gnak <\/strong>feladataival \u00f6sszef\u00fcgg\u0151 adatkezel\u00e9sekkel kapcsolatos inform\u00e1ci\u00f3k el\u00e9rhet\u0151s\u00e9ge: <br \/>\n<a href=\"https:\/\/semmelweis.hu\/jogigfoig\/files\/2023\/02\/Adatkezelesi-nyivantartas-JIF-Jogi-Igazgatosag-2023-02.-16..xlsx\">Erre a linkre kattintva let\u00f6lthet\u0151<\/a><\/p>\n<p style=\"text-align: justify\">1.3. Az adatkezel\u0151 <strong>Perk\u00e9pviseleti Igazgat\u00f3s\u00e1g\u00e1nak <\/strong>feladataival \u00f6sszef\u00fcgg\u0151 adatkezel\u00e9sekkel kapcsolatos inform\u00e1ci\u00f3k el\u00e9rhet\u0151s\u00e9ge: <br \/>\n<a href=\"https:\/\/semmelweis.hu\/jogigfoig\/files\/2023\/02\/Adatkezelesi-nyilvantartas-Perkepviseleti-Igazgatosag-2023-02.-16..xlsx\">Erre a linkre kattintva let\u00f6lthet\u0151<\/a><\/p>\n<p style=\"text-align: justify\">1.4. Az adatkezel\u0151 <strong>Szervez\u00e9si \u00e9s Igazgat\u00e1si K\u00f6zpontj\u00e1nak <\/strong>feladataival \u00f6sszef\u00fcgg\u0151 adatkezel\u00e9sekkel kapcsolatos inform\u00e1ci\u00f3k el\u00e9rhet\u0151s\u00e9ge: <br \/>\n<a href=\"https:\/\/semmelweis.hu\/jogigfoig\/files\/2023\/02\/Adatkezelesi-nyilvantartas-Szervezesi-es-Igazagtasi-Kozpont-2023.-02.16..xlsx\">Erre a linkre kattintva let\u00f6lthet\u0151<\/a><\/p>\n<p style=\"text-align: justify\">1.5. Az adatkezel\u0151 <strong>Adatv\u00e9delmi \u00e9s Betegjogi K\u00f6zpontj\u00e1nak <\/strong>feladataival \u00f6sszef\u00fcgg\u0151 adatkezel\u00e9sekkel kapcsolatos inform\u00e1ci\u00f3k el\u00e9rhet\u0151s\u00e9ge: <br \/>\n<a href=\"https:\/\/semmelweis.hu\/jogigfoig\/files\/2023\/02\/Adatkezelesi-nyilvantartas-JIF-Adatvedelmi-es-Betegjogi-Kozpont-2023-02.-16..xlsx\">Erre a linkre kattintva let\u00f6lthet\u0151<\/a><\/p>\n<hr \/>\n<p><strong>Adatkezel\u00e9si nyilv\u00e1ntart\u00e1sok &#8211; 2023. \u00e9v &#8211; Arch\u00edvum<\/strong><\/p>\n<p>1.1. Az adatkezel\u0151nek <strong>a JIF f\u0151igazgat\u00f3j\u00e1nak k\u00f6zvetlen al\u00e1rendelts\u00e9g\u00e9ben m\u0171k\u00f6d\u0151 munkat\u00e1rsak <\/strong>feladataival \u00f6sszef\u00fcgg\u0151 adatkezel\u00e9sekkel kapcsolatos inform\u00e1ci\u00f3k el\u00e9rhet\u0151s\u00e9ge:<\/p>\n<ul>\n<li><a href=\"https:\/\/semmelweis.hu\/jogigfoig\/files\/2023\/02\/Adatkezelesi-nyilvantartas-JIF-Foigazgato-kozvetlen-2023.xlsx\">2023. janu\u00e1r 1 &#8211; 2023. febru\u00e1r 7.<\/a><\/li>\n<li><a href=\"https:\/\/semmelweis.hu\/jogigfoig\/files\/2023\/02\/Adatkezelesi-nyilvantartas-JIF-Foigazgato-kozvetlen-2023-02.08..xlsx\">2023. febru\u00e1r 8 &#8211; 2023. febru\u00e1r 15.<\/a><\/li>\n<\/ul>\n<p>1.2. Az adatkezel\u0151 <strong>Jogi Igazgat\u00f3s\u00e1gnak <\/strong>feladataival \u00f6sszef\u00fcgg\u0151 adatkezel\u00e9sekkel kapcsolatos inform\u00e1ci\u00f3k el\u00e9rhet\u0151s\u00e9ge:<\/p>\n<ul>\n<li><a href=\"https:\/\/semmelweis.hu\/jogigfoig\/files\/2023\/02\/Adatkezelesi-nyivantartas-JIF-Jogi-Igazgatosag-2023.xlsx\">2023. janu\u00e1r 1 &#8211; 2023. febru\u00e1r 15.<\/a><\/li>\n<\/ul>\n<p>1.3. Az adatkezel\u0151 <strong>Perk\u00e9pviseleti Igazgat\u00f3s\u00e1g\u00e1nak <\/strong>feladataival \u00f6sszef\u00fcgg\u0151 adatkezel\u00e9sekkel kapcsolatos inform\u00e1ci\u00f3k el\u00e9rhet\u0151s\u00e9ge:<\/p>\n<ul>\n<li><a href=\"https:\/\/semmelweis.hu\/jogigfoig\/files\/2023\/02\/Adatkezelesi-nyilvantartas-Perkepviseleti-Igazgatosag-2023.xlsx\">2023. janu\u00e1r 1 &#8211; 2023. febru\u00e1r 15.<\/a><\/li>\n<\/ul>\n<p>1.4. Az adatkezel\u0151 <strong>Szervez\u00e9si \u00e9s Igazgat\u00e1si K\u00f6zpontj\u00e1nak <\/strong>feladataival \u00f6sszef\u00fcgg\u0151 adatkezel\u00e9sekkel kapcsolatos inform\u00e1ci\u00f3k el\u00e9rhet\u0151s\u00e9ge:<\/p>\n<ul>\n<li><a href=\"https:\/\/semmelweis.hu\/jogigfoig\/files\/2023\/02\/Adatkezelesi-nyilvantartas-Szervezesi-es-Igazagtasi-Kozpont-2022.xlsx\">2023. janu\u00e1r 1 &#8211; 2023. febru\u00e1r 15.<\/a><\/li>\n<\/ul>\n<p>1.5. Az adatkezel\u0151 <strong>Adatv\u00e9delmi \u00e9s Betegjogi K\u00f6zpontj\u00e1nak <\/strong>feladataival \u00f6sszef\u00fcgg\u0151 adatkezel\u00e9sekkel kapcsolatos inform\u00e1ci\u00f3k el\u00e9rhet\u0151s\u00e9ge:<\/p>\n<ul>\n<li>\u00a0<a href=\"https:\/\/semmelweis.hu\/jogigfoig\/files\/2023\/02\/Adatkezelesi-nyilvantartas-JIF-Adatvedelmi-es-Betegjogi-Kozpont-2023.xlsx\">2023. janu\u00e1r 1 &#8211; 2023. febru\u00e1r 15.<\/a><\/li>\n<\/ul>\n<hr \/>\n<p><strong>Adatkezel\u00e9si nyilv\u00e1ntart\u00e1sok &#8211; 2022. \u00e9v &#8211; Arch\u00edvum<\/strong><\/p>\n<p style=\"text-align: justify\"><strong>Jogi \u00e9s Igazgat\u00e1si F\u0151igazgat\u00f3s\u00e1g<\/strong> \u2013 adatkezel\u00e9si t\u00e1j\u00e9koztat\u00f3ja: <br \/>\n<a href=\"https:\/\/semmelweis.hu\/jogigfoig\/files\/2022\/04\/12516-7KSABK2022-Adatkezelesi-tajekoztato.pdf\">Erre a linkre kattintva let\u00f6lthet\u0151<\/a><\/p>\n<p style=\"text-align: justify\">1.1. Az adatkezel\u0151nek <strong>a JIF f\u0151igazgat\u00f3j\u00e1nak k\u00f6zvetlen al\u00e1rendelts\u00e9g\u00e9ben m\u0171k\u00f6d\u0151 munkat\u00e1rsak <\/strong>feladataival \u00f6sszef\u00fcgg\u0151 adatkezel\u00e9sekkel kapcsolatos inform\u00e1ci\u00f3k el\u00e9rhet\u0151s\u00e9ge: <br \/>\n<a href=\"https:\/\/semmelweis.hu\/jogigfoig\/files\/2022\/04\/12516-2KSABK2022-Adatkezelesi-nyilvantartas-JIF-Foigazgato-kozvetlen-2022.xlsx\">Erre a linkre kattintva let\u00f6lthet\u0151<\/a><\/p>\n<p style=\"text-align: justify\">1.2. Az adatkezel\u0151 <strong>Jogi Igazgat\u00f3s\u00e1gnak <\/strong>feladataival \u00f6sszef\u00fcgg\u0151 adatkezel\u00e9sekkel kapcsolatos inform\u00e1ci\u00f3k el\u00e9rhet\u0151s\u00e9ge: <br \/>\n<a href=\"https:\/\/semmelweis.hu\/jogigfoig\/files\/2022\/04\/12516-3KSABK2022-Adatkezelesi-nyivantartas-JIF-Jogi-Igazgatosag-2022.xlsx\">Erre a linkre kattintva let\u00f6lthet\u0151<\/a><\/p>\n<p style=\"text-align: justify\">1.3. Az adatkezel\u0151 <strong>Perk\u00e9pviseleti Igazgat\u00f3s\u00e1g\u00e1nak <\/strong>feladataival \u00f6sszef\u00fcgg\u0151 adatkezel\u00e9sekkel kapcsolatos inform\u00e1ci\u00f3k el\u00e9rhet\u0151s\u00e9ge: <br \/>\n<a href=\"https:\/\/semmelweis.hu\/jogigfoig\/files\/2022\/08\/12516-4KSABK2022-Adatkezelesi-nyilvantartas-Perkepviseleti-Igazgatosag-2022-kieg.-ABK-08.08.-1.xlsx\">Erre a linkre kattintva let\u00f6lthet\u0151<\/a><\/p>\n<p style=\"text-align: justify\">1.4. Az adatkezel\u0151 <strong>Szervez\u00e9si \u00e9s Igazgat\u00e1si K\u00f6zpontj\u00e1nak <\/strong>feladataival \u00f6sszef\u00fcgg\u0151 adatkezel\u00e9sekkel kapcsolatos inform\u00e1ci\u00f3k el\u00e9rhet\u0151s\u00e9ge: <br \/>\n<a href=\"https:\/\/semmelweis.hu\/jogigfoig\/files\/2022\/04\/12516-6KSABK2022-Adatkezelesi-nyilvantartas-Szervezesi-es-Igazagtasi-Kozpont-2022.xlsx\">Erre a linkre kattintva let\u00f6lthet\u0151<\/a><\/p>\n<p style=\"text-align: justify\">1.5. Az adatkezel\u0151 <strong>Adatv\u00e9delmi \u00e9s Betegjogi K\u00f6zpontj\u00e1nak <\/strong>feladataival \u00f6sszef\u00fcgg\u0151 adatkezel\u00e9sekkel kapcsolatos inform\u00e1ci\u00f3k el\u00e9rhet\u0151s\u00e9ge: <br \/>\n<a href=\"https:\/\/semmelweis.hu\/jogigfoig\/files\/2022\/04\/12516-5KSABK2022-Adatkezelesi-nyilvantartas-JIF-Adatvedelmi-es-Betegjogi-Kozpont-2022.xlsx\">Erre a linkre kattintva let\u00f6lthet\u0151<\/a><\/p>\n<p style=\"text-align: justify\">\u00a0<\/p>\n","protected":false},"excerpt":{"rendered":"<p>A JOGI \u00c9S IGAZGAT\u00c1SI F\u0150IGAZGAT\u00d3S\u00c1G \u00c1LTAL V\u00c9GZETT SZEM\u00c9LYES ADATKEZEL\u00c9SSEL KAPCSOLATOS INFORM\u00c1CI\u00d3K EL\u00c9RHET\u0150S\u00c9GE &nbsp; Jogi \u00e9s Igazgat\u00e1si F\u0151igazgat\u00f3s\u00e1g \u2013 adatkezel\u00e9si t\u00e1j\u00e9koztat\u00f3ja: <a href=\"https:\/\/semmelweis.hu\/jogigfoig\/files\/2023\/02\/SKM_C22723021615520.pdf\">Erre a linkre kattintva let\u00f6lthet\u0151<\/a> 1.1. Az adatkezel\u0151nek a JIF f\u0151igazgat\u00f3j\u00e1nak k\u00f6zvetlen al\u00e1rendelts\u00e9g\u00e9ben m\u0171k\u00f6d\u0151 munkat\u00e1rsak feladataival \u00f6sszef\u00fcgg\u0151 adatkezel\u00e9sekkel kapcsolatos inform\u00e1ci\u00f3k el\u00e9rhet\u0151s\u00e9ge: <a href=\"https:\/\/semmelweis.hu\/jogigfoig\/files\/2023\/02\/Adatkezelesi-nyilvantartas-JIF-Foigazgato-kozvetlen-2023-02.16..xlsx\">Erre a linkre kattintva let\u00f6lthet\u0151<\/a> 1.2. Az adatkezel\u0151 Jogi Igazgat\u00f3s\u00e1gnak feladataival \u00f6sszef\u00fcgg\u0151 adatkezel\u00e9sekkel kapcsolatos inform\u00e1ci\u00f3k el\u00e9rhet\u0151s\u00e9ge: <a href=\"https:\/\/semmelweis.hu\/jogigfoig\/files\/2023\/02\/Adatkezelesi-nyivantartas-JIF-Jogi-Igazgatosag-2023-02.-16..xlsx\">Erre a linkre kattintva let\u00f6lthet\u0151<\/a> 1.3. Az adatkezel\u0151 Perk\u00e9pviseleti Igazgat\u00f3s\u00e1g\u00e1nak feladataival \u00f6sszef\u00fcgg\u0151 adatkezel\u00e9sekkel &hellip;<\/p>\n","protected":false},"author":101467,"featured_media":0,"parent":83683,"menu_order":0,"comment_status":"closed","ping_status":"closed","template":"","meta":{"_acf_changed":false,"footnotes":""},"categories":[],"tags":[],"class_list":["post-83417","page","type-page","status-publish","hentry"],"acf":[],"_links":{"self":[{"href":"https:\/\/semmelweis.hu\/jogigfoig\/wp-json\/wp\/v2\/pages\/83417","targetHints":{"allow":["GET"]}}],"collection":[{"href":"https:\/\/semmelweis.hu\/jogigfoig\/wp-json\/wp\/v2\/pages"}],"about":[{"href":"https:\/\/semmelweis.hu\/jogigfoig\/wp-json\/wp\/v2\/types\/page"}],"author":[{"embeddable":true,"href":"https:\/\/semmelweis.hu\/jogigfoig\/wp-json\/wp\/v2\/users\/101467"}],"replies":[{"embeddable":true,"href":"https:\/\/semmelweis.hu\/jogigfoig\/wp-json\/wp\/v2\/comments?post=83417"}],"version-history":[{"count":10,"href":"https:\/\/semmelweis.hu\/jogigfoig\/wp-json\/wp\/v2\/pages\/83417\/revisions"}],"predecessor-version":[{"id":86687,"href":"https:\/\/semmelweis.hu\/jogigfoig\/wp-json\/wp\/v2\/pages\/83417\/revisions\/86687"}],"up":[{"embeddable":true,"href":"https:\/\/semmelweis.hu\/jogigfoig\/wp-json\/wp\/v2\/pages\/83683"}],"wp:attachment":[{"href":"https:\/\/semmelweis.hu\/jogigfoig\/wp-json\/wp\/v2\/media?parent=83417"}],"wp:term":[{"taxonomy":"category","embeddable":true,"href":"https:\/\/semmelweis.hu\/jogigfoig\/wp-json\/wp\/v2\/categories?post=83417"},{"taxonomy":"post_tag","embeddable":true,"href":"https:\/\/semmelweis.hu\/jogigfoig\/wp-json\/wp\/v2\/tags?post=83417"}],"curies":[{"name":"wp","href":"https:\/\/api.w.org\/{rel}","templated":true}]}}