{"id":82759,"date":"2021-12-29T13:25:19","date_gmt":"2021-12-29T12:25:19","guid":{"rendered":"https:\/\/semmelweis.hu\/jogigfoig\/?page_id=82759"},"modified":"2022-11-21T14:42:39","modified_gmt":"2022-11-21T13:42:39","slug":"2021-december-20","status":"publish","type":"page","link":"https:\/\/semmelweis.hu\/jogigfoig\/testuletek\/szenatus\/2021-evi-szenatusi-hatarozatok\/2021-december-20\/","title":{"rendered":"2021. december 20."},"content":{"rendered":"<p style=\"text-align: justify\"><a href=\"https:\/\/semmelweis.hu\/jogigfoig\/files\/2021\/12\/N_10_2021_hatarozat.pdf\">A Semmelweis Egyetem Szen\u00e1tus\u00e1nak N-10.2021. (XII.20.) sz\u00e1m\u00fa hat\u00e1rozata a szen\u00e1tusi \u00fcl\u00e9s napirendj\u00e9r\u0151l<\/a><\/p>\n<p style=\"text-align: justify\"><a href=\"https:\/\/semmelweis.hu\/jogigfoig\/files\/2021\/12\/139_2021_SzMSz-modositas.pdf\">A Semmelweis Egyetem Szen\u00e1tus\u00e1nak 139\/2021. (XII.20.)\u00a0 sz\u00e1m\u00fa hat\u00e1rozata a Szervezeti \u00e9s M\u0171k\u00f6d\u00e9si Szab\u00e1lyzat egyes rendelkez\u00e9seinek m\u00f3dos\u00edt\u00e1s\u00e1r\u00f3l<\/a><\/p>\n<p style=\"text-align: justify\"><a href=\"https:\/\/semmelweis.hu\/jogigfoig\/files\/2021\/12\/139_2021_1.sz_.-melleklet-SZMSZ_SZMR_I_KONYV_I_1_RESZ_Altalanos_szervezeti_es_mukodesi_rendelkezesek.pdf\">A Semmelweis Egyetem Szen\u00e1tus\u00e1nak 139\/2021. (XII.20.)\u00a0 sz\u00e1m\u00fa hat\u00e1rozata a Szervezeti \u00e9s M\u0171k\u00f6d\u00e9si Szab\u00e1lyzat egyes rendelkez\u00e9seinek m\u00f3dos\u00edt\u00e1s\u00e1r\u00f3l &#8211; 1. sz\u00e1m\u00fa mell\u00e9klet<\/a><\/p>\n<p style=\"text-align: justify\"><a href=\"https:\/\/semmelweis.hu\/jogigfoig\/files\/2021\/12\/139_2021_2.sz_.-melleklet_Szellemitulajdon_kezelesi_szabalyzat.pdf\">A Semmelweis Egyetem Szen\u00e1tus\u00e1nak 139\/2021. (XII.20.)\u00a0 sz\u00e1m\u00fa hat\u00e1rozata a Szervezeti \u00e9s M\u0171k\u00f6d\u00e9si Szab\u00e1lyzat egyes rendelkez\u00e9seinek m\u00f3dos\u00edt\u00e1s\u00e1r\u00f3l &#8211; 2. sz\u00e1m\u00fa mell\u00e9klet<\/a><\/p>\n<p style=\"text-align: justify\"><a href=\"https:\/\/semmelweis.hu\/jogigfoig\/files\/2021\/12\/139_2021_3.sz_.-melleklet.pdf\">A Semmelweis Egyetem Szen\u00e1tus\u00e1nak 139\/2021. (XII.20.)\u00a0 sz\u00e1m\u00fa hat\u00e1rozata a Szervezeti \u00e9s M\u0171k\u00f6d\u00e9si Szab\u00e1lyzat egyes rendelkez\u00e9seinek m\u00f3dos\u00edt\u00e1s\u00e1r\u00f3l &#8211; 3. sz\u00e1m\u00fa mell\u00e9klet<\/a><\/p>\n<p style=\"text-align: justify\"><a href=\"https:\/\/semmelweis.hu\/jogigfoig\/files\/2021\/12\/140_2021_2022-intezmenyi-koltsegvetes.pdf\">A Semmelweis Egyetem Szen\u00e1tus\u00e1nak 140\/2021. (XII.20.) sz\u00e1m\u00fa hat\u00e1rozata a 2022. \u00e9vi int\u00e9zm\u00e9nyi k\u00f6lts\u00e9gvet\u00e9sr\u0151l<\/a><\/p>\n<p style=\"text-align: justify\"><a href=\"https:\/\/semmelweis.hu\/jogigfoig\/files\/2021\/12\/141_2021_ACH_Pszichiatriai-Tanszeki-Csop_vez.pdf\">A Semmelweis Egyetem Szen\u00e1tus\u00e1nak 141\/2021. (XII.20.) sz\u00e1m\u00fa hat\u00e1rozata az Asklepios Campus Hamburgon m\u0171k\u00f6d\u0151 Pszichi\u00e1triai Tansz\u00e9ki Csoport vezet\u0151i \u00e1ll\u00e1shely\u00e9re beny\u00fajtott p\u00e1ly\u00e1zat elb\u00edr\u00e1l\u00e1s\u00e1r\u00f3l<\/a><\/p>\n<p style=\"text-align: justify\"><a href=\"https:\/\/semmelweis.hu\/jogigfoig\/files\/2021\/12\/142_2021_ACH-tantargyfelelosok.pdf\">A Semmelweis Egyetem Szen\u00e1tus\u00e1nak 142\/2021. (XII.20.) sz\u00e1m\u00fa hat\u00e1rozata az Asklepios Campus Hamburg tant\u00e1rgyfelel\u0151si p\u00e1ly\u00e1zatok v\u00e9lem\u00e9nyez\u00e9s\u00e9r\u0151l<\/a><\/p>\n<p style=\"text-align: justify\"><a href=\"https:\/\/semmelweis.hu\/jogigfoig\/files\/2021\/12\/143_2021_AOK_kotelezo-es-kotelezoen-valaszthato-nemet-nyelvu-targyak.pdf\">A Semmelweis Egyetem Szen\u00e1tus\u00e1nak 143\/2021. (XII.20.) sz\u00e1m\u00fa hat\u00e1rozata a k\u00f6telez\u0151, valamint k\u00f6telez\u0151en v\u00e1laszthat\u00f3 n\u00e9met nyelv\u0171 terminol\u00f3giai tant\u00e1rgyak bevezet\u00e9s\u00e9re az \u00c1ltal\u00e1nos orvostudom\u00e1nyi Karon a 2021\/22. tan\u00e9v 2. szemeszter\u00e9t\u0151l<\/a><\/p>\n<p style=\"text-align: justify\"><a href=\"https:\/\/semmelweis.hu\/jogigfoig\/files\/2021\/12\/143_2021_Melleklet_Kovetelmenyrendszer.pdf\">A Semmelweis Egyetem Szen\u00e1tus\u00e1nak 143\/2021. (XII.20.) sz\u00e1m\u00fa hat\u00e1rozata a k\u00f6telez\u0151, valamint k\u00f6telez\u0151en v\u00e1laszthat\u00f3 n\u00e9met nyelv\u0171 terminol\u00f3giai tant\u00e1rgyak bevezet\u00e9s\u00e9re az \u00c1ltal\u00e1nos orvostudom\u00e1nyi Karon a 2021\/22. tan\u00e9v 2. szemeszter\u00e9t\u0151l &#8211; 1. sz\u00e1m\u00fa mell\u00e9klet<\/a><\/p>\n<p style=\"text-align: justify\"><a href=\"https:\/\/semmelweis.hu\/jogigfoig\/files\/2021\/12\/144_2021_AOK_2021-22-tanev-II.-felevre-bevezetendo-targyak.pdf\">A Semmelweis Egyetem Szen\u00e1tus\u00e1nak 144\/2021. (XII.20.) sz\u00e1m\u00fa hat\u00e1rozata az \u00c1ltal\u00e1nos Orvostudom\u00e1nyi Karon a 2021\/2022. tan\u00e9v II. f\u00e9l\u00e9v\u00e9t\u0151l bevezetend\u0151 \u201eFarmakokinetika, Gy\u00f3gyszermetabolizmus \u00e9s Transzl\u00e1ci\u00f3s Farmakol\u00f3gia, a Magyar Farmakol\u00f3gus T\u00e1rsas\u00e1g Konferenci\u00e1ja\u201d szabadon v\u00e1laszthat\u00f3 t\u00e1rgyr\u00f3l<\/a><\/p>\n<p style=\"text-align: justify\"><a href=\"https:\/\/semmelweis.hu\/jogigfoig\/files\/2021\/12\/144_2021_Melleklet_Kovetelmenyrendszer.pdf\">A Semmelweis Egyetem Szen\u00e1tus\u00e1nak 144\/2021. (XII.20.) sz\u00e1m\u00fa hat\u00e1rozata az \u00c1ltal\u00e1nos Orvostudom\u00e1nyi Karon a 2021\/2022. tan\u00e9v II. f\u00e9l\u00e9v\u00e9t\u0151l bevezetend\u0151 \u201eFarmakokinetika, Gy\u00f3gyszermetabolizmus \u00e9s Transzl\u00e1ci\u00f3s Farmakol\u00f3gia, a Magyar Farmakol\u00f3gus T\u00e1rsas\u00e1g Konferenci\u00e1ja\u201d szabadon v\u00e1laszthat\u00f3 t\u00e1rgyr\u00f3l &#8211; 1. sz\u00e1m\u00fa mell\u00e9klet<\/a><\/p>\n<p style=\"text-align: justify\"><a href=\"https:\/\/semmelweis.hu\/jogigfoig\/files\/2021\/12\/145_2021_Zold-Egyetem_uj-szabvall.pdf\">A Semmelweis Egyetem Szen\u00e1tus\u00e1nak 145\/2021. (XII.20.) sz\u00e1m\u00fa hat\u00e1rozata a \u201eZ\u00f6ld Egyetem \u2013 A k\u00f6rnyezet\u00fcnk\u00e9rt k\u00f6z\u00f6sen\u201d c\u00edm\u0171 \u00faj szabadon v\u00e1laszthat\u00f3 tant\u00e1rgy bevezet\u00e9s\u00e9r\u0151l<\/a><\/p>\n<p style=\"text-align: justify\"><a href=\"https:\/\/semmelweis.hu\/jogigfoig\/files\/2021\/12\/145_2021_Melleklet_Kovetelemenyrendszer.pdf\">A Semmelweis Egyetem Szen\u00e1tus\u00e1nak 145\/2021. (XII.20.) sz\u00e1m\u00fa hat\u00e1rozata a \u201eZ\u00f6ld Egyetem \u2013 A k\u00f6rnyezet\u00fcnk\u00e9rt k\u00f6z\u00f6sen\u201d c\u00edm\u0171 \u00faj szabadon v\u00e1laszthat\u00f3 tant\u00e1rgy bevezet\u00e9s\u00e9r\u0151l &#8211; 1. sz\u00e1m\u00fa mell\u00e9klet<\/a><\/p>\n<p style=\"text-align: justify\"><a href=\"https:\/\/semmelweis.hu\/jogigfoig\/files\/2021\/12\/146_2021_aktualis-oktatoi-palyazatok-velemeny.pdf\">A Semmelweis Egyetem Szen\u00e1tus\u00e1nak 146\/2021. (XII.20.) sz\u00e1m\u00fa hat\u00e1rozata az aktu\u00e1lis oktat\u00f3i p\u00e1ly\u00e1zatok v\u00e9lem\u00e9nyez\u00e9s\u00e9r\u0151l<\/a><\/p>\n","protected":false},"excerpt":{"rendered":"<p><a href=\"https:\/\/semmelweis.hu\/jogigfoig\/files\/2021\/12\/N_10_2021_hatarozat.pdf\">A Semmelweis Egyetem Szen\u00e1tus\u00e1nak N-10.2021. (XII.20.) sz\u00e1m\u00fa hat\u00e1rozata a szen\u00e1tusi \u00fcl\u00e9s napirendj\u00e9r\u0151l<\/a><br \/>\n<a href=\"https:\/\/semmelweis.hu\/jogigfoig\/files\/2021\/12\/139_2021_SzMSz-modositas.pdf\">A Semmelweis Egyetem Szen\u00e1tus\u00e1nak 139\/2021. (XII.20.)\u00a0 sz\u00e1m\u00fa hat\u00e1rozata a Szervezeti \u00e9s M\u0171k\u00f6d\u00e9si Szab\u00e1lyzat egyes rendelkez\u00e9seinek m\u00f3dos\u00edt\u00e1s\u00e1r\u00f3l<\/a><br \/>\n<a href=\"https:\/\/semmelweis.hu\/jogigfoig\/files\/2021\/12\/139_2021_1.sz_.-melleklet-SZMSZ_SZMR_I_KONYV_I_1_RESZ_Altalanos_szervezeti_es_mukodesi_rendelkezesek.pdf\">A Semmelweis Egyetem Szen\u00e1tus\u00e1nak 139\/2021. (XII.20.)\u00a0 sz\u00e1m\u00fa hat\u00e1rozata a Szervezeti \u00e9s M\u0171k\u00f6d\u00e9si Szab\u00e1lyzat egyes rendelkez\u00e9seinek m\u00f3dos\u00edt\u00e1s\u00e1r\u00f3l &#8211; 1. sz\u00e1m\u00fa mell\u00e9klet<\/a><br \/>\n<a href=\"https:\/\/semmelweis.hu\/jogigfoig\/files\/2021\/12\/139_2021_2.sz_.-melleklet_Szellemitulajdon_kezelesi_szabalyzat.pdf\">A Semmelweis Egyetem Szen\u00e1tus\u00e1nak 139\/2021. (XII.20.)\u00a0 sz\u00e1m\u00fa hat\u00e1rozata a Szervezeti \u00e9s M\u0171k\u00f6d\u00e9si Szab\u00e1lyzat egyes rendelkez\u00e9seinek m\u00f3dos\u00edt\u00e1s\u00e1r\u00f3l &#8211; 2. sz\u00e1m\u00fa mell\u00e9klet<\/a><br \/>\n<a href=\"https:\/\/semmelweis.hu\/jogigfoig\/files\/2021\/12\/139_2021_3.sz_.-melleklet.pdf\">A Semmelweis Egyetem Szen\u00e1tus\u00e1nak 139\/2021. (XII.20.)\u00a0 sz\u00e1m\u00fa hat\u00e1rozata a Szervezeti \u00e9s M\u0171k\u00f6d\u00e9si Szab\u00e1lyzat egyes rendelkez\u00e9seinek m\u00f3dos\u00edt\u00e1s\u00e1r\u00f3l &#8211; 3. sz\u00e1m\u00fa mell\u00e9klet<\/a><br \/>\n<a href=\"https:\/\/semmelweis.hu\/jogigfoig\/files\/2021\/12\/140_2021_2022-intezmenyi-koltsegvetes.pdf\">A Semmelweis Egyetem Szen\u00e1tus\u00e1nak 140\/2021. (XII.20.) sz\u00e1m\u00fa hat\u00e1rozata a 2022. \u00e9vi int\u00e9zm\u00e9nyi k\u00f6lts\u00e9gvet\u00e9sr\u0151l<\/a><br \/>\n<a href=\"https:\/\/semmelweis.hu\/jogigfoig\/files\/2021\/12\/141_2021_ACH_Pszichiatriai-Tanszeki-Csop_vez.pdf\">A Semmelweis Egyetem Szen\u00e1tus\u00e1nak 141\/2021. (XII.20.) sz\u00e1m\u00fa hat\u00e1rozata az Asklepios Campus Hamburgon m\u0171k\u00f6d\u0151 Pszichi\u00e1triai Tansz\u00e9ki Csoport vezet\u0151i \u00e1ll\u00e1shely\u00e9re beny\u00fajtott p\u00e1ly\u00e1zat elb\u00edr\u00e1l\u00e1s\u00e1r\u00f3l<\/a><br \/>\n<a href=\"https:\/\/semmelweis.hu\/jogigfoig\/files\/2021\/12\/142_2021_ACH-tantargyfelelosok.pdf\">A Semmelweis Egyetem Szen\u00e1tus\u00e1nak 142\/2021. (XII.20.) sz\u00e1m\u00fa hat\u00e1rozata az Asklepios Campus Hamburg tant\u00e1rgyfelel\u0151si p\u00e1ly\u00e1zatok v\u00e9lem\u00e9nyez\u00e9s\u00e9r\u0151l<\/a><br \/>\n<a href=\"https:\/\/semmelweis.hu\/jogigfoig\/files\/2021\/12\/143_2021_AOK_kotelezo-es-kotelezoen-valaszthato-nemet-nyelvu-targyak.pdf\">A Semmelweis Egyetem Szen\u00e1tus\u00e1nak 143\/2021. (XII.20.) sz\u00e1m\u00fa hat\u00e1rozata a k\u00f6telez\u0151, valamint k\u00f6telez\u0151en v\u00e1laszthat\u00f3 n\u00e9met nyelv\u0171 terminol\u00f3giai tant\u00e1rgyak bevezet\u00e9s\u00e9re az \u00c1ltal\u00e1nos orvostudom\u00e1nyi Karon a 2021\/22. tan\u00e9v 2. szemeszter\u00e9t\u0151l<\/a><br \/>\n<a href=\"https:\/\/semmelweis.hu\/jogigfoig\/files\/2021\/12\/143_2021_Melleklet_Kovetelmenyrendszer.pdf\">A Semmelweis Egyetem Szen\u00e1tus\u00e1nak 143\/2021. (XII.20.) sz\u00e1m\u00fa hat\u00e1rozata a k\u00f6telez\u0151, valamint k\u00f6telez\u0151en v\u00e1laszthat\u00f3 n\u00e9met nyelv\u0171 terminol\u00f3giai tant\u00e1rgyak bevezet\u00e9s\u00e9re az \u00c1ltal\u00e1nos orvostudom\u00e1nyi Karon a 2021\/22. tan\u00e9v 2. szemeszter\u00e9t\u0151l &#8211; 1. sz\u00e1m\u00fa mell\u00e9klet<\/a><br \/>\n<a href=\"https:\/\/semmelweis.hu\/jogigfoig\/files\/2021\/12\/144_2021_AOK_2021-22-tanev-II.-felevre-bevezetendo-targyak.pdf\">A Semmelweis Egyetem Szen\u00e1tus\u00e1nak 144\/2021. (XII.20.) sz\u00e1m\u00fa hat\u00e1rozata az \u00c1ltal\u00e1nos Orvostudom\u00e1nyi Karon a 2021\/2022. tan\u00e9v II. f\u00e9l\u00e9v\u00e9t\u0151l bevezetend\u0151 \u201eFarmakokinetika, Gy\u00f3gyszermetabolizmus \u00e9s Transzl\u00e1ci\u00f3s Farmakol\u00f3gia, a Magyar Farmakol\u00f3gus T\u00e1rsas\u00e1g Konferenci\u00e1ja\u201d szabadon v\u00e1laszthat\u00f3 t\u00e1rgyr\u00f3l<\/a><br \/>\n<a href=\"https:\/\/semmelweis.hu\/jogigfoig\/files\/2021\/12\/144_2021_Melleklet_Kovetelmenyrendszer.pdf\">A Semmelweis Egyetem Szen\u00e1tus\u00e1nak 144\/2021. (XII.20.) sz\u00e1m\u00fa hat\u00e1rozata az \u00c1ltal\u00e1nos Orvostudom\u00e1nyi Karon a 2021\/2022. tan\u00e9v II. f\u00e9l\u00e9v\u00e9t\u0151l bevezetend\u0151 \u201eFarmakokinetika, Gy\u00f3gyszermetabolizmus \u00e9s Transzl\u00e1ci\u00f3s Farmakol\u00f3gia, a Magyar Farmakol\u00f3gus T\u00e1rsas\u00e1g Konferenci\u00e1ja\u201d szabadon v\u00e1laszthat\u00f3 t\u00e1rgyr\u00f3l &#8211; 1. sz\u00e1m\u00fa mell\u00e9klet<\/a><br \/>\n<a href=\"https:\/\/semmelweis.hu\/jogigfoig\/files\/2021\/12\/145_2021_Zold-Egyetem_uj-szabvall.pdf\">A Semmelweis Egyetem Szen\u00e1tus\u00e1nak 145\/2021. (XII.20.) sz\u00e1m\u00fa hat\u00e1rozata a \u201eZ\u00f6ld Egyetem \u2013 A k\u00f6rnyezet\u00fcnk\u00e9rt k\u00f6z\u00f6sen\u201d c\u00edm\u0171 \u00faj szabadon v\u00e1laszthat\u00f3 tant\u00e1rgy bevezet\u00e9s\u00e9r\u0151l<\/a><br \/>\n<a href=\"https:\/\/semmelweis.hu\/jogigfoig\/files\/2021\/12\/145_2021_Melleklet_Kovetelemenyrendszer.pdf\">A Semmelweis Egyetem Szen\u00e1tus\u00e1nak 145\/2021. (XII.20.) sz\u00e1m\u00fa hat\u00e1rozata a \u201eZ\u00f6ld Egyetem \u2013 A k\u00f6rnyezet\u00fcnk\u00e9rt k\u00f6z\u00f6sen\u201d c\u00edm\u0171 \u00faj szabadon v\u00e1laszthat\u00f3 tant\u00e1rgy bevezet\u00e9s\u00e9r\u0151l &#8211; 1. sz\u00e1m\u00fa mell\u00e9klet<\/a><br \/>\n<a href=\"https:\/\/semmelweis.hu\/jogigfoig\/files\/2021\/12\/146_2021_aktualis-oktatoi-palyazatok-velemeny.pdf\">A Semmelweis Egyetem Szen\u00e1tus\u00e1nak 146\/2021. (XII.20.) sz\u00e1m\u00fa hat\u00e1rozata az aktu\u00e1lis oktat\u00f3i p\u00e1ly\u00e1zatok v\u00e9lem\u00e9nyez\u00e9s\u00e9r\u0151l<\/a><\/p>\n","protected":false},"author":101467,"featured_media":0,"parent":79349,"menu_order":15,"comment_status":"closed","ping_status":"closed","template":"","meta":{"_acf_changed":false,"footnotes":""},"categories":[],"tags":[],"class_list":["post-82759","page","type-page","status-publish","hentry"],"acf":[],"_links":{"self":[{"href":"https:\/\/semmelweis.hu\/jogigfoig\/wp-json\/wp\/v2\/pages\/82759","targetHints":{"allow":["GET"]}}],"collection":[{"href":"https:\/\/semmelweis.hu\/jogigfoig\/wp-json\/wp\/v2\/pages"}],"about":[{"href":"https:\/\/semmelweis.hu\/jogigfoig\/wp-json\/wp\/v2\/types\/page"}],"author":[{"embeddable":true,"href":"https:\/\/semmelweis.hu\/jogigfoig\/wp-json\/wp\/v2\/users\/101467"}],"replies":[{"embeddable":true,"href":"https:\/\/semmelweis.hu\/jogigfoig\/wp-json\/wp\/v2\/comments?post=82759"}],"version-history":[{"count":1,"href":"https:\/\/semmelweis.hu\/jogigfoig\/wp-json\/wp\/v2\/pages\/82759\/revisions"}],"predecessor-version":[{"id":82760,"href":"https:\/\/semmelweis.hu\/jogigfoig\/wp-json\/wp\/v2\/pages\/82759\/revisions\/82760"}],"up":[{"embeddable":true,"href":"https:\/\/semmelweis.hu\/jogigfoig\/wp-json\/wp\/v2\/pages\/79349"}],"wp:attachment":[{"href":"https:\/\/semmelweis.hu\/jogigfoig\/wp-json\/wp\/v2\/media?parent=82759"}],"wp:term":[{"taxonomy":"category","embeddable":true,"href":"https:\/\/semmelweis.hu\/jogigfoig\/wp-json\/wp\/v2\/categories?post=82759"},{"taxonomy":"post_tag","embeddable":true,"href":"https:\/\/semmelweis.hu\/jogigfoig\/wp-json\/wp\/v2\/tags?post=82759"}],"curies":[{"name":"wp","href":"https:\/\/api.w.org\/{rel}","templated":true}]}}