{"id":80867,"date":"2021-05-06T14:23:12","date_gmt":"2021-05-06T12:23:12","guid":{"rendered":"https:\/\/semmelweis.hu\/jogigfoig\/?page_id=80867"},"modified":"2022-11-21T14:39:36","modified_gmt":"2022-11-21T13:39:36","slug":"2021-majus-6","status":"publish","type":"page","link":"https:\/\/semmelweis.hu\/jogigfoig\/testuletek\/szenatus\/2021-evi-szenatusi-hatarozatok\/2021-majus-6\/","title":{"rendered":"2021. m\u00e1jus 6."},"content":{"rendered":"<p style=\"text-align: justify\"><a href=\"https:\/\/semmelweis.hu\/jogigfoig\/files\/2021\/05\/N_3_2021_05_06.pdf\">A Semmelweis Egyetem\u00a0Szen\u00e1tus\u00e1nak\u00a0N-3.2021. (V.06.) sz\u00e1m\u00fa hat\u00e1rozata\u00a0a rendk\u00edv\u00fcli szen\u00e1tusi \u00fcl\u00e9s napirendj\u00e9r\u0151l<\/a><\/p>\n<p style=\"text-align: justify\"><a href=\"https:\/\/semmelweis.hu\/jogigfoig\/files\/2021\/05\/44_2021_fel\u00fcgyel\u0151-bizotts\u00e1gi-tag-deleg\u00e1l\u00e1s\u00e1r\u00f3l.pdf\">A Semmelweis Egyetem\u00a0Szen\u00e1tus\u00e1nak\u00a044\/2021. (V.06.) sz\u00e1m\u00fa hat\u00e1rozata\u00a0fel\u00fcgyel\u0151 bizotts\u00e1gi tag deleg\u00e1l\u00e1s\u00e1r\u00f3l<\/a><\/p>\n<p style=\"text-align: justify\"><a href=\"https:\/\/semmelweis.hu\/jogigfoig\/files\/2021\/05\/45_2021_a-Gazdas\u00e1gi-t\u00e1rsas\u00e1gokr\u00f3l-sz\u00f3l\u00f3-szab\u00e1lyzat-m\u00f3dos\u00edt\u00e1sa.pdf\">A Semmelweis Egyetem\u00a0Szen\u00e1tus\u00e1nak\u00a045\/2021. (V.06.) sz\u00e1m\u00fa hat\u00e1rozata\u00a0a Gazdas\u00e1gi t\u00e1rsas\u00e1gokr\u00f3l sz\u00f3l\u00f3 Szab\u00e1lyzat m\u00f3dos\u00edt\u00e1s elfogad\u00e1s\u00e1nak t\u00e1mogat\u00e1s\u00e1r\u00f3l<\/a><\/p>\n<p style=\"text-align: justify\"><a href=\"https:\/\/semmelweis.hu\/jogigfoig\/files\/2021\/05\/45_2021_Mell\u00e9klet.pdf\">A Semmelweis Egyetem Szen\u00e1tus\u00e1nak 45\/2021. (V.06.) sz\u00e1m\u00fa hat\u00e1rozata a Gazdas\u00e1gi t\u00e1rsas\u00e1gokr\u00f3l sz\u00f3l\u00f3 Szab\u00e1lyzat m\u00f3dos\u00edt\u00e1s elfogad\u00e1s\u00e1nak t\u00e1mogat\u00e1s\u00e1r\u00f3l &#8211; 1. sz\u00e1m\u00fa mell\u00e9klet<\/a><\/p>\n","protected":false},"excerpt":{"rendered":"<p><a href=\"https:\/\/semmelweis.hu\/jogigfoig\/files\/2021\/05\/N_3_2021_05_06.pdf\">A Semmelweis Egyetem\u00a0Szen\u00e1tus\u00e1nak\u00a0N-3.2021. (V.06.) sz\u00e1m\u00fa hat\u00e1rozata\u00a0a rendk\u00edv\u00fcli szen\u00e1tusi \u00fcl\u00e9s napirendj\u00e9r\u0151l<\/a><br \/>\n<a href=\"https:\/\/semmelweis.hu\/jogigfoig\/files\/2021\/05\/44_2021_fel\u00fcgyel\u0151-bizotts\u00e1gi-tag-deleg\u00e1l\u00e1s\u00e1r\u00f3l.pdf\">A Semmelweis Egyetem\u00a0Szen\u00e1tus\u00e1nak\u00a044\/2021. (V.06.) sz\u00e1m\u00fa hat\u00e1rozata\u00a0fel\u00fcgyel\u0151 bizotts\u00e1gi tag deleg\u00e1l\u00e1s\u00e1r\u00f3l<\/a><br \/>\n<a href=\"https:\/\/semmelweis.hu\/jogigfoig\/files\/2021\/05\/45_2021_a-Gazdas\u00e1gi-t\u00e1rsas\u00e1gokr\u00f3l-sz\u00f3l\u00f3-szab\u00e1lyzat-m\u00f3dos\u00edt\u00e1sa.pdf\">A Semmelweis Egyetem\u00a0Szen\u00e1tus\u00e1nak\u00a045\/2021. (V.06.) sz\u00e1m\u00fa hat\u00e1rozata\u00a0a Gazdas\u00e1gi t\u00e1rsas\u00e1gokr\u00f3l sz\u00f3l\u00f3 Szab\u00e1lyzat m\u00f3dos\u00edt\u00e1s elfogad\u00e1s\u00e1nak t\u00e1mogat\u00e1s\u00e1r\u00f3l<\/a><br \/>\n<a href=\"https:\/\/semmelweis.hu\/jogigfoig\/files\/2021\/05\/45_2021_Mell\u00e9klet.pdf\">A Semmelweis Egyetem Szen\u00e1tus\u00e1nak 45\/2021. (V.06.) sz\u00e1m\u00fa hat\u00e1rozata a Gazdas\u00e1gi t\u00e1rsas\u00e1gokr\u00f3l sz\u00f3l\u00f3 Szab\u00e1lyzat m\u00f3dos\u00edt\u00e1s elfogad\u00e1s\u00e1nak t\u00e1mogat\u00e1s\u00e1r\u00f3l &#8211; 1. sz\u00e1m\u00fa mell\u00e9klet<\/a><\/p>\n","protected":false},"author":101467,"featured_media":0,"parent":79349,"menu_order":4,"comment_status":"closed","ping_status":"closed","template":"","meta":{"_acf_changed":false,"footnotes":""},"categories":[],"tags":[],"class_list":["post-80867","page","type-page","status-publish","hentry"],"acf":[],"_links":{"self":[{"href":"https:\/\/semmelweis.hu\/jogigfoig\/wp-json\/wp\/v2\/pages\/80867","targetHints":{"allow":["GET"]}}],"collection":[{"href":"https:\/\/semmelweis.hu\/jogigfoig\/wp-json\/wp\/v2\/pages"}],"about":[{"href":"https:\/\/semmelweis.hu\/jogigfoig\/wp-json\/wp\/v2\/types\/page"}],"author":[{"embeddable":true,"href":"https:\/\/semmelweis.hu\/jogigfoig\/wp-json\/wp\/v2\/users\/101467"}],"replies":[{"embeddable":true,"href":"https:\/\/semmelweis.hu\/jogigfoig\/wp-json\/wp\/v2\/comments?post=80867"}],"version-history":[{"count":2,"href":"https:\/\/semmelweis.hu\/jogigfoig\/wp-json\/wp\/v2\/pages\/80867\/revisions"}],"predecessor-version":[{"id":80873,"href":"https:\/\/semmelweis.hu\/jogigfoig\/wp-json\/wp\/v2\/pages\/80867\/revisions\/80873"}],"up":[{"embeddable":true,"href":"https:\/\/semmelweis.hu\/jogigfoig\/wp-json\/wp\/v2\/pages\/79349"}],"wp:attachment":[{"href":"https:\/\/semmelweis.hu\/jogigfoig\/wp-json\/wp\/v2\/media?parent=80867"}],"wp:term":[{"taxonomy":"category","embeddable":true,"href":"https:\/\/semmelweis.hu\/jogigfoig\/wp-json\/wp\/v2\/categories?post=80867"},{"taxonomy":"post_tag","embeddable":true,"href":"https:\/\/semmelweis.hu\/jogigfoig\/wp-json\/wp\/v2\/tags?post=80867"}],"curies":[{"name":"wp","href":"https:\/\/api.w.org\/{rel}","templated":true}]}}

2021. május 6.

<p style="text-align: justify"><a href="https://semmelweis.hu/jogigfoig/files/2021/05/N_3_2021_05_06.pdf">A Semmelweis Egyetem Szenátusának N-3.2021. (V.06.) számú határozata a rendkívüli szenátusi ülés napirendjéről</a></p>
<p style="text-align: justify"><a href="https://semmelweis.hu/jogigfoig/files/2021/05/44_2021_felügyelő-bizottsági-tag-delegálásáról.pdf">A Semmelweis Egyetem Szenátusának 44/2021. (V.06.) számú határozata felügyelő bizottsági tag delegálásáról</a></p>
<p style="text-align: justify"><a href="https://semmelweis.hu/jogigfoig/files/2021/05/45_2021_a-Gazdasági-társaságokról-szóló-szabályzat-módosítása.pdf">A Semmelweis Egyetem Szenátusának 45/2021. (V.06.) számú határozata a Gazdasági társaságokról szóló Szabályzat módosítás elfogadásának támogatásáról</a></p>
<p style="text-align: justify"><a href="https://semmelweis.hu/jogigfoig/files/2021/05/45_2021_Melléklet.pdf">A Semmelweis Egyetem Szenátusának 45/2021. (V.06.) számú határozata a Gazdasági társaságokról szóló Szabályzat módosítás elfogadásának támogatásáról &#8211; 1. számú melléklet</a></p>

<p><a href="https://semmelweis.hu/jogigfoig/files/2021/05/N_3_2021_05_06.pdf">A Semmelweis Egyetem Szenátusának N-3.2021. (V.06.) számú határozata a rendkívüli szenátusi ülés napirendjéről</a><br />
<a href="https://semmelweis.hu/jogigfoig/files/2021/05/44_2021_felügyelő-bizottsági-tag-delegálásáról.pdf">A Semmelweis Egyetem Szenátusának 44/2021. (V.06.) számú határozata felügyelő bizottsági tag delegálásáról</a><br />
<a href="https://semmelweis.hu/jogigfoig/files/2021/05/45_2021_a-Gazdasági-társaságokról-szóló-szabályzat-módosítása.pdf">A Semmelweis Egyetem Szenátusának 45/2021. (V.06.) számú határozata a Gazdasági társaságokról szóló Szabályzat módosítás elfogadásának támogatásáról</a><br />
<a href="https://semmelweis.hu/jogigfoig/files/2021/05/45_2021_Melléklet.pdf">A Semmelweis Egyetem Szenátusának 45/2021. (V.06.) számú határozata a Gazdasági társaságokról szóló Szabályzat módosítás elfogadásának támogatásáról &#8211; 1. számú melléklet</a></p>
