{"id":80204,"date":"2021-03-24T09:43:50","date_gmt":"2021-03-24T08:43:50","guid":{"rendered":"https:\/\/semmelweis.hu\/jogigfoig\/?page_id=80204"},"modified":"2021-03-24T09:43:50","modified_gmt":"2021-03-24T08:43:50","slug":"kulso-megbizasu-preklinikai-klinikai-es-nemklinikai-vizsgalatok-szabalyai-archivum","status":"publish","type":"page","link":"https:\/\/semmelweis.hu\/jogigfoig\/dokumentumtar\/szabalyzattar-archivum\/kulso-megbizasu-preklinikai-klinikai-es-nemklinikai-vizsgalatok-szabalyai-archivum\/","title":{"rendered":"K\u00fcls\u0151 megb\u00edz\u00e1s\u00fa preklinikai, klinikai \u00e9s nemklinikai vizsg\u00e1latok szab\u00e1lyai (Arch\u00edvum)"},"content":{"rendered":"<p><strong>Szab\u00e1lyzat arch\u00edv v\u00e1ltozatai:<\/strong><\/p>\n<ul>\n<li><a href=\"https:\/\/semmelweis.hu\/jogigfoig\/files\/2021\/03\/137_2015_XI_26_klinikai_nemklinikai_20151203_hely_sz-1.pdf\">2016. december 2-ig<\/a><\/li>\n<li><a href=\"https:\/\/semmelweis.hu\/jogigfoig\/files\/2021\/03\/klinikai_kutatasi_egyseges_mod_3_20161203_20170310-1.pdf\">2017. okt\u00f3ber 31-ig<\/a><\/li>\n<\/ul>\n","protected":false},"excerpt":{"rendered":"<p>Szab\u00e1lyzat arch\u00edv v\u00e1ltozatai:<\/p>\n<p><a href=\"https:\/\/semmelweis.hu\/jogigfoig\/files\/2021\/03\/137_2015_XI_26_klinikai_nemklinikai_20151203_hely_sz-1.pdf\">2016. december 2-ig<\/a><br \/>\n<a href=\"https:\/\/semmelweis.hu\/jogigfoig\/files\/2021\/03\/klinikai_kutatasi_egyseges_mod_3_20161203_20170310-1.pdf\">2017. okt\u00f3ber 31-ig<\/a><\/p>\n","protected":false},"author":101467,"featured_media":0,"parent":362,"menu_order":0,"comment_status":"closed","ping_status":"closed","template":"","meta":{"_acf_changed":false,"footnotes":""},"categories":[],"tags":[],"class_list":["post-80204","page","type-page","status-publish","hentry"],"acf":[],"_links":{"self":[{"href":"https:\/\/semmelweis.hu\/jogigfoig\/wp-json\/wp\/v2\/pages\/80204","targetHints":{"allow":["GET"]}}],"collection":[{"href":"https:\/\/semmelweis.hu\/jogigfoig\/wp-json\/wp\/v2\/pages"}],"about":[{"href":"https:\/\/semmelweis.hu\/jogigfoig\/wp-json\/wp\/v2\/types\/page"}],"author":[{"embeddable":true,"href":"https:\/\/semmelweis.hu\/jogigfoig\/wp-json\/wp\/v2\/users\/101467"}],"replies":[{"embeddable":true,"href":"https:\/\/semmelweis.hu\/jogigfoig\/wp-json\/wp\/v2\/comments?post=80204"}],"version-history":[{"count":1,"href":"https:\/\/semmelweis.hu\/jogigfoig\/wp-json\/wp\/v2\/pages\/80204\/revisions"}],"predecessor-version":[{"id":80208,"href":"https:\/\/semmelweis.hu\/jogigfoig\/wp-json\/wp\/v2\/pages\/80204\/revisions\/80208"}],"up":[{"embeddable":true,"href":"https:\/\/semmelweis.hu\/jogigfoig\/wp-json\/wp\/v2\/pages\/362"}],"wp:attachment":[{"href":"https:\/\/semmelweis.hu\/jogigfoig\/wp-json\/wp\/v2\/media?parent=80204"}],"wp:term":[{"taxonomy":"category","embeddable":true,"href":"https:\/\/semmelweis.hu\/jogigfoig\/wp-json\/wp\/v2\/categories?post=80204"},{"taxonomy":"post_tag","embeddable":true,"href":"https:\/\/semmelweis.hu\/jogigfoig\/wp-json\/wp\/v2\/tags?post=80204"}],"curies":[{"name":"wp","href":"https:\/\/api.w.org\/{rel}","templated":true}]}}