{"id":80012,"date":"2021-03-04T13:17:06","date_gmt":"2021-03-04T12:17:06","guid":{"rendered":"https:\/\/semmelweis.hu\/jogigfoig\/?page_id=80012"},"modified":"2024-07-01T08:54:18","modified_gmt":"2024-07-01T06:54:18","slug":"kulfoldi-tanulmanyut-valamint-kulfoldi-tartozkodashoz-igenyelt-fizetes-nelkuli-szabadsag-igenybevetelenek-eljaras-rendjerol-szolo-szabalyzat-archivum","status":"publish","type":"page","link":"https:\/\/semmelweis.hu\/jogigfoig\/dokumentumtar\/szabalyzattar-archivum\/kulfoldi-tanulmanyut-valamint-kulfoldi-tartozkodashoz-igenyelt-fizetes-nelkuli-szabadsag-igenybevetelenek-eljaras-rendjerol-szolo-szabalyzat-archivum\/","title":{"rendered":"K\u00fclf\u00f6ldi tanulm\u00e1ny\u00fat, valamint k\u00fclf\u00f6ldi tart\u00f3zkod\u00e1shoz ig\u00e9nyelt fizet\u00e9s n\u00e9lk\u00fcli szabads\u00e1g ig\u00e9nybev\u00e9tel\u00e9nek elj\u00e1r\u00e1s rendj\u00e9r\u0151l sz\u00f3l\u00f3 szab\u00e1lyzat (Arch\u00edvum)"},"content":{"rendered":"<p><strong>Szab\u00e1lyzat arch\u00edv v\u00e1ltozatai:<\/strong><\/p>\n<ul>\n<li><a href=\"https:\/\/semmelweis.hu\/jogigfoig\/files\/2021\/03\/Fizetes_nelkuli_szabadsag_szabalyzat_20160728_20200830.pdf\">2020. augusztus 30-ig<\/a><\/li>\n<li><a href=\"https:\/\/semmelweis.hu\/jogigfoig\/files\/2020\/08\/Kulfoldi_tanulmanyut_szabalyzat_hatalyos_2020_09_01_tol.pdf\">2021. j\u00falius 8-ig<\/a><\/li>\n<li><a href=\"https:\/\/semmelweis.hu\/jogigfoig\/files\/2021\/07\/Kulfoldi_tanulmanyut_szabalyzat_hatalyos_2021_07_09-tol.pdf\">2021. j\u00falius 9 &#8211; 2023. febru\u00e1r 16.<\/a><\/li>\n<\/ul>\n","protected":false},"excerpt":{"rendered":"<p>Szab\u00e1lyzat arch\u00edv v\u00e1ltozatai:<\/p>\n<p><a href=\"https:\/\/semmelweis.hu\/jogigfoig\/files\/2021\/03\/Fizetes_nelkuli_szabadsag_szabalyzat_20160728_20200830.pdf\">2020. augusztus 30-ig<\/a><br \/>\n<a href=\"https:\/\/semmelweis.hu\/jogigfoig\/files\/2020\/08\/Kulfoldi_tanulmanyut_szabalyzat_hatalyos_2020_09_01_tol.pdf\">2021. j\u00falius 8-ig<\/a><br \/>\n<a href=\"https:\/\/semmelweis.hu\/jogigfoig\/files\/2021\/07\/Kulfoldi_tanulmanyut_szabalyzat_hatalyos_2021_07_09-tol.pdf\">2021. j\u00falius 9 &#8211; 2023. febru\u00e1r 16.<\/a><\/p>\n","protected":false},"author":101467,"featured_media":0,"parent":362,"menu_order":0,"comment_status":"closed","ping_status":"closed","template":"","meta":{"_acf_changed":false,"footnotes":""},"categories":[],"tags":[],"class_list":["post-80012","page","type-page","status-publish","hentry"],"acf":[],"_links":{"self":[{"href":"https:\/\/semmelweis.hu\/jogigfoig\/wp-json\/wp\/v2\/pages\/80012","targetHints":{"allow":["GET"]}}],"collection":[{"href":"https:\/\/semmelweis.hu\/jogigfoig\/wp-json\/wp\/v2\/pages"}],"about":[{"href":"https:\/\/semmelweis.hu\/jogigfoig\/wp-json\/wp\/v2\/types\/page"}],"author":[{"embeddable":true,"href":"https:\/\/semmelweis.hu\/jogigfoig\/wp-json\/wp\/v2\/users\/101467"}],"replies":[{"embeddable":true,"href":"https:\/\/semmelweis.hu\/jogigfoig\/wp-json\/wp\/v2\/comments?post=80012"}],"version-history":[{"count":5,"href":"https:\/\/semmelweis.hu\/jogigfoig\/wp-json\/wp\/v2\/pages\/80012\/revisions"}],"predecessor-version":[{"id":90809,"href":"https:\/\/semmelweis.hu\/jogigfoig\/wp-json\/wp\/v2\/pages\/80012\/revisions\/90809"}],"up":[{"embeddable":true,"href":"https:\/\/semmelweis.hu\/jogigfoig\/wp-json\/wp\/v2\/pages\/362"}],"wp:attachment":[{"href":"https:\/\/semmelweis.hu\/jogigfoig\/wp-json\/wp\/v2\/media?parent=80012"}],"wp:term":[{"taxonomy":"category","embeddable":true,"href":"https:\/\/semmelweis.hu\/jogigfoig\/wp-json\/wp\/v2\/categories?post=80012"},{"taxonomy":"post_tag","embeddable":true,"href":"https:\/\/semmelweis.hu\/jogigfoig\/wp-json\/wp\/v2\/tags?post=80012"}],"curies":[{"name":"wp","href":"https:\/\/api.w.org\/{rel}","templated":true}]}}

Külföldi tanulmányút, valamint külföldi tartózkodáshoz igényelt fizetés nélküli szabadság igénybevételének eljárás rendjéről szóló szabályzat (Archívum)

<p><strong>Szabályzat archív változatai:</strong></p>
<ul>
<li><a href="https://semmelweis.hu/jogigfoig/files/2021/03/Fizetes_nelkuli_szabadsag_szabalyzat_20160728_20200830.pdf">2020. augusztus 30-ig</a></li>
<li><a href="https://semmelweis.hu/jogigfoig/files/2020/08/Kulfoldi_tanulmanyut_szabalyzat_hatalyos_2020_09_01_tol.pdf">2021. július 8-ig</a></li>
<li><a href="https://semmelweis.hu/jogigfoig/files/2021/07/Kulfoldi_tanulmanyut_szabalyzat_hatalyos_2021_07_09-tol.pdf">2021. július 9 &#8211; 2023. február 16.</a></li>
</ul>

<p>Szabályzat archív változatai:</p>
<p><a href="https://semmelweis.hu/jogigfoig/files/2021/03/Fizetes_nelkuli_szabadsag_szabalyzat_20160728_20200830.pdf">2020. augusztus 30-ig</a><br />
<a href="https://semmelweis.hu/jogigfoig/files/2020/08/Kulfoldi_tanulmanyut_szabalyzat_hatalyos_2020_09_01_tol.pdf">2021. július 8-ig</a><br />
<a href="https://semmelweis.hu/jogigfoig/files/2021/07/Kulfoldi_tanulmanyut_szabalyzat_hatalyos_2021_07_09-tol.pdf">2021. július 9 &#8211; 2023. február 16.</a></p>
