{"id":7993,"date":"2017-05-10T12:11:30","date_gmt":"2017-05-10T10:11:30","guid":{"rendered":"http:\/\/semmelweis.hu\/jogigfoig\/?page_id=7993"},"modified":"2026-03-26T10:52:26","modified_gmt":"2026-03-26T09:52:26","slug":"organogram","status":"publish","type":"page","link":"https:\/\/semmelweis.hu\/jogigfoig\/dokumentumtar\/organogram\/","title":{"rendered":"Organogram"},"content":{"rendered":"<div class=\"keretes w-100\">\n<p>Az organogram strukt\u00far\u00e1ja &#8211; az Egyetem \u00f6sszes szervezeti egys\u00e9ge k\u00f6z\u00fcl &#8211; az Egyetem vezet\u0151it \u00e9s vezet\u0151 test\u00fcleteit, a karokat, a Klinikai K\u00f6zpontot, az Egyetem r\u00e9szv\u00e9tel\u00e9vel m\u0171k\u00f6d\u0151 gazdas\u00e1gi t\u00e1rsas\u00e1gokat, a f\u0151igazgat\u00f3s\u00e1gokat, egyes egy\u00e9b szervezeti egys\u00e9geket \u00e9s jogszab\u00e1lyban meghat\u00e1rozott kiemelt feladatk\u00f6rt tartalmazza.<\/p>\n<\/div>\n<h5 style=\"text-align: center\">A Semmelweis Egyetem magyar nyelv\u0171 organogramja (pdf):<\/h5>\n<p style=\"text-align: center\"><a class=\"btn btn-secondary\" href=\"https:\/\/semmelweis.hu\/jogigfoig\/files\/2025\/12\/SE_Organogram_20251128-tol.pdf\" target=\"_blank\" rel=\"noopener\">AZ ORGANOGRAM MEGTEKINT\u00c9SE<\/a><\/p>\n<h5 style=\"text-align: center\">A Semmelweis Egyetem angol nyelv\u0171 organogramja (pdf):<\/h5>\n<p style=\"text-align: center\"><a class=\"btn btn-secondary\" href=\"https:\/\/semmelweis.hu\/jogigfoig\/files\/2026\/03\/SE_Organogram_hatalyos_2025_11_28-tol_eng.pdf\" target=\"_blank\" rel=\"noopener\">AZ ORGANOGRAM MEGTEKINT\u00c9SE<\/a><\/p>\n<p style=\"text-align: center\">\u00a0<\/p>\n<p><a href=\"https:\/\/semmelweis.hu\/jogigfoig\/igazgatas\/semmelweis-egyetem-szervezeti-egysegei\/\">Tov\u00e1bb a Semmelweis Egyetem \u00f6sszes szervezeti egys\u00e9g\u00e9nek nyilv\u00e1ntart\u00e1s\u00e1hoz \u2192<\/a><\/p>\n<p>&nbsp;<\/p>\n","protected":false},"excerpt":{"rendered":"<p>Az organogram strukt\u00far\u00e1ja &#8211; az Egyetem \u00f6sszes szervezeti egys\u00e9ge k\u00f6z\u00fcl &#8211; az Egyetem vezet\u0151it \u00e9s vezet\u0151 test\u00fcleteit, a karokat, a Klinikai K\u00f6zpontot, az Egyetem r\u00e9szv\u00e9tel\u00e9vel m\u0171k\u00f6d\u0151 gazdas\u00e1gi t\u00e1rsas\u00e1gokat, a f\u0151igazgat\u00f3s\u00e1gokat, egyes egy\u00e9b szervezeti egys\u00e9geket \u00e9s jogszab\u00e1lyban meghat\u00e1rozott kiemelt feladatk\u00f6rt tartalmazza. A Semmelweis Egyetem magyar nyelv\u0171 organogramja (pdf): <a class=\"btn btn-secondary\" href=\"https:\/\/semmelweis.hu\/jogigfoig\/files\/2025\/12\/SE_Organogram_20251128-tol.pdf\" target=\"_blank\" rel=\"noopener\">AZ ORGANOGRAM MEGTEKINT\u00c9SE<\/a> A Semmelweis Egyetem angol nyelv\u0171 organogramja (pdf): <a class=\"btn btn-secondary\" href=\"https:\/\/semmelweis.hu\/jogigfoig\/files\/2026\/03\/SE_Organogram_hatalyos_2025_11_28-tol_eng.pdf\" target=\"_blank\" rel=\"noopener\">AZ ORGANOGRAM MEGTEKINT\u00c9SE<\/a> \u00a0 &hellip;<\/p>\n","protected":false},"author":101117,"featured_media":0,"parent":27,"menu_order":1,"comment_status":"closed","ping_status":"closed","template":"","meta":{"_acf_changed":false,"footnotes":""},"categories":[],"tags":[],"class_list":["post-7993","page","type-page","status-publish","hentry"],"acf":[],"_links":{"self":[{"href":"https:\/\/semmelweis.hu\/jogigfoig\/wp-json\/wp\/v2\/pages\/7993","targetHints":{"allow":["GET"]}}],"collection":[{"href":"https:\/\/semmelweis.hu\/jogigfoig\/wp-json\/wp\/v2\/pages"}],"about":[{"href":"https:\/\/semmelweis.hu\/jogigfoig\/wp-json\/wp\/v2\/types\/page"}],"author":[{"embeddable":true,"href":"https:\/\/semmelweis.hu\/jogigfoig\/wp-json\/wp\/v2\/users\/101117"}],"replies":[{"embeddable":true,"href":"https:\/\/semmelweis.hu\/jogigfoig\/wp-json\/wp\/v2\/comments?post=7993"}],"version-history":[{"count":12,"href":"https:\/\/semmelweis.hu\/jogigfoig\/wp-json\/wp\/v2\/pages\/7993\/revisions"}],"predecessor-version":[{"id":105932,"href":"https:\/\/semmelweis.hu\/jogigfoig\/wp-json\/wp\/v2\/pages\/7993\/revisions\/105932"}],"up":[{"embeddable":true,"href":"https:\/\/semmelweis.hu\/jogigfoig\/wp-json\/wp\/v2\/pages\/27"}],"wp:attachment":[{"href":"https:\/\/semmelweis.hu\/jogigfoig\/wp-json\/wp\/v2\/media?parent=7993"}],"wp:term":[{"taxonomy":"category","embeddable":true,"href":"https:\/\/semmelweis.hu\/jogigfoig\/wp-json\/wp\/v2\/categories?post=7993"},{"taxonomy":"post_tag","embeddable":true,"href":"https:\/\/semmelweis.hu\/jogigfoig\/wp-json\/wp\/v2\/tags?post=7993"}],"curies":[{"name":"wp","href":"https:\/\/api.w.org\/{rel}","templated":true}]}}