{"id":7941,"date":"2017-05-05T12:00:58","date_gmt":"2017-05-05T10:00:58","guid":{"rendered":"http:\/\/semmelweis.hu\/jogigfoig\/?page_id=7941"},"modified":"2017-05-05T12:03:23","modified_gmt":"2017-05-05T10:03:23","slug":"1122016-ix-29-szamu-hatarozat-es-annak-mellekletei","status":"publish","type":"page","link":"https:\/\/semmelweis.hu\/jogigfoig\/testuletek\/szenatus\/2016-evi-szenatusi-hatarozatok\/2016-szeptember-29\/mellekletek-2\/1122016-ix-29-szamu-hatarozat-es-annak-mellekletei\/","title":{"rendered":"112\/2016. (IX.29.) sz\u00e1m\u00fa hat\u00e1rozat \u00e9s annak mell\u00e9kletei"},"content":{"rendered":"<ul>\n<li><a href=\"https:\/\/semmelweis.hu\/jogigfoig\/files\/2016\/09\/112_sz_IX_29_kari_bizottsag_ugyrend.pdf\" target=\"_blank\" rel=\"noopener noreferrer\">112\/2016. (IX.29.) sz\u00e1m\u00fa hat\u00e1rozata a Szen\u00e1tus \u00e1ltal l\u00e9trehozott, a Karon m\u0171k\u00f6d\u0151 \u00e1lland\u00f3 bizotts\u00e1gok \u00fcgyrendj\u00e9nek j\u00f3v\u00e1hagy\u00e1s\u00e1r\u00f3l<\/a><\/li>\n<li><a href=\"https:\/\/semmelweis.hu\/jogigfoig\/dokumentumtar\/szenatusi-hatarozatok\/2016-evi-szenatusi-hatarozatok\/2016-szeptember-29\/mellekletek-2\/\" target=\"_blank\" rel=\"noopener noreferrer\">A 112\/2016. (IX.29.) sz\u00e1m\u00fa hat\u00e1rozathoz tartoz\u00f3 mell\u00e9kletek<\/a><\/li>\n<\/ul>\n","protected":false},"excerpt":{"rendered":"<p><a href=\"https:\/\/semmelweis.hu\/jogigfoig\/files\/2016\/09\/112_sz_IX_29_kari_bizottsag_ugyrend.pdf\" target=\"_blank\" rel=\"noopener noreferrer\">112\/2016. (IX.29.) sz\u00e1m\u00fa hat\u00e1rozata a Szen\u00e1tus \u00e1ltal l\u00e9trehozott, a Karon m\u0171k\u00f6d\u0151 \u00e1lland\u00f3 bizotts\u00e1gok \u00fcgyrendj\u00e9nek j\u00f3v\u00e1hagy\u00e1s\u00e1r\u00f3l<\/a><br \/>\n<a href=\"https:\/\/semmelweis.hu\/jogigfoig\/dokumentumtar\/szenatusi-hatarozatok\/2016-evi-szenatusi-hatarozatok\/2016-szeptember-29\/mellekletek-2\/\" target=\"_blank\" rel=\"noopener noreferrer\">A 112\/2016. (IX.29.) sz\u00e1m\u00fa hat\u00e1rozathoz tartoz\u00f3 mell\u00e9kletek<\/a><\/p>\n","protected":false},"author":101117,"featured_media":0,"parent":5721,"menu_order":0,"comment_status":"closed","ping_status":"closed","template":"","meta":{"_acf_changed":false,"footnotes":""},"categories":[],"tags":[],"class_list":["post-7941","page","type-page","status-publish","hentry"],"acf":[],"_links":{"self":[{"href":"https:\/\/semmelweis.hu\/jogigfoig\/wp-json\/wp\/v2\/pages\/7941","targetHints":{"allow":["GET"]}}],"collection":[{"href":"https:\/\/semmelweis.hu\/jogigfoig\/wp-json\/wp\/v2\/pages"}],"about":[{"href":"https:\/\/semmelweis.hu\/jogigfoig\/wp-json\/wp\/v2\/types\/page"}],"author":[{"embeddable":true,"href":"https:\/\/semmelweis.hu\/jogigfoig\/wp-json\/wp\/v2\/users\/101117"}],"replies":[{"embeddable":true,"href":"https:\/\/semmelweis.hu\/jogigfoig\/wp-json\/wp\/v2\/comments?post=7941"}],"version-history":[{"count":2,"href":"https:\/\/semmelweis.hu\/jogigfoig\/wp-json\/wp\/v2\/pages\/7941\/revisions"}],"predecessor-version":[{"id":7944,"href":"https:\/\/semmelweis.hu\/jogigfoig\/wp-json\/wp\/v2\/pages\/7941\/revisions\/7944"}],"up":[{"embeddable":true,"href":"https:\/\/semmelweis.hu\/jogigfoig\/wp-json\/wp\/v2\/pages\/5721"}],"wp:attachment":[{"href":"https:\/\/semmelweis.hu\/jogigfoig\/wp-json\/wp\/v2\/media?parent=7941"}],"wp:term":[{"taxonomy":"category","embeddable":true,"href":"https:\/\/semmelweis.hu\/jogigfoig\/wp-json\/wp\/v2\/categories?post=7941"},{"taxonomy":"post_tag","embeddable":true,"href":"https:\/\/semmelweis.hu\/jogigfoig\/wp-json\/wp\/v2\/tags?post=7941"}],"curies":[{"name":"wp","href":"https:\/\/api.w.org\/{rel}","templated":true}]}}