{"id":79349,"date":"2021-02-02T13:35:37","date_gmt":"2021-02-02T12:35:37","guid":{"rendered":"https:\/\/semmelweis.hu\/jogigfoig\/?page_id=79349"},"modified":"2025-09-29T14:26:58","modified_gmt":"2025-09-29T12:26:58","slug":"2021-evi-szenatusi-hatarozatok","status":"publish","type":"page","link":"https:\/\/semmelweis.hu\/jogigfoig\/testuletek\/szenatus\/2021-evi-szenatusi-hatarozatok\/","title":{"rendered":"2021. \u00e9vi Szen\u00e1tusi hat\u00e1rozatok"},"content":{"rendered":"<ul>\n<li><a href=\"https:\/\/semmelweis.hu\/jogigfoig\/testuletek\/szenatus\/2021-evi-szenatusi-hatarozatok\/2021-januar-28\/\">2021. janu\u00e1r 28.<\/a><\/li>\n<li><a href=\"https:\/\/semmelweis.hu\/jogigfoig\/testuletek\/szenatus\/2021-evi-szenatusi-hatarozatok\/2021-februar-25\/\">2021. febru\u00e1r 25.<\/a><\/li>\n<li><a href=\"https:\/\/semmelweis.hu\/jogigfoig\/testuletek\/szenatus\/2021-evi-szenatusi-hatarozatok\/2021-aprilis-8\/\">2021. \u00e1prilis 8.<\/a><\/li>\n<li><a href=\"https:\/\/semmelweis.hu\/jogigfoig\/testuletek\/szenatus\/2021-evi-szenatusi-hatarozatok\/2021-aprilis-29\/\">2021. \u00e1prilis 29.\u00a0<\/a><\/li>\n<li><a href=\"https:\/\/semmelweis.hu\/jogigfoig\/testuletek\/szenatus\/2021-evi-szenatusi-hatarozatok\/2021-majus-6\/\">2021. m\u00e1jus 6.<\/a><\/li>\n<li><a href=\"https:\/\/semmelweis.hu\/jogigfoig\/testuletek\/szenatus\/2021-evi-szenatusi-hatarozatok\/2021-majus-27\/\">2021. m\u00e1jus 27.<\/a><\/li>\n<li><a href=\"https:\/\/semmelweis.hu\/jogigfoig\/testuletek\/szenatus\/2021-evi-szenatusi-hatarozatok\/2021-junius-24\/\">2021. j\u00fanius 24.<\/a><\/li>\n<li><a href=\"https:\/\/semmelweis.hu\/jogigfoig\/testuletek\/szenatus\/2021-evi-szenatusi-hatarozatok\/2021-julius-14\/\">2021. j\u00falius 14.<\/a><\/li>\n<li><a href=\"https:\/\/semmelweis.hu\/jogigfoig\/testuletek\/szenatus\/2021-evi-szenatusi-hatarozatok\/2021-julius-16\/\">2021. j\u00falius 16.<\/a><\/li>\n<li><a href=\"https:\/\/semmelweis.hu\/jogigfoig\/testuletek\/szenatus\/2021-evi-szenatusi-hatarozatok\/2021-augusztus-9\/\">2021. augusztus 9.<\/a><\/li>\n<li><a href=\"https:\/\/semmelweis.hu\/jogigfoig\/testuletek\/szenatus\/2021-evi-szenatusi-hatarozatok\/2021-augusztus-26\/\">2021. augusztus 26.<\/a><\/li>\n<li><a href=\"https:\/\/semmelweis.hu\/jogigfoig\/testuletek\/szenatus\/2021-evi-szenatusi-hatarozatok\/2021-szeptember-30\/\">2021. szeptember 30.<\/a><\/li>\n<li><a href=\"https:\/\/semmelweis.hu\/jogigfoig\/testuletek\/szenatus\/2021-evi-szenatusi-hatarozatok\/2021-november-2\/\">2021. november 2.<\/a><\/li>\n<li><a href=\"https:\/\/semmelweis.hu\/jogigfoig\/testuletek\/szenatus\/2021-evi-szenatusi-hatarozatok\/2021-november-25\/\">2021. november 25.<\/a><\/li>\n<li><a href=\"https:\/\/semmelweis.hu\/jogigfoig\/testuletek\/szenatus\/2021-evi-szenatusi-hatarozatok\/2021-december-6\/\">2021. december 6.<\/a><\/li>\n<li><a href=\"https:\/\/semmelweis.hu\/jogigfoig\/testuletek\/szenatus\/2021-evi-szenatusi-hatarozatok\/2021-december-20\/\">2021. december 20.<\/a><\/li>\n<\/ul>\n","protected":false},"excerpt":{"rendered":"<p><a href=\"https:\/\/semmelweis.hu\/jogigfoig\/testuletek\/szenatus\/2021-evi-szenatusi-hatarozatok\/2021-januar-28\/\">2021. janu\u00e1r 28.<\/a><br \/>\n<a href=\"https:\/\/semmelweis.hu\/jogigfoig\/testuletek\/szenatus\/2021-evi-szenatusi-hatarozatok\/2021-februar-25\/\">2021. febru\u00e1r 25.<\/a><br \/>\n<a href=\"https:\/\/semmelweis.hu\/jogigfoig\/testuletek\/szenatus\/2021-evi-szenatusi-hatarozatok\/2021-aprilis-8\/\">2021. \u00e1prilis 8.<\/a><br \/>\n<a href=\"https:\/\/semmelweis.hu\/jogigfoig\/testuletek\/szenatus\/2021-evi-szenatusi-hatarozatok\/2021-aprilis-29\/\">2021. \u00e1prilis 29.\u00a0<\/a><br \/>\n<a href=\"https:\/\/semmelweis.hu\/jogigfoig\/testuletek\/szenatus\/2021-evi-szenatusi-hatarozatok\/2021-majus-6\/\">2021. m\u00e1jus 6.<\/a><br \/>\n<a href=\"https:\/\/semmelweis.hu\/jogigfoig\/testuletek\/szenatus\/2021-evi-szenatusi-hatarozatok\/2021-majus-27\/\">2021. m\u00e1jus 27.<\/a><br \/>\n<a href=\"https:\/\/semmelweis.hu\/jogigfoig\/testuletek\/szenatus\/2021-evi-szenatusi-hatarozatok\/2021-junius-24\/\">2021. j\u00fanius 24.<\/a><br \/>\n<a href=\"https:\/\/semmelweis.hu\/jogigfoig\/testuletek\/szenatus\/2021-evi-szenatusi-hatarozatok\/2021-julius-14\/\">2021. j\u00falius 14.<\/a><br \/>\n<a href=\"https:\/\/semmelweis.hu\/jogigfoig\/testuletek\/szenatus\/2021-evi-szenatusi-hatarozatok\/2021-julius-16\/\">2021. j\u00falius 16.<\/a><br \/>\n<a href=\"https:\/\/semmelweis.hu\/jogigfoig\/testuletek\/szenatus\/2021-evi-szenatusi-hatarozatok\/2021-augusztus-9\/\">2021. augusztus 9.<\/a><br \/>\n<a href=\"https:\/\/semmelweis.hu\/jogigfoig\/testuletek\/szenatus\/2021-evi-szenatusi-hatarozatok\/2021-augusztus-26\/\">2021. augusztus 26.<\/a><br \/>\n<a href=\"https:\/\/semmelweis.hu\/jogigfoig\/testuletek\/szenatus\/2021-evi-szenatusi-hatarozatok\/2021-szeptember-30\/\">2021. szeptember 30.<\/a><br \/>\n<a href=\"https:\/\/semmelweis.hu\/jogigfoig\/testuletek\/szenatus\/2021-evi-szenatusi-hatarozatok\/2021-november-2\/\">2021. november 2.<\/a><br \/>\n<a href=\"https:\/\/semmelweis.hu\/jogigfoig\/testuletek\/szenatus\/2021-evi-szenatusi-hatarozatok\/2021-november-25\/\">2021. november 25.<\/a><br \/>\n<a href=\"https:\/\/semmelweis.hu\/jogigfoig\/testuletek\/szenatus\/2021-evi-szenatusi-hatarozatok\/2021-december-6\/\">2021. december 6.<\/a><br \/>\n<a href=\"https:\/\/semmelweis.hu\/jogigfoig\/testuletek\/szenatus\/2021-evi-szenatusi-hatarozatok\/2021-december-20\/\">2021. december 20.<\/a><\/p>\n","protected":false},"author":101467,"featured_media":0,"parent":43,"menu_order":89,"comment_status":"closed","ping_status":"closed","template":"","meta":{"_acf_changed":false,"footnotes":""},"categories":[],"tags":[],"class_list":["post-79349","page","type-page","status-publish","hentry"],"acf":[],"_links":{"self":[{"href":"https:\/\/semmelweis.hu\/jogigfoig\/wp-json\/wp\/v2\/pages\/79349","targetHints":{"allow":["GET"]}}],"collection":[{"href":"https:\/\/semmelweis.hu\/jogigfoig\/wp-json\/wp\/v2\/pages"}],"about":[{"href":"https:\/\/semmelweis.hu\/jogigfoig\/wp-json\/wp\/v2\/types\/page"}],"author":[{"embeddable":true,"href":"https:\/\/semmelweis.hu\/jogigfoig\/wp-json\/wp\/v2\/users\/101467"}],"replies":[{"embeddable":true,"href":"https:\/\/semmelweis.hu\/jogigfoig\/wp-json\/wp\/v2\/comments?post=79349"}],"version-history":[{"count":10,"href":"https:\/\/semmelweis.hu\/jogigfoig\/wp-json\/wp\/v2\/pages\/79349\/revisions"}],"predecessor-version":[{"id":82761,"href":"https:\/\/semmelweis.hu\/jogigfoig\/wp-json\/wp\/v2\/pages\/79349\/revisions\/82761"}],"up":[{"embeddable":true,"href":"https:\/\/semmelweis.hu\/jogigfoig\/wp-json\/wp\/v2\/pages\/43"}],"wp:attachment":[{"href":"https:\/\/semmelweis.hu\/jogigfoig\/wp-json\/wp\/v2\/media?parent=79349"}],"wp:term":[{"taxonomy":"category","embeddable":true,"href":"https:\/\/semmelweis.hu\/jogigfoig\/wp-json\/wp\/v2\/categories?post=79349"},{"taxonomy":"post_tag","embeddable":true,"href":"https:\/\/semmelweis.hu\/jogigfoig\/wp-json\/wp\/v2\/tags?post=79349"}],"curies":[{"name":"wp","href":"https:\/\/api.w.org\/{rel}","templated":true}]}}

2021. évi Szenátusi határozatok

<ul>
<li><a href="https://semmelweis.hu/jogigfoig/testuletek/szenatus/2021-evi-szenatusi-hatarozatok/2021-januar-28/">2021. január 28.</a></li>
<li><a href="https://semmelweis.hu/jogigfoig/testuletek/szenatus/2021-evi-szenatusi-hatarozatok/2021-februar-25/">2021. február 25.</a></li>
<li><a href="https://semmelweis.hu/jogigfoig/testuletek/szenatus/2021-evi-szenatusi-hatarozatok/2021-aprilis-8/">2021. április 8.</a></li>
<li><a href="https://semmelweis.hu/jogigfoig/testuletek/szenatus/2021-evi-szenatusi-hatarozatok/2021-aprilis-29/">2021. április 29. </a></li>
<li><a href="https://semmelweis.hu/jogigfoig/testuletek/szenatus/2021-evi-szenatusi-hatarozatok/2021-majus-6/">2021. május 6.</a></li>
<li><a href="https://semmelweis.hu/jogigfoig/testuletek/szenatus/2021-evi-szenatusi-hatarozatok/2021-majus-27/">2021. május 27.</a></li>
<li><a href="https://semmelweis.hu/jogigfoig/testuletek/szenatus/2021-evi-szenatusi-hatarozatok/2021-junius-24/">2021. június 24.</a></li>
<li><a href="https://semmelweis.hu/jogigfoig/testuletek/szenatus/2021-evi-szenatusi-hatarozatok/2021-julius-14/">2021. július 14.</a></li>
<li><a href="https://semmelweis.hu/jogigfoig/testuletek/szenatus/2021-evi-szenatusi-hatarozatok/2021-julius-16/">2021. július 16.</a></li>
<li><a href="https://semmelweis.hu/jogigfoig/testuletek/szenatus/2021-evi-szenatusi-hatarozatok/2021-augusztus-9/">2021. augusztus 9.</a></li>
<li><a href="https://semmelweis.hu/jogigfoig/testuletek/szenatus/2021-evi-szenatusi-hatarozatok/2021-augusztus-26/">2021. augusztus 26.</a></li>
<li><a href="https://semmelweis.hu/jogigfoig/testuletek/szenatus/2021-evi-szenatusi-hatarozatok/2021-szeptember-30/">2021. szeptember 30.</a></li>
<li><a href="https://semmelweis.hu/jogigfoig/testuletek/szenatus/2021-evi-szenatusi-hatarozatok/2021-november-2/">2021. november 2.</a></li>
<li><a href="https://semmelweis.hu/jogigfoig/testuletek/szenatus/2021-evi-szenatusi-hatarozatok/2021-november-25/">2021. november 25.</a></li>
<li><a href="https://semmelweis.hu/jogigfoig/testuletek/szenatus/2021-evi-szenatusi-hatarozatok/2021-december-6/">2021. december 6.</a></li>
<li><a href="https://semmelweis.hu/jogigfoig/testuletek/szenatus/2021-evi-szenatusi-hatarozatok/2021-december-20/">2021. december 20.</a></li>
</ul>

<p><a href="https://semmelweis.hu/jogigfoig/testuletek/szenatus/2021-evi-szenatusi-hatarozatok/2021-januar-28/">2021. január 28.</a><br />
<a href="https://semmelweis.hu/jogigfoig/testuletek/szenatus/2021-evi-szenatusi-hatarozatok/2021-februar-25/">2021. február 25.</a><br />
<a href="https://semmelweis.hu/jogigfoig/testuletek/szenatus/2021-evi-szenatusi-hatarozatok/2021-aprilis-8/">2021. április 8.</a><br />
<a href="https://semmelweis.hu/jogigfoig/testuletek/szenatus/2021-evi-szenatusi-hatarozatok/2021-aprilis-29/">2021. április 29. </a><br />
<a href="https://semmelweis.hu/jogigfoig/testuletek/szenatus/2021-evi-szenatusi-hatarozatok/2021-majus-6/">2021. május 6.</a><br />
<a href="https://semmelweis.hu/jogigfoig/testuletek/szenatus/2021-evi-szenatusi-hatarozatok/2021-majus-27/">2021. május 27.</a><br />
<a href="https://semmelweis.hu/jogigfoig/testuletek/szenatus/2021-evi-szenatusi-hatarozatok/2021-junius-24/">2021. június 24.</a><br />
<a href="https://semmelweis.hu/jogigfoig/testuletek/szenatus/2021-evi-szenatusi-hatarozatok/2021-julius-14/">2021. július 14.</a><br />
<a href="https://semmelweis.hu/jogigfoig/testuletek/szenatus/2021-evi-szenatusi-hatarozatok/2021-julius-16/">2021. július 16.</a><br />
<a href="https://semmelweis.hu/jogigfoig/testuletek/szenatus/2021-evi-szenatusi-hatarozatok/2021-augusztus-9/">2021. augusztus 9.</a><br />
<a href="https://semmelweis.hu/jogigfoig/testuletek/szenatus/2021-evi-szenatusi-hatarozatok/2021-augusztus-26/">2021. augusztus 26.</a><br />
<a href="https://semmelweis.hu/jogigfoig/testuletek/szenatus/2021-evi-szenatusi-hatarozatok/2021-szeptember-30/">2021. szeptember 30.</a><br />
<a href="https://semmelweis.hu/jogigfoig/testuletek/szenatus/2021-evi-szenatusi-hatarozatok/2021-november-2/">2021. november 2.</a><br />
<a href="https://semmelweis.hu/jogigfoig/testuletek/szenatus/2021-evi-szenatusi-hatarozatok/2021-november-25/">2021. november 25.</a><br />
<a href="https://semmelweis.hu/jogigfoig/testuletek/szenatus/2021-evi-szenatusi-hatarozatok/2021-december-6/">2021. december 6.</a><br />
<a href="https://semmelweis.hu/jogigfoig/testuletek/szenatus/2021-evi-szenatusi-hatarozatok/2021-december-20/">2021. december 20.</a></p>
