{"id":7842,"date":"2017-05-05T09:44:12","date_gmt":"2017-05-05T07:44:12","guid":{"rendered":"http:\/\/semmelweis.hu\/jogigfoig\/?page_id=7842"},"modified":"2025-09-29T14:25:06","modified_gmt":"2025-09-29T12:25:06","slug":"2012-evi-szenatusi-hatarozatok","status":"publish","type":"page","link":"https:\/\/semmelweis.hu\/jogigfoig\/testuletek\/szenatus\/2012-evi-szenatusi-hatarozatok\/","title":{"rendered":"2012. \u00e9vi Szen\u00e1tusi hat\u00e1rozatok"},"content":{"rendered":"<ul>\n<li><a href=\"https:\/\/semmelweis.hu\/rektori-hivatal\/2012-decmeber-13\/\" target=\"_blank\" rel=\"noopener noreferrer\">2012. december 13.<\/a><\/li>\n<li><a href=\"https:\/\/semmelweis.hu\/rektori-hivatal\/2012-november-29\/\" target=\"_blank\" rel=\"noopener noreferrer\">2012. november 29.<\/a><\/li>\n<li><a href=\"https:\/\/semmelweis.hu\/rektori-hivatal\/irattar\/szenatusi-hatarozatok\/2012-november-8\/\" target=\"_blank\" rel=\"noopener noreferrer\">2012. november 08.<\/a><\/li>\n<li><a href=\"https:\/\/semmelweis.hu\/rektori-hivatal\/2012-oktober-18\/\" target=\"_blank\" rel=\"noopener noreferrer\">2012. okt\u00f3ber 18. <\/a><\/li>\n<li><a href=\"https:\/\/semmelweis.hu\/rektori-hivatal\/2012-szeptember-27\/\" target=\"_blank\" rel=\"noopener noreferrer\">2012. szeptember 27.<\/a><\/li>\n<li><a href=\"https:\/\/semmelweis.hu\/rektori-hivatal\/irattar\/szenatusi-hatarozatok\/2012-2\/2012-junius-28\/\" target=\"_blank\" rel=\"noopener noreferrer\">2012. j\u00fanius 28. <\/a><\/li>\n<li><a href=\"https:\/\/semmelweis.hu\/rektori-hivatal\/irattar\/szenatusi-hatarozatok\/2012-2\/2012-majus-31\/\" target=\"_blank\" rel=\"noopener noreferrer\">2012. m\u00e1jus 31. <\/a><\/li>\n<li><a href=\"https:\/\/semmelweis.hu\/rektori-hivatal\/irattar\/szenatusi-hatarozatok\/2012-2\/2012-aprilis-26\/\" target=\"_blank\" rel=\"noopener noreferrer\">2012. \u00e1prilis 26.<\/a><\/li>\n<li><a href=\"https:\/\/semmelweis.hu\/rektori-hivatal\/irattar\/szenatusi-hatarozatok\/2012-2\/2012-marcius-29\/\" target=\"_blank\" rel=\"noopener noreferrer\">2012. m\u00e1rcius 29.<\/a><\/li>\n<li><a href=\"https:\/\/semmelweis.hu\/rektori-hivatal\/irattar\/szenatusi-hatarozatok\/2012-2\/2012-februar-23\/\" target=\"_blank\" rel=\"noopener noreferrer\">2012. febru\u00e1r 23.<\/a><\/li>\n<li><a href=\"https:\/\/semmelweis.hu\/rektori-hivatal\/irattar\/szenatusi-hatarozatok\/2012-2\/2012-januar-2\/\" target=\"_blank\" rel=\"noopener noreferrer\">2012. janu\u00e1r 26.<\/a><\/li>\n<\/ul>\n","protected":false},"excerpt":{"rendered":"<p><a href=\"https:\/\/semmelweis.hu\/rektori-hivatal\/2012-decmeber-13\/\" target=\"_blank\" rel=\"noopener noreferrer\">2012. december 13.<\/a><br \/>\n<a href=\"https:\/\/semmelweis.hu\/rektori-hivatal\/2012-november-29\/\" target=\"_blank\" rel=\"noopener noreferrer\">2012. november 29.<\/a><br \/>\n<a href=\"https:\/\/semmelweis.hu\/rektori-hivatal\/irattar\/szenatusi-hatarozatok\/2012-november-8\/\" target=\"_blank\" rel=\"noopener noreferrer\">2012. november 08.<\/a><br \/>\n<a href=\"https:\/\/semmelweis.hu\/rektori-hivatal\/2012-oktober-18\/\" target=\"_blank\" rel=\"noopener noreferrer\">2012. okt\u00f3ber 18. <\/a><br \/>\n<a href=\"https:\/\/semmelweis.hu\/rektori-hivatal\/2012-szeptember-27\/\" target=\"_blank\" rel=\"noopener noreferrer\">2012. szeptember 27.<\/a><br \/>\n<a href=\"https:\/\/semmelweis.hu\/rektori-hivatal\/irattar\/szenatusi-hatarozatok\/2012-2\/2012-junius-28\/\" target=\"_blank\" rel=\"noopener noreferrer\">2012. j\u00fanius 28. <\/a><br \/>\n<a href=\"https:\/\/semmelweis.hu\/rektori-hivatal\/irattar\/szenatusi-hatarozatok\/2012-2\/2012-majus-31\/\" target=\"_blank\" rel=\"noopener noreferrer\">2012. m\u00e1jus 31. <\/a><br \/>\n<a href=\"https:\/\/semmelweis.hu\/rektori-hivatal\/irattar\/szenatusi-hatarozatok\/2012-2\/2012-aprilis-26\/\" target=\"_blank\" rel=\"noopener noreferrer\">2012. \u00e1prilis 26.<\/a><br \/>\n<a href=\"https:\/\/semmelweis.hu\/rektori-hivatal\/irattar\/szenatusi-hatarozatok\/2012-2\/2012-marcius-29\/\" target=\"_blank\" rel=\"noopener noreferrer\">2012. m\u00e1rcius 29.<\/a><br \/>\n<a href=\"https:\/\/semmelweis.hu\/rektori-hivatal\/irattar\/szenatusi-hatarozatok\/2012-2\/2012-februar-23\/\" target=\"_blank\" rel=\"noopener noreferrer\">2012. febru\u00e1r 23.<\/a><br \/>\n<a href=\"https:\/\/semmelweis.hu\/rektori-hivatal\/irattar\/szenatusi-hatarozatok\/2012-2\/2012-januar-2\/\" target=\"_blank\" rel=\"noopener noreferrer\">2012. janu\u00e1r 26.<\/a><\/p>\n","protected":false},"author":101117,"featured_media":0,"parent":43,"menu_order":98,"comment_status":"closed","ping_status":"closed","template":"","meta":{"_acf_changed":false,"footnotes":""},"categories":[],"tags":[],"class_list":["post-7842","page","type-page","status-publish","hentry"],"acf":[],"_links":{"self":[{"href":"https:\/\/semmelweis.hu\/jogigfoig\/wp-json\/wp\/v2\/pages\/7842","targetHints":{"allow":["GET"]}}],"collection":[{"href":"https:\/\/semmelweis.hu\/jogigfoig\/wp-json\/wp\/v2\/pages"}],"about":[{"href":"https:\/\/semmelweis.hu\/jogigfoig\/wp-json\/wp\/v2\/types\/page"}],"author":[{"embeddable":true,"href":"https:\/\/semmelweis.hu\/jogigfoig\/wp-json\/wp\/v2\/users\/101117"}],"replies":[{"embeddable":true,"href":"https:\/\/semmelweis.hu\/jogigfoig\/wp-json\/wp\/v2\/comments?post=7842"}],"version-history":[{"count":2,"href":"https:\/\/semmelweis.hu\/jogigfoig\/wp-json\/wp\/v2\/pages\/7842\/revisions"}],"predecessor-version":[{"id":7852,"href":"https:\/\/semmelweis.hu\/jogigfoig\/wp-json\/wp\/v2\/pages\/7842\/revisions\/7852"}],"up":[{"embeddable":true,"href":"https:\/\/semmelweis.hu\/jogigfoig\/wp-json\/wp\/v2\/pages\/43"}],"wp:attachment":[{"href":"https:\/\/semmelweis.hu\/jogigfoig\/wp-json\/wp\/v2\/media?parent=7842"}],"wp:term":[{"taxonomy":"category","embeddable":true,"href":"https:\/\/semmelweis.hu\/jogigfoig\/wp-json\/wp\/v2\/categories?post=7842"},{"taxonomy":"post_tag","embeddable":true,"href":"https:\/\/semmelweis.hu\/jogigfoig\/wp-json\/wp\/v2\/tags?post=7842"}],"curies":[{"name":"wp","href":"https:\/\/api.w.org\/{rel}","templated":true}]}}