{"id":769,"date":"2012-11-28T08:19:55","date_gmt":"2012-11-28T08:19:55","guid":{"rendered":"http:\/\/semmelweis-egyetem.hu\/rektori-hivatal\/?page_id=769"},"modified":"2020-02-13T09:46:39","modified_gmt":"2020-02-13T08:46:39","slug":"2012-november-8","status":"publish","type":"page","link":"https:\/\/semmelweis.hu\/jogigfoig\/testuletek\/szenatus\/2012-evi-szenatusi-hatarozatok\/2012-november-8\/","title":{"rendered":"2012. november 8."},"content":{"rendered":"<ul>\n<li>\u00a0<a href=\"https:\/\/semmelweis.hu\/rektori-hivatal\/files\/2012\/11\/N_XI_08_2012_-napirend-elfogad\u00e1sa.pdf\" target=\"_blank\" rel=\"noopener noreferrer\">N-XI.08\/2012. sz. hat. a rendk\u00edv\u00fcli szen\u00e1tusi \u00fcl\u00e9s napirendi pontjainak elfogad\u00e1s\u00e1r\u00f3l <\/a><\/li>\n<li><a href=\"https:\/\/semmelweis.hu\/rektori-hivatal\/files\/2012\/11\/108_2012_XI_08_TSK-d\u00e9k\u00e1ni-megb\u00edz\u00e1s.pdf\" target=\"_blank\" rel=\"noopener noreferrer\">108\/2012. (XI.08.) sz. hat. a Testnevel\u00e9si \u00e9s Sporttudom\u00e1nyi Kar d\u00e9k\u00e1ni megb\u00edz\u00e1s\u00e1r\u00f3l <\/a><\/li>\n<li><a href=\"https:\/\/semmelweis.hu\/rektori-hivatal\/files\/2012\/11\/109_2012_XI_08_SE-sturkt\u00far\u00e1lis-\u00e1talak\u00edt\u00e1s.pdf\" target=\"_blank\" rel=\"noopener noreferrer\">109\/2012. (XI.08.) sz. hat. a Semmelweis Egyetem struktur\u00e1lis \u00e1talak\u00edt\u00e1s\u00e1r\u00f3l <\/a><\/li>\n<\/ul>\n","protected":false},"excerpt":{"rendered":"<p>\u00a0<a href=\"https:\/\/semmelweis.hu\/rektori-hivatal\/files\/2012\/11\/N_XI_08_2012_-napirend-elfogad\u00e1sa.pdf\" target=\"_blank\" rel=\"noopener noreferrer\">N-XI.08\/2012. sz. hat. a rendk\u00edv\u00fcli szen\u00e1tusi \u00fcl\u00e9s napirendi pontjainak elfogad\u00e1s\u00e1r\u00f3l <\/a><br \/>\n<a href=\"https:\/\/semmelweis.hu\/rektori-hivatal\/files\/2012\/11\/108_2012_XI_08_TSK-d\u00e9k\u00e1ni-megb\u00edz\u00e1s.pdf\" target=\"_blank\" rel=\"noopener noreferrer\">108\/2012. (XI.08.) sz. hat. a Testnevel\u00e9si \u00e9s Sporttudom\u00e1nyi Kar d\u00e9k\u00e1ni megb\u00edz\u00e1s\u00e1r\u00f3l <\/a><br \/>\n<a href=\"https:\/\/semmelweis.hu\/rektori-hivatal\/files\/2012\/11\/109_2012_XI_08_SE-sturkt\u00far\u00e1lis-\u00e1talak\u00edt\u00e1s.pdf\" target=\"_blank\" rel=\"noopener noreferrer\">109\/2012. (XI.08.) sz. hat. a Semmelweis Egyetem struktur\u00e1lis \u00e1talak\u00edt\u00e1s\u00e1r\u00f3l <\/a><\/p>\n","protected":false},"author":12,"featured_media":0,"parent":7842,"menu_order":10,"comment_status":"open","ping_status":"open","template":"","meta":{"_acf_changed":false,"footnotes":""},"categories":[1],"tags":[],"class_list":["post-769","page","type-page","status-publish","hentry","category-egyeb"],"acf":[],"_links":{"self":[{"href":"https:\/\/semmelweis.hu\/jogigfoig\/wp-json\/wp\/v2\/pages\/769","targetHints":{"allow":["GET"]}}],"collection":[{"href":"https:\/\/semmelweis.hu\/jogigfoig\/wp-json\/wp\/v2\/pages"}],"about":[{"href":"https:\/\/semmelweis.hu\/jogigfoig\/wp-json\/wp\/v2\/types\/page"}],"author":[{"embeddable":true,"href":"https:\/\/semmelweis.hu\/jogigfoig\/wp-json\/wp\/v2\/users\/12"}],"replies":[{"embeddable":true,"href":"https:\/\/semmelweis.hu\/jogigfoig\/wp-json\/wp\/v2\/comments?post=769"}],"version-history":[{"count":6,"href":"https:\/\/semmelweis.hu\/jogigfoig\/wp-json\/wp\/v2\/pages\/769\/revisions"}],"predecessor-version":[{"id":7920,"href":"https:\/\/semmelweis.hu\/jogigfoig\/wp-json\/wp\/v2\/pages\/769\/revisions\/7920"}],"up":[{"embeddable":true,"href":"https:\/\/semmelweis.hu\/jogigfoig\/wp-json\/wp\/v2\/pages\/7842"}],"wp:attachment":[{"href":"https:\/\/semmelweis.hu\/jogigfoig\/wp-json\/wp\/v2\/media?parent=769"}],"wp:term":[{"taxonomy":"category","embeddable":true,"href":"https:\/\/semmelweis.hu\/jogigfoig\/wp-json\/wp\/v2\/categories?post=769"},{"taxonomy":"post_tag","embeddable":true,"href":"https:\/\/semmelweis.hu\/jogigfoig\/wp-json\/wp\/v2\/tags?post=769"}],"curies":[{"name":"wp","href":"https:\/\/api.w.org\/{rel}","templated":true}]}}

<ul>
<li> <a href="https://semmelweis.hu/rektori-hivatal/files/2012/11/N_XI_08_2012_-napirend-elfogadása.pdf" target="_blank" rel="noopener noreferrer">N-XI.08/2012. sz. hat. a rendkívüli szenátusi ülés napirendi pontjainak elfogadásáról </a></li>
<li><a href="https://semmelweis.hu/rektori-hivatal/files/2012/11/108_2012_XI_08_TSK-dékáni-megbízás.pdf" target="_blank" rel="noopener noreferrer">108/2012. (XI.08.) sz. hat. a Testnevelési és Sporttudományi Kar dékáni megbízásáról </a></li>
<li><a href="https://semmelweis.hu/rektori-hivatal/files/2012/11/109_2012_XI_08_SE-sturktúrális-átalakítás.pdf" target="_blank" rel="noopener noreferrer">109/2012. (XI.08.) sz. hat. a Semmelweis Egyetem strukturális átalakításáról </a></li>
</ul>

<p> <a href="https://semmelweis.hu/rektori-hivatal/files/2012/11/N_XI_08_2012_-napirend-elfogadása.pdf" target="_blank" rel="noopener noreferrer">N-XI.08/2012. sz. hat. a rendkívüli szenátusi ülés napirendi pontjainak elfogadásáról </a><br />
<a href="https://semmelweis.hu/rektori-hivatal/files/2012/11/108_2012_XI_08_TSK-dékáni-megbízás.pdf" target="_blank" rel="noopener noreferrer">108/2012. (XI.08.) sz. hat. a Testnevelési és Sporttudományi Kar dékáni megbízásáról </a><br />
<a href="https://semmelweis.hu/rektori-hivatal/files/2012/11/109_2012_XI_08_SE-sturktúrális-átalakítás.pdf" target="_blank" rel="noopener noreferrer">109/2012. (XI.08.) sz. hat. a Semmelweis Egyetem strukturális átalakításáról </a></p>
