{"id":76524,"date":"2020-05-22T09:55:13","date_gmt":"2020-05-22T07:55:13","guid":{"rendered":"https:\/\/semmelweis.hu\/jogigfoig\/?page_id=76524"},"modified":"2020-09-29T09:13:16","modified_gmt":"2020-09-29T07:13:16","slug":"2020-majus-21","status":"publish","type":"page","link":"https:\/\/semmelweis.hu\/jogigfoig\/testuletek\/szenatus\/2020-evi-szenatusi-hatarozatok\/2020-majus-21\/","title":{"rendered":"2020. m\u00e1jus 21."},"content":{"rendered":"<p style=\"text-align: justify\"><a href=\"https:\/\/semmelweis.hu\/jogigfoig\/files\/2020\/05\/73_2020_Etikai-k\u00f3dex.pdf\">A Semmelweis Egyetem\u00a0Szen\u00e1tus\u00e1nak\u00a073\/2020. (V.21.) sz\u00e1m\u00fa hat\u00e1rozata\u00a0az Etikai k\u00f3dex elfogad\u00e1s\u00e1r\u00f3l<\/a><\/p>\n<p><a href=\"https:\/\/semmelweis.hu\/jogigfoig\/files\/2020\/05\/73_mell\u00e9klet_Etikai-k\u00f3dex.pdf\">A Semmelweis Egyetem Szen\u00e1tus\u00e1nak 73\/2020. (V.21.) sz\u00e1m\u00fa hat\u00e1rozata az Etikai k\u00f3dex elfogad\u00e1s\u00e1r\u00f3l &#8211; Etikai K\u00f3dex<\/a><\/p>\n<p style=\"text-align: justify\"><a href=\"https:\/\/semmelweis.hu\/jogigfoig\/files\/2020\/05\/74_2020_Erasmus-.pdf\">A Semmelweis Egyetem\u00a0Szen\u00e1tus\u00e1nak\u00a074\/2020. (V.21.) sz\u00e1m\u00fa hat\u00e1rozata\u00a0az Erasmus+ Szab\u00e1lyzat elfogad\u00e1s\u00e1r\u00f3l<\/a><\/p>\n<p><a href=\"https:\/\/semmelweis.hu\/jogigfoig\/files\/2020\/05\/74_mell\u00e9klet_ErasmusSzab\u00e1lyzat.pdf\">A Semmelweis Egyetem Szen\u00e1tus\u00e1nak 74\/2020. (V.21.) sz\u00e1m\u00fa hat\u00e1rozata az Erasmus+ Szab\u00e1lyzat elfogad\u00e1s\u00e1r\u00f3l &#8211; Erasmus+ Szab\u00e1lyzat<\/a><\/p>\n<p style=\"text-align: justify\"><a href=\"https:\/\/semmelweis.hu\/jogigfoig\/files\/2020\/05\/75_2020_Az-Aj\u00e1nd\u00e9kok-elfogad\u00e1s\u00e1nak-rendj\u00e9r\u0151l-sz\u00f3l\u00f3-Szab\u00e1lyzat-elfogad\u00e1s\u00e1nak-t\u00e1mogat\u00e1s\u00e1r\u00f3l.pdf\">A Semmelweis Egyetem\u00a0Szen\u00e1tus\u00e1nak\u00a075\/2020. (V.21.) sz\u00e1m\u00fa hat\u00e1rozata az Aj\u00e1nd\u00e9kok elfogad\u00e1s\u00e1nak rendj\u00e9r\u0151l sz\u00f3l\u00f3 Szab\u00e1lyzat elfogad\u00e1s\u00e1nak t\u00e1mogat\u00e1s\u00e1r\u00f3l<\/a><\/p>\n<p><a href=\"https:\/\/semmelweis.hu\/jogigfoig\/files\/2020\/05\/75_mell\u00e9klet_Aj\u00e1nd\u00e9kok-elfogad\u00e1s\u00e1nak-rendje.pdf\">A Semmelweis Egyetem Szen\u00e1tus\u00e1nak 75\/2020. (V.21.) sz\u00e1m\u00fa hat\u00e1rozata az Aj\u00e1nd\u00e9kok elfogad\u00e1s\u00e1nak rendj\u00e9r\u0151l sz\u00f3l\u00f3 Szab\u00e1lyzat elfogad\u00e1s\u00e1nak t\u00e1mogat\u00e1s\u00e1r\u00f3l &#8211; Aj\u00e1nd\u00e9kok elfogad\u00e1s\u00e1nak rendje<\/a><\/p>\n<p style=\"text-align: justify\"><a href=\"https:\/\/semmelweis.hu\/jogigfoig\/files\/2020\/05\/76_2020_A-K\u00e9szletgazd\u00e1lkod\u00e1si-Szab\u00e1lyzat-elfogad\u00e1s\u00e1nak-t\u00e1mogat\u00e1s\u00e1r\u00f3l.pdf\">A Semmelweis Egyetem\u00a0Szen\u00e1tus\u00e1nak\u00a076\/2020. (V.21.) sz\u00e1m\u00fa hat\u00e1rozata a K\u00e9szletgazd\u00e1lkod\u00e1si Szab\u00e1lyzat elfogad\u00e1s\u00e1nak t\u00e1mogat\u00e1s\u00e1r\u00f3l<\/a><\/p>\n<p style=\"text-align: justify\"><a href=\"https:\/\/semmelweis.hu\/jogigfoig\/files\/2020\/05\/76_mell\u00e9klet_K\u00e9szletgazd\u00e1lkod\u00e1si-szab\u00e1lyzat.pdf\">A Semmelweis Egyetem Szen\u00e1tus\u00e1nak 76\/2020. (V.21.) sz\u00e1m\u00fa hat\u00e1rozata a K\u00e9szletgazd\u00e1lkod\u00e1si Szab\u00e1lyzat elfogad\u00e1s\u00e1nak t\u00e1mogat\u00e1s\u00e1r\u00f3l &#8211; K\u00e9szletgazd\u00e1lkod\u00e1si Szab\u00e1lyzat<\/a><\/p>\n<p style=\"text-align: justify\"><a href=\"https:\/\/semmelweis.hu\/jogigfoig\/files\/2020\/05\/77_2020_A-Selejtez\u00e9si-Szab\u00e1lyzat-elfogad\u00e1s\u00e1nak-t\u00e1mogat\u00e1s\u00e1r\u00f3l.pdf\">A Semmelweis Egyetem\u00a0Szen\u00e1tus\u00e1nak\u00a077\/2020. (V.21.) sz\u00e1m\u00fa hat\u00e1rozata a Selejtez\u00e9si Szab\u00e1lyzat elfogad\u00e1s\u00e1nak t\u00e1mogat\u00e1s\u00e1r\u00f3l<\/a><\/p>\n<p><a href=\"https:\/\/semmelweis.hu\/jogigfoig\/files\/2020\/05\/77_mell\u00e9klet_Selejtez\u00e9si-Szab\u00e1lyzat.pdf\">A Semmelweis Egyetem Szen\u00e1tus\u00e1nak 77\/2020. (V.21.) sz\u00e1m\u00fa hat\u00e1rozata a Selejtez\u00e9si Szab\u00e1lyzat elfogad\u00e1s\u00e1nak t\u00e1mogat\u00e1s\u00e1r\u00f3l &#8211; Selejtez\u00e9si Szab\u00e1lyzat<\/a><\/p>\n<p style=\"text-align: justify\"><a href=\"https:\/\/semmelweis.hu\/jogigfoig\/files\/2020\/05\/78_2020_A-Katasztr\u00f3fav\u00e9delmi-\u00e9s-Polg\u00e1ri-V\u00e9delmi-Szab\u00e1lyzat-elfogad\u00e1s\u00e1nak-t\u00e1mogat\u00e1s\u00e1r\u00f3l.pdf\">A Semmelweis Egyetem\u00a0Szen\u00e1tus\u00e1nak\u00a078\/2020. (V.21.) sz\u00e1m\u00fa hat\u00e1rozata a Katasztr\u00f3fav\u00e9delmi \u00e9s Polg\u00e1ri V\u00e9delmi Szab\u00e1lyzat elfogad\u00e1s\u00e1nak t\u00e1mogat\u00e1s\u00e1r\u00f3l<\/a><\/p>\n<p><a href=\"https:\/\/semmelweis.hu\/jogigfoig\/files\/2020\/05\/78_mell\u00e9klet_Katasztr\u00f3fav\u00e9delmi-\u00e9s-polg\u00e1ri-v\u00e9delmi-szab\u00e1lyzat.pdf\">A Semmelweis Egyetem Szen\u00e1tus\u00e1nak 78\/2020. (V.21.) sz\u00e1m\u00fa hat\u00e1rozata a Katasztr\u00f3fav\u00e9delmi \u00e9s Polg\u00e1ri V\u00e9delmi Szab\u00e1lyzat elfogad\u00e1s\u00e1nak t\u00e1mogat\u00e1s\u00e1r\u00f3l &#8211; Katasztr\u00f3fav\u00e9delmi \u00e9s Polg\u00e1ri V\u00e9delmi Szab\u00e1lyzat<\/a><\/p>\n","protected":false},"excerpt":{"rendered":"<p><a href=\"https:\/\/semmelweis.hu\/jogigfoig\/files\/2020\/05\/73_2020_Etikai-k\u00f3dex.pdf\">A Semmelweis Egyetem\u00a0Szen\u00e1tus\u00e1nak\u00a073\/2020. (V.21.) sz\u00e1m\u00fa hat\u00e1rozata\u00a0az Etikai k\u00f3dex elfogad\u00e1s\u00e1r\u00f3l<\/a><br \/>\n<a href=\"https:\/\/semmelweis.hu\/jogigfoig\/files\/2020\/05\/73_mell\u00e9klet_Etikai-k\u00f3dex.pdf\">A Semmelweis Egyetem Szen\u00e1tus\u00e1nak 73\/2020. (V.21.) sz\u00e1m\u00fa hat\u00e1rozata az Etikai k\u00f3dex elfogad\u00e1s\u00e1r\u00f3l &#8211; Etikai K\u00f3dex<\/a><br \/>\n<a href=\"https:\/\/semmelweis.hu\/jogigfoig\/files\/2020\/05\/74_2020_Erasmus-.pdf\">A Semmelweis Egyetem\u00a0Szen\u00e1tus\u00e1nak\u00a074\/2020. (V.21.) sz\u00e1m\u00fa hat\u00e1rozata\u00a0az Erasmus+ Szab\u00e1lyzat elfogad\u00e1s\u00e1r\u00f3l<\/a><br \/>\n<a href=\"https:\/\/semmelweis.hu\/jogigfoig\/files\/2020\/05\/74_mell\u00e9klet_ErasmusSzab\u00e1lyzat.pdf\">A Semmelweis Egyetem Szen\u00e1tus\u00e1nak 74\/2020. (V.21.) sz\u00e1m\u00fa hat\u00e1rozata az Erasmus+ Szab\u00e1lyzat elfogad\u00e1s\u00e1r\u00f3l &#8211; Erasmus+ Szab\u00e1lyzat<\/a><br \/>\n<a href=\"https:\/\/semmelweis.hu\/jogigfoig\/files\/2020\/05\/75_2020_Az-Aj\u00e1nd\u00e9kok-elfogad\u00e1s\u00e1nak-rendj\u00e9r\u0151l-sz\u00f3l\u00f3-Szab\u00e1lyzat-elfogad\u00e1s\u00e1nak-t\u00e1mogat\u00e1s\u00e1r\u00f3l.pdf\">A Semmelweis Egyetem\u00a0Szen\u00e1tus\u00e1nak\u00a075\/2020. (V.21.) sz\u00e1m\u00fa hat\u00e1rozata az Aj\u00e1nd\u00e9kok elfogad\u00e1s\u00e1nak rendj\u00e9r\u0151l sz\u00f3l\u00f3 Szab\u00e1lyzat elfogad\u00e1s\u00e1nak t\u00e1mogat\u00e1s\u00e1r\u00f3l<\/a><br \/>\n<a href=\"https:\/\/semmelweis.hu\/jogigfoig\/files\/2020\/05\/75_mell\u00e9klet_Aj\u00e1nd\u00e9kok-elfogad\u00e1s\u00e1nak-rendje.pdf\">A Semmelweis Egyetem Szen\u00e1tus\u00e1nak 75\/2020. (V.21.) sz\u00e1m\u00fa hat\u00e1rozata az Aj\u00e1nd\u00e9kok elfogad\u00e1s\u00e1nak rendj\u00e9r\u0151l sz\u00f3l\u00f3 Szab\u00e1lyzat elfogad\u00e1s\u00e1nak t\u00e1mogat\u00e1s\u00e1r\u00f3l &#8211; Aj\u00e1nd\u00e9kok elfogad\u00e1s\u00e1nak rendje<\/a><br \/>\n<a href=\"https:\/\/semmelweis.hu\/jogigfoig\/files\/2020\/05\/76_2020_A-K\u00e9szletgazd\u00e1lkod\u00e1si-Szab\u00e1lyzat-elfogad\u00e1s\u00e1nak-t\u00e1mogat\u00e1s\u00e1r\u00f3l.pdf\">A Semmelweis Egyetem\u00a0Szen\u00e1tus\u00e1nak\u00a076\/2020. (V.21.) sz\u00e1m\u00fa hat\u00e1rozata a K\u00e9szletgazd\u00e1lkod\u00e1si Szab\u00e1lyzat elfogad\u00e1s\u00e1nak t\u00e1mogat\u00e1s\u00e1r\u00f3l<\/a><br \/>\n<a href=\"https:\/\/semmelweis.hu\/jogigfoig\/files\/2020\/05\/76_mell\u00e9klet_K\u00e9szletgazd\u00e1lkod\u00e1si-szab\u00e1lyzat.pdf\">A Semmelweis Egyetem Szen\u00e1tus\u00e1nak 76\/2020. (V.21.) sz\u00e1m\u00fa hat\u00e1rozata a K\u00e9szletgazd\u00e1lkod\u00e1si Szab\u00e1lyzat elfogad\u00e1s\u00e1nak t\u00e1mogat\u00e1s\u00e1r\u00f3l &#8211; K\u00e9szletgazd\u00e1lkod\u00e1si Szab\u00e1lyzat<\/a><br \/>\n<a href=\"https:\/\/semmelweis.hu\/jogigfoig\/files\/2020\/05\/77_2020_A-Selejtez\u00e9si-Szab\u00e1lyzat-elfogad\u00e1s\u00e1nak-t\u00e1mogat\u00e1s\u00e1r\u00f3l.pdf\">A Semmelweis Egyetem\u00a0Szen\u00e1tus\u00e1nak\u00a077\/2020. (V.21.) sz\u00e1m\u00fa hat\u00e1rozata a Selejtez\u00e9si Szab\u00e1lyzat elfogad\u00e1s\u00e1nak t\u00e1mogat\u00e1s\u00e1r\u00f3l<\/a><br \/>\n<a href=\"https:\/\/semmelweis.hu\/jogigfoig\/files\/2020\/05\/77_mell\u00e9klet_Selejtez\u00e9si-Szab\u00e1lyzat.pdf\">A Semmelweis Egyetem Szen\u00e1tus\u00e1nak 77\/2020. (V.21.) sz\u00e1m\u00fa hat\u00e1rozata a Selejtez\u00e9si Szab\u00e1lyzat elfogad\u00e1s\u00e1nak t\u00e1mogat\u00e1s\u00e1r\u00f3l &#8211; Selejtez\u00e9si Szab\u00e1lyzat<\/a><br \/>\n<a href=\"https:\/\/semmelweis.hu\/jogigfoig\/files\/2020\/05\/78_2020_A-Katasztr\u00f3fav\u00e9delmi-\u00e9s-Polg\u00e1ri-V\u00e9delmi-Szab\u00e1lyzat-elfogad\u00e1s\u00e1nak-t\u00e1mogat\u00e1s\u00e1r\u00f3l.pdf\">A Semmelweis Egyetem\u00a0Szen\u00e1tus\u00e1nak\u00a078\/2020. (V.21.) sz\u00e1m\u00fa hat\u00e1rozata a Katasztr\u00f3fav\u00e9delmi \u00e9s Polg\u00e1ri V\u00e9delmi Szab\u00e1lyzat elfogad\u00e1s\u00e1nak t\u00e1mogat\u00e1s\u00e1r\u00f3l<\/a><br \/>\n<a href=\"https:\/\/semmelweis.hu\/jogigfoig\/files\/2020\/05\/78_mell\u00e9klet_Katasztr\u00f3fav\u00e9delmi-\u00e9s-polg\u00e1ri-v\u00e9delmi-szab\u00e1lyzat.pdf\">A Semmelweis Egyetem Szen\u00e1tus\u00e1nak 78\/2020. (V.21.) sz\u00e1m\u00fa hat\u00e1rozata a Katasztr\u00f3fav\u00e9delmi \u00e9s Polg\u00e1ri V\u00e9delmi Szab\u00e1lyzat elfogad\u00e1s\u00e1nak t\u00e1mogat\u00e1s\u00e1r\u00f3l &#8211; Katasztr\u00f3fav\u00e9delmi \u00e9s Polg\u00e1ri V\u00e9delmi Szab\u00e1lyzat<\/a><\/p>\n","protected":false},"author":101467,"featured_media":0,"parent":74866,"menu_order":10,"comment_status":"closed","ping_status":"closed","template":"","meta":{"_acf_changed":false,"footnotes":""},"categories":[],"tags":[],"class_list":["post-76524","page","type-page","status-publish","hentry"],"acf":[],"_links":{"self":[{"href":"https:\/\/semmelweis.hu\/jogigfoig\/wp-json\/wp\/v2\/pages\/76524","targetHints":{"allow":["GET"]}}],"collection":[{"href":"https:\/\/semmelweis.hu\/jogigfoig\/wp-json\/wp\/v2\/pages"}],"about":[{"href":"https:\/\/semmelweis.hu\/jogigfoig\/wp-json\/wp\/v2\/types\/page"}],"author":[{"embeddable":true,"href":"https:\/\/semmelweis.hu\/jogigfoig\/wp-json\/wp\/v2\/users\/101467"}],"replies":[{"embeddable":true,"href":"https:\/\/semmelweis.hu\/jogigfoig\/wp-json\/wp\/v2\/comments?post=76524"}],"version-history":[{"count":1,"href":"https:\/\/semmelweis.hu\/jogigfoig\/wp-json\/wp\/v2\/pages\/76524\/revisions"}],"predecessor-version":[{"id":76537,"href":"https:\/\/semmelweis.hu\/jogigfoig\/wp-json\/wp\/v2\/pages\/76524\/revisions\/76537"}],"up":[{"embeddable":true,"href":"https:\/\/semmelweis.hu\/jogigfoig\/wp-json\/wp\/v2\/pages\/74866"}],"wp:attachment":[{"href":"https:\/\/semmelweis.hu\/jogigfoig\/wp-json\/wp\/v2\/media?parent=76524"}],"wp:term":[{"taxonomy":"category","embeddable":true,"href":"https:\/\/semmelweis.hu\/jogigfoig\/wp-json\/wp\/v2\/categories?post=76524"},{"taxonomy":"post_tag","embeddable":true,"href":"https:\/\/semmelweis.hu\/jogigfoig\/wp-json\/wp\/v2\/tags?post=76524"}],"curies":[{"name":"wp","href":"https:\/\/api.w.org\/{rel}","templated":true}]}}