{"id":765,"date":"2012-11-28T07:53:48","date_gmt":"2012-11-28T07:53:48","guid":{"rendered":"http:\/\/semmelweis-egyetem.hu\/rektori-hivatal\/?page_id=765"},"modified":"2020-02-13T09:45:30","modified_gmt":"2020-02-13T08:45:30","slug":"2012-oktober-18","status":"publish","type":"page","link":"https:\/\/semmelweis.hu\/jogigfoig\/testuletek\/szenatus\/2012-evi-szenatusi-hatarozatok\/2012-oktober-18\/","title":{"rendered":"2012. okt\u00f3ber 18."},"content":{"rendered":"<ul>\n<li style=\"text-align: justify\">\u00a0<a href=\"https:\/\/semmelweis.hu\/rektori-hivatal\/files\/2012\/11\/N-X_18_napirendelfogad\u00e1sa.pdf\" target=\"_blank\" rel=\"noopener noreferrer\">N-X.18\/2012. sz. hat. a szen\u00e1tusi \u00fcl\u00e9s napirendi pontjainak elfogad\u00e1s\u00e1r\u00f3l <\/a><\/li>\n<li style=\"text-align: justify\"><a href=\"https:\/\/semmelweis.hu\/rektori-hivatal\/files\/2012\/11\/104_sz_X_-18_EDt-eln\u00f6k.pdf\" target=\"_blank\" rel=\"noopener noreferrer\">104\/2012. (X.18.) sz. hat. a Semmelweis Egyetem Doktori Tan\u00e1cs eln\u00f6k\u00e9nek megv\u00e1laszt\u00e1s\u00e1r\u00f3l \u00e9s a megv\u00e1lasztott eln\u00f6k deleg\u00e1l\u00e1s\u00e1r\u00f3l az Egyetem Szen\u00e1tus\u00e1ba <\/a><\/li>\n<li style=\"text-align: justify\"><a href=\"https:\/\/semmelweis.hu\/rektori-hivatal\/files\/2012\/11\/105_sz_X_18_Patol\u00f3gia-DI_eln\u00f6k.pdf\" target=\"_blank\" rel=\"noopener noreferrer\">105\/2012. (X.18.) sz. hat. a Patol\u00f3giai Tudom\u00e1nyok Doktori Iskola \u00faj vezet\u0151j\u00e9nek megv\u00e1laszt\u00e1s\u00e1r\u00f3<\/a>l<\/li>\n<li style=\"text-align: justify\"><a href=\"https:\/\/semmelweis.hu\/rektori-hivatal\/files\/2012\/11\/106_a_sz_X_18_SZMSZ-m\u00f3dos\u00edt\u00e1s.pdf\" target=\"_blank\" rel=\"noopener noreferrer\">106\/a\/2012. (X.18.) sz. hat. a Semmelweis Egyetem Szervezeti \u00e9s M\u0171k\u00f6d\u00e9si Szab\u00e1lyzat\u00e1nak m\u00f3dos\u00edt\u00e1s\u00e1r\u00f3l <\/a><\/li>\n<li style=\"text-align: justify\"><a href=\"https:\/\/semmelweis.hu\/rektori-hivatal\/files\/2012\/11\/106_b_sz_X_18_SZMSZ-m\u00f3dos\u00edt\u00e1s.pdf\" target=\"_blank\" rel=\"noopener noreferrer\">106\/b\/2012. (X.18.) sz. hat. a Semmelweis Egyetem Szervezeti \u00e9s M\u0171k\u00f6d\u00e9si Szab\u00e1lyzat\u00e1nak m\u00f3dos\u00edt\u00e1s\u00e1r\u00f3l <\/a><\/li>\n<li style=\"text-align: justify\"><a href=\"https:\/\/semmelweis.hu\/rektori-hivatal\/files\/2012\/11\/107_sz_X_18_E\u00fc-menedzser-k\u00e9pz\u00e9s-szlov\u00e1k-nyelv\u0171.pdf\" target=\"_blank\" rel=\"noopener noreferrer\">107\/2012. (X.18.) sz. hat. az Eg\u00e9szs\u00e9g\u00fcgyi menedzser mesterk\u00e9pz\u00e9si szak szlov\u00e1k nyelven val\u00f3 ind\u00edt\u00e1s\u00e1r\u00f3l <\/a><\/li>\n<\/ul>\n","protected":false},"excerpt":{"rendered":"<p>\u00a0<a href=\"https:\/\/semmelweis.hu\/rektori-hivatal\/files\/2012\/11\/N-X_18_napirendelfogad\u00e1sa.pdf\" target=\"_blank\" rel=\"noopener noreferrer\">N-X.18\/2012. sz. hat. a szen\u00e1tusi \u00fcl\u00e9s napirendi pontjainak elfogad\u00e1s\u00e1r\u00f3l <\/a><br \/>\n<a href=\"https:\/\/semmelweis.hu\/rektori-hivatal\/files\/2012\/11\/104_sz_X_-18_EDt-eln\u00f6k.pdf\" target=\"_blank\" rel=\"noopener noreferrer\">104\/2012. (X.18.) sz. hat. a Semmelweis Egyetem Doktori Tan\u00e1cs eln\u00f6k\u00e9nek megv\u00e1laszt\u00e1s\u00e1r\u00f3l \u00e9s a megv\u00e1lasztott eln\u00f6k deleg\u00e1l\u00e1s\u00e1r\u00f3l az Egyetem Szen\u00e1tus\u00e1ba <\/a><br \/>\n<a href=\"https:\/\/semmelweis.hu\/rektori-hivatal\/files\/2012\/11\/105_sz_X_18_Patol\u00f3gia-DI_eln\u00f6k.pdf\" target=\"_blank\" rel=\"noopener noreferrer\">105\/2012. (X.18.) sz. hat. a Patol\u00f3giai Tudom\u00e1nyok Doktori Iskola \u00faj vezet\u0151j\u00e9nek megv\u00e1laszt\u00e1s\u00e1r\u00f3<\/a>l<br \/>\n<a href=\"https:\/\/semmelweis.hu\/rektori-hivatal\/files\/2012\/11\/106_a_sz_X_18_SZMSZ-m\u00f3dos\u00edt\u00e1s.pdf\" target=\"_blank\" rel=\"noopener noreferrer\">106\/a\/2012. (X.18.) sz. hat. a Semmelweis Egyetem Szervezeti \u00e9s M\u0171k\u00f6d\u00e9si Szab\u00e1lyzat\u00e1nak m\u00f3dos\u00edt\u00e1s\u00e1r\u00f3l <\/a><br \/>\n<a href=\"https:\/\/semmelweis.hu\/rektori-hivatal\/files\/2012\/11\/106_b_sz_X_18_SZMSZ-m\u00f3dos\u00edt\u00e1s.pdf\" target=\"_blank\" rel=\"noopener noreferrer\">106\/b\/2012. (X.18.) sz. hat. a Semmelweis Egyetem Szervezeti \u00e9s M\u0171k\u00f6d\u00e9si Szab\u00e1lyzat\u00e1nak m\u00f3dos\u00edt\u00e1s\u00e1r\u00f3l <\/a><br \/>\n<a href=\"https:\/\/semmelweis.hu\/rektori-hivatal\/files\/2012\/11\/107_sz_X_18_E\u00fc-menedzser-k\u00e9pz\u00e9s-szlov\u00e1k-nyelv\u0171.pdf\" target=\"_blank\" rel=\"noopener noreferrer\">107\/2012. (X.18.) sz. hat. az Eg\u00e9szs\u00e9g\u00fcgyi menedzser mesterk\u00e9pz\u00e9si szak szlov\u00e1k nyelven val\u00f3 ind\u00edt\u00e1s\u00e1r\u00f3l <\/a><\/p>\n","protected":false},"author":12,"featured_media":0,"parent":7842,"menu_order":8,"comment_status":"open","ping_status":"open","template":"","meta":{"_acf_changed":false,"footnotes":""},"categories":[1],"tags":[],"class_list":["post-765","page","type-page","status-publish","hentry","category-egyeb"],"acf":[],"_links":{"self":[{"href":"https:\/\/semmelweis.hu\/jogigfoig\/wp-json\/wp\/v2\/pages\/765","targetHints":{"allow":["GET"]}}],"collection":[{"href":"https:\/\/semmelweis.hu\/jogigfoig\/wp-json\/wp\/v2\/pages"}],"about":[{"href":"https:\/\/semmelweis.hu\/jogigfoig\/wp-json\/wp\/v2\/types\/page"}],"author":[{"embeddable":true,"href":"https:\/\/semmelweis.hu\/jogigfoig\/wp-json\/wp\/v2\/users\/12"}],"replies":[{"embeddable":true,"href":"https:\/\/semmelweis.hu\/jogigfoig\/wp-json\/wp\/v2\/comments?post=765"}],"version-history":[{"count":7,"href":"https:\/\/semmelweis.hu\/jogigfoig\/wp-json\/wp\/v2\/pages\/765\/revisions"}],"predecessor-version":[{"id":7921,"href":"https:\/\/semmelweis.hu\/jogigfoig\/wp-json\/wp\/v2\/pages\/765\/revisions\/7921"}],"up":[{"embeddable":true,"href":"https:\/\/semmelweis.hu\/jogigfoig\/wp-json\/wp\/v2\/pages\/7842"}],"wp:attachment":[{"href":"https:\/\/semmelweis.hu\/jogigfoig\/wp-json\/wp\/v2\/media?parent=765"}],"wp:term":[{"taxonomy":"category","embeddable":true,"href":"https:\/\/semmelweis.hu\/jogigfoig\/wp-json\/wp\/v2\/categories?post=765"},{"taxonomy":"post_tag","embeddable":true,"href":"https:\/\/semmelweis.hu\/jogigfoig\/wp-json\/wp\/v2\/tags?post=765"}],"curies":[{"name":"wp","href":"https:\/\/api.w.org\/{rel}","templated":true}]}}

2012. október 18.

<ul>
<li style="text-align: justify"> <a href="https://semmelweis.hu/rektori-hivatal/files/2012/11/N-X_18_napirendelfogadása.pdf" target="_blank" rel="noopener noreferrer">N-X.18/2012. sz. hat. a szenátusi ülés napirendi pontjainak elfogadásáról </a></li>
<li style="text-align: justify"><a href="https://semmelweis.hu/rektori-hivatal/files/2012/11/104_sz_X_-18_EDt-elnök.pdf" target="_blank" rel="noopener noreferrer">104/2012. (X.18.) sz. hat. a Semmelweis Egyetem Doktori Tanács elnökének megválasztásáról és a megválasztott elnök delegálásáról az Egyetem Szenátusába </a></li>
<li style="text-align: justify"><a href="https://semmelweis.hu/rektori-hivatal/files/2012/11/105_sz_X_18_Patológia-DI_elnök.pdf" target="_blank" rel="noopener noreferrer">105/2012. (X.18.) sz. hat. a Patológiai Tudományok Doktori Iskola új vezetőjének megválasztásáró</a>l</li>
<li style="text-align: justify"><a href="https://semmelweis.hu/rektori-hivatal/files/2012/11/106_a_sz_X_18_SZMSZ-módosítás.pdf" target="_blank" rel="noopener noreferrer">106/a/2012. (X.18.) sz. hat. a Semmelweis Egyetem Szervezeti és Működési Szabályzatának módosításáról </a></li>
<li style="text-align: justify"><a href="https://semmelweis.hu/rektori-hivatal/files/2012/11/106_b_sz_X_18_SZMSZ-módosítás.pdf" target="_blank" rel="noopener noreferrer">106/b/2012. (X.18.) sz. hat. a Semmelweis Egyetem Szervezeti és Működési Szabályzatának módosításáról </a></li>
<li style="text-align: justify"><a href="https://semmelweis.hu/rektori-hivatal/files/2012/11/107_sz_X_18_Eü-menedzser-képzés-szlovák-nyelvű.pdf" target="_blank" rel="noopener noreferrer">107/2012. (X.18.) sz. hat. az Egészségügyi menedzser mesterképzési szak szlovák nyelven való indításáról </a></li>
</ul>

<p> <a href="https://semmelweis.hu/rektori-hivatal/files/2012/11/N-X_18_napirendelfogadása.pdf" target="_blank" rel="noopener noreferrer">N-X.18/2012. sz. hat. a szenátusi ülés napirendi pontjainak elfogadásáról </a><br />
<a href="https://semmelweis.hu/rektori-hivatal/files/2012/11/104_sz_X_-18_EDt-elnök.pdf" target="_blank" rel="noopener noreferrer">104/2012. (X.18.) sz. hat. a Semmelweis Egyetem Doktori Tanács elnökének megválasztásáról és a megválasztott elnök delegálásáról az Egyetem Szenátusába </a><br />
<a href="https://semmelweis.hu/rektori-hivatal/files/2012/11/105_sz_X_18_Patológia-DI_elnök.pdf" target="_blank" rel="noopener noreferrer">105/2012. (X.18.) sz. hat. a Patológiai Tudományok Doktori Iskola új vezetőjének megválasztásáró</a>l<br />
<a href="https://semmelweis.hu/rektori-hivatal/files/2012/11/106_a_sz_X_18_SZMSZ-módosítás.pdf" target="_blank" rel="noopener noreferrer">106/a/2012. (X.18.) sz. hat. a Semmelweis Egyetem Szervezeti és Működési Szabályzatának módosításáról </a><br />
<a href="https://semmelweis.hu/rektori-hivatal/files/2012/11/106_b_sz_X_18_SZMSZ-módosítás.pdf" target="_blank" rel="noopener noreferrer">106/b/2012. (X.18.) sz. hat. a Semmelweis Egyetem Szervezeti és Működési Szabályzatának módosításáról </a><br />
<a href="https://semmelweis.hu/rektori-hivatal/files/2012/11/107_sz_X_18_Eü-menedzser-képzés-szlovák-nyelvű.pdf" target="_blank" rel="noopener noreferrer">107/2012. (X.18.) sz. hat. az Egészségügyi menedzser mesterképzési szak szlovák nyelven való indításáról </a></p>
