{"id":75846,"date":"2020-03-23T09:10:05","date_gmt":"2020-03-23T08:10:05","guid":{"rendered":"http:\/\/semmelweis.hu\/jogigfoig\/?page_id=75846"},"modified":"2020-03-23T09:10:05","modified_gmt":"2020-03-23T08:10:05","slug":"2020-marcius-20","status":"publish","type":"page","link":"https:\/\/semmelweis.hu\/jogigfoig\/testuletek\/konzisztorium\/2020-marcius-20\/","title":{"rendered":"2020. m\u00e1rcius 20."},"content":{"rendered":"<p style=\"text-align: justify\"><a href=\"https:\/\/semmelweis.hu\/jogigfoig\/files\/2020\/03\/1_2020_III_20_sz_hat_Vagyongazdalkod\u00e1si_Terv.pdf\">A Semmelweis Egyetem Konziszt\u00f3rium\u00e1nak 1\/2020. (III. 20.) sz\u00e1m\u00fa hat\u00e1rozata a Semmelweis Egyetem 2020. \u00e9vi Vagyongazd\u00e1lkod\u00e1si Terv\u00e9r\u0151l<\/a><\/p>\n<p style=\"text-align: justify\"><a href=\"https:\/\/semmelweis.hu\/jogigfoig\/files\/2020\/03\/2_2020_III_20_sz_hat_Beszamolo.pdf\">A Semmelweis Egyetem Konziszt\u00f3rium\u00e1nak 2\/2020. (III. 20.) sz\u00e1m\u00fa hat\u00e1rozata\u00a0 a Semmelweis Egyetem 2019. \u00e9vi gazd\u00e1lkod\u00e1s\u00e1r\u00f3l sz\u00f3l\u00f3 besz\u00e1mol\u00f3 elfogad\u00e1s\u00e1r\u00f3l<\/a><\/p>\n","protected":false},"excerpt":{"rendered":"<p><a href=\"https:\/\/semmelweis.hu\/jogigfoig\/files\/2020\/03\/1_2020_III_20_sz_hat_Vagyongazdalkod\u00e1si_Terv.pdf\">A Semmelweis Egyetem Konziszt\u00f3rium\u00e1nak 1\/2020. (III. 20.) sz\u00e1m\u00fa hat\u00e1rozata a Semmelweis Egyetem 2020. \u00e9vi Vagyongazd\u00e1lkod\u00e1si Terv\u00e9r\u0151l<\/a><br \/>\n<a href=\"https:\/\/semmelweis.hu\/jogigfoig\/files\/2020\/03\/2_2020_III_20_sz_hat_Beszamolo.pdf\">A Semmelweis Egyetem Konziszt\u00f3rium\u00e1nak 2\/2020. (III. 20.) sz\u00e1m\u00fa hat\u00e1rozata\u00a0 a Semmelweis Egyetem 2019. \u00e9vi gazd\u00e1lkod\u00e1s\u00e1r\u00f3l sz\u00f3l\u00f3 besz\u00e1mol\u00f3 elfogad\u00e1s\u00e1r\u00f3l<\/a><\/p>\n","protected":false},"author":101467,"featured_media":0,"parent":4612,"menu_order":0,"comment_status":"closed","ping_status":"closed","template":"","meta":{"_acf_changed":false,"footnotes":""},"categories":[],"tags":[],"class_list":["post-75846","page","type-page","status-publish","hentry"],"acf":[],"_links":{"self":[{"href":"https:\/\/semmelweis.hu\/jogigfoig\/wp-json\/wp\/v2\/pages\/75846","targetHints":{"allow":["GET"]}}],"collection":[{"href":"https:\/\/semmelweis.hu\/jogigfoig\/wp-json\/wp\/v2\/pages"}],"about":[{"href":"https:\/\/semmelweis.hu\/jogigfoig\/wp-json\/wp\/v2\/types\/page"}],"author":[{"embeddable":true,"href":"https:\/\/semmelweis.hu\/jogigfoig\/wp-json\/wp\/v2\/users\/101467"}],"replies":[{"embeddable":true,"href":"https:\/\/semmelweis.hu\/jogigfoig\/wp-json\/wp\/v2\/comments?post=75846"}],"version-history":[{"count":1,"href":"https:\/\/semmelweis.hu\/jogigfoig\/wp-json\/wp\/v2\/pages\/75846\/revisions"}],"predecessor-version":[{"id":75849,"href":"https:\/\/semmelweis.hu\/jogigfoig\/wp-json\/wp\/v2\/pages\/75846\/revisions\/75849"}],"up":[{"embeddable":true,"href":"https:\/\/semmelweis.hu\/jogigfoig\/wp-json\/wp\/v2\/pages\/4612"}],"wp:attachment":[{"href":"https:\/\/semmelweis.hu\/jogigfoig\/wp-json\/wp\/v2\/media?parent=75846"}],"wp:term":[{"taxonomy":"category","embeddable":true,"href":"https:\/\/semmelweis.hu\/jogigfoig\/wp-json\/wp\/v2\/categories?post=75846"},{"taxonomy":"post_tag","embeddable":true,"href":"https:\/\/semmelweis.hu\/jogigfoig\/wp-json\/wp\/v2\/tags?post=75846"}],"curies":[{"name":"wp","href":"https:\/\/api.w.org\/{rel}","templated":true}]}}