{"id":7576,"date":"2017-04-19T14:58:25","date_gmt":"2017-04-19T12:58:25","guid":{"rendered":"http:\/\/semmelweis.hu\/jogigfoig\/?page_id=7576"},"modified":"2018-03-28T15:27:10","modified_gmt":"2018-03-28T13:27:10","slug":"2017-aprilis-12","status":"publish","type":"page","link":"https:\/\/semmelweis.hu\/jogigfoig\/testuletek\/konzisztorium\/2017-aprilis-12\/","title":{"rendered":"2017. \u00e1prilis 12."},"content":{"rendered":"<ul>\n<li style=\"text-align: justify\"><a href=\"https:\/\/semmelweis.hu\/jogigfoig\/files\/2017\/04\/4_IV_12_2017_vezetoi_koltsegvetes.pdf\" target=\"_blank\" rel=\"noopener\">A Semmelweis Egyetem Konziszt\u00f3rium\u00e1nak 4\/2017. ( IV. 12.) sz\u00e1m\u00fa hat\u00e1rozata a Semmelweis Egyetem 2017. \u00e9vi vezet\u0151i k\u00f6lts\u00e9gvet\u00e9se c\u00edm\u0171 el\u0151terjeszt\u00e9sr\u0151l<\/a><\/li>\n<li style=\"text-align: justify\"><a href=\"https:\/\/semmelweis.hu\/jogigfoig\/files\/2018\/03\/5_IV_12_2017_IFT.pdf\">A Semmelweis Egyetem Konziszt\u00f3rium\u00e1nak 5\/2017. (IV.12.) sz\u00e1m\u00fa hat\u00e1rozata a Semmelweis Egyetem Int\u00e9zm\u00e9nyfejleszt\u00e9si Terve c\u00edm\u0171 el\u0151terjeszt\u00e9sr\u0151l<\/a><\/li>\n<li style=\"text-align: justify\"><a href=\"https:\/\/semmelweis.hu\/jogigfoig\/files\/2018\/03\/6_IV_12_PAF_SE_integracio_2017.pdf\">A Semmelweis Egyetem Konziszt\u00f3rium\u00e1nak 6\/2017. (IV.12.) sz\u00e1m\u00fa hat\u00e1rozata a Semmelweis Egyetem \u00e9s a Pet\u0151 Andr\u00e1s F\u0151iskola integr\u00e1ci\u00f3j\u00e1r\u00f3l<\/a><\/li>\n<\/ul>\n","protected":false},"excerpt":{"rendered":"<p><a href=\"https:\/\/semmelweis.hu\/jogigfoig\/files\/2017\/04\/4_IV_12_2017_vezetoi_koltsegvetes.pdf\" target=\"_blank\" rel=\"noopener\">A Semmelweis Egyetem Konziszt\u00f3rium\u00e1nak 4\/2017. ( IV. 12.) sz\u00e1m\u00fa hat\u00e1rozata a Semmelweis Egyetem 2017. \u00e9vi vezet\u0151i k\u00f6lts\u00e9gvet\u00e9se c\u00edm\u0171 el\u0151terjeszt\u00e9sr\u0151l<\/a><br \/>\n<a href=\"https:\/\/semmelweis.hu\/jogigfoig\/files\/2018\/03\/5_IV_12_2017_IFT.pdf\">A Semmelweis Egyetem Konziszt\u00f3rium\u00e1nak 5\/2017. (IV.12.) sz\u00e1m\u00fa hat\u00e1rozata a Semmelweis Egyetem Int\u00e9zm\u00e9nyfejleszt\u00e9si Terve c\u00edm\u0171 el\u0151terjeszt\u00e9sr\u0151l<\/a><br \/>\n<a href=\"https:\/\/semmelweis.hu\/jogigfoig\/files\/2018\/03\/6_IV_12_PAF_SE_integracio_2017.pdf\">A Semmelweis Egyetem Konziszt\u00f3rium\u00e1nak 6\/2017. (IV.12.) sz\u00e1m\u00fa hat\u00e1rozata a Semmelweis Egyetem \u00e9s a Pet\u0151 Andr\u00e1s F\u0151iskola integr\u00e1ci\u00f3j\u00e1r\u00f3l<\/a><\/p>\n","protected":false},"author":101117,"featured_media":0,"parent":4612,"menu_order":14,"comment_status":"closed","ping_status":"closed","template":"","meta":{"_acf_changed":false,"footnotes":""},"categories":[],"tags":[],"class_list":["post-7576","page","type-page","status-publish","hentry"],"acf":[],"_links":{"self":[{"href":"https:\/\/semmelweis.hu\/jogigfoig\/wp-json\/wp\/v2\/pages\/7576","targetHints":{"allow":["GET"]}}],"collection":[{"href":"https:\/\/semmelweis.hu\/jogigfoig\/wp-json\/wp\/v2\/pages"}],"about":[{"href":"https:\/\/semmelweis.hu\/jogigfoig\/wp-json\/wp\/v2\/types\/page"}],"author":[{"embeddable":true,"href":"https:\/\/semmelweis.hu\/jogigfoig\/wp-json\/wp\/v2\/users\/101117"}],"replies":[{"embeddable":true,"href":"https:\/\/semmelweis.hu\/jogigfoig\/wp-json\/wp\/v2\/comments?post=7576"}],"version-history":[{"count":4,"href":"https:\/\/semmelweis.hu\/jogigfoig\/wp-json\/wp\/v2\/pages\/7576\/revisions"}],"predecessor-version":[{"id":10912,"href":"https:\/\/semmelweis.hu\/jogigfoig\/wp-json\/wp\/v2\/pages\/7576\/revisions\/10912"}],"up":[{"embeddable":true,"href":"https:\/\/semmelweis.hu\/jogigfoig\/wp-json\/wp\/v2\/pages\/4612"}],"wp:attachment":[{"href":"https:\/\/semmelweis.hu\/jogigfoig\/wp-json\/wp\/v2\/media?parent=7576"}],"wp:term":[{"taxonomy":"category","embeddable":true,"href":"https:\/\/semmelweis.hu\/jogigfoig\/wp-json\/wp\/v2\/categories?post=7576"},{"taxonomy":"post_tag","embeddable":true,"href":"https:\/\/semmelweis.hu\/jogigfoig\/wp-json\/wp\/v2\/tags?post=7576"}],"curies":[{"name":"wp","href":"https:\/\/api.w.org\/{rel}","templated":true}]}}