{"id":74433,"date":"2019-10-22T10:39:15","date_gmt":"2019-10-22T08:39:15","guid":{"rendered":"http:\/\/semmelweis.hu\/jogigfoig\/?page_id=74433"},"modified":"2019-10-22T10:39:15","modified_gmt":"2019-10-22T08:39:15","slug":"2019-oktober-21","status":"publish","type":"page","link":"https:\/\/semmelweis.hu\/jogigfoig\/testuletek\/konzisztorium\/2019-oktober-21\/","title":{"rendered":"2019. okt\u00f3ber 21."},"content":{"rendered":"<p style=\"text-align: justify\"><a href=\"https:\/\/semmelweis.hu\/jogigfoig\/files\/2019\/10\/4_2019_X_21_SZKIFI_Koltsegvetese.pdf\">A Semmelweis Egyetem\u00a0Konziszt\u00f3rium\u00e1nak\u00a04\/2019. (X. 21.) sz\u00e1m\u00fa hat\u00e1rozata\u00a0\u201eA Szakk\u00e9pz\u0151 K\u00f6znevel\u00e9si Int\u00e9zm\u00e9nyek 2019. augusztus 1. &#8211; 2019. decemberi 31. id\u0151szakra vonatkoz\u00f3 k\u00f6lts\u00e9gvet\u00e9se\u201d<\/a><\/p>\n","protected":false},"excerpt":{"rendered":"<p><a href=\"https:\/\/semmelweis.hu\/jogigfoig\/files\/2019\/10\/4_2019_X_21_SZKIFI_Koltsegvetese.pdf\">A Semmelweis Egyetem\u00a0Konziszt\u00f3rium\u00e1nak\u00a04\/2019. (X. 21.) sz\u00e1m\u00fa hat\u00e1rozata\u00a0\u201eA Szakk\u00e9pz\u0151 K\u00f6znevel\u00e9si Int\u00e9zm\u00e9nyek 2019. augusztus 1. &#8211; 2019. decemberi 31. id\u0151szakra vonatkoz\u00f3 k\u00f6lts\u00e9gvet\u00e9se\u201d<\/a><\/p>\n","protected":false},"author":101467,"featured_media":0,"parent":4612,"menu_order":0,"comment_status":"closed","ping_status":"closed","template":"","meta":{"_acf_changed":false,"footnotes":""},"categories":[],"tags":[],"class_list":["post-74433","page","type-page","status-publish","hentry"],"acf":[],"_links":{"self":[{"href":"https:\/\/semmelweis.hu\/jogigfoig\/wp-json\/wp\/v2\/pages\/74433","targetHints":{"allow":["GET"]}}],"collection":[{"href":"https:\/\/semmelweis.hu\/jogigfoig\/wp-json\/wp\/v2\/pages"}],"about":[{"href":"https:\/\/semmelweis.hu\/jogigfoig\/wp-json\/wp\/v2\/types\/page"}],"author":[{"embeddable":true,"href":"https:\/\/semmelweis.hu\/jogigfoig\/wp-json\/wp\/v2\/users\/101467"}],"replies":[{"embeddable":true,"href":"https:\/\/semmelweis.hu\/jogigfoig\/wp-json\/wp\/v2\/comments?post=74433"}],"version-history":[{"count":1,"href":"https:\/\/semmelweis.hu\/jogigfoig\/wp-json\/wp\/v2\/pages\/74433\/revisions"}],"predecessor-version":[{"id":74435,"href":"https:\/\/semmelweis.hu\/jogigfoig\/wp-json\/wp\/v2\/pages\/74433\/revisions\/74435"}],"up":[{"embeddable":true,"href":"https:\/\/semmelweis.hu\/jogigfoig\/wp-json\/wp\/v2\/pages\/4612"}],"wp:attachment":[{"href":"https:\/\/semmelweis.hu\/jogigfoig\/wp-json\/wp\/v2\/media?parent=74433"}],"wp:term":[{"taxonomy":"category","embeddable":true,"href":"https:\/\/semmelweis.hu\/jogigfoig\/wp-json\/wp\/v2\/categories?post=74433"},{"taxonomy":"post_tag","embeddable":true,"href":"https:\/\/semmelweis.hu\/jogigfoig\/wp-json\/wp\/v2\/tags?post=74433"}],"curies":[{"name":"wp","href":"https:\/\/api.w.org\/{rel}","templated":true}]}}