{"id":74299,"date":"2019-10-01T14:31:06","date_gmt":"2019-10-01T12:31:06","guid":{"rendered":"http:\/\/semmelweis.hu\/jogigfoig\/?page_id=74299"},"modified":"2020-02-07T15:01:26","modified_gmt":"2020-02-07T14:01:26","slug":"2019-szeptember-26","status":"publish","type":"page","link":"https:\/\/semmelweis.hu\/jogigfoig\/testuletek\/szenatus\/2019-evi-szenatusi-hatarozatok\/2019-szeptember-26\/","title":{"rendered":"2019. szeptember 26."},"content":{"rendered":"<p style=\"text-align: justify\"><a href=\"https:\/\/semmelweis.hu\/jogigfoig\/files\/2019\/10\/101_2019-\u0151szi-munkaterv-elfogad\u00e1s\u00e1r\u00f3l.pdf\">A Semmelweis Egyetem\u00a0Szen\u00e1tus\u00e1nak\u00a0101\/2019. (IX.26.) sz\u00e1m\u00fa hat\u00e1rozata\u00a0a Szen\u00e1tus 2019 II. f\u00e9l\u00e9vi (\u0151szi) munkaterv\u00e9r\u0151l<\/a><\/p>\n<p style=\"text-align: justify\"><a href=\"https:\/\/semmelweis.hu\/jogigfoig\/files\/2019\/10\/101_mell\u00e9klet-1_A-2019-\u0151szi-munkaterv-elfogad\u00e1s\u00e1r\u00f3l.pdf\">A Semmelweis Egyetem Szen\u00e1tus\u00e1nak 101\/2019. (IX.26.) sz\u00e1m\u00fa hat\u00e1rozata a Szen\u00e1tus 2019 II. f\u00e9l\u00e9vi (\u0151szi) munkaterv\u00e9r\u0151l &#8211; 1. sz\u00e1m\u00fa mell\u00e9klete<\/a><\/p>\n<p style=\"text-align: justify\"><a href=\"https:\/\/semmelweis.hu\/jogigfoig\/files\/2019\/10\/102_Az-SZMSZ-m\u00f3dos\u00edt\u00e1s\u00e1nak-elfogad\u00e1s\u00e1r\u00f3l.pdf\">A Semmelweis Egyetem\u00a0Szen\u00e1tus\u00e1nak\u00a0102\/2019. (IX.26.) sz\u00e1m\u00fa hat\u00e1rozata\u00a0a Szervezeti \u00e9s M\u0171k\u00f6d\u00e9si Szab\u00e1lyzat egyes rendelkez\u00e9sei m\u00f3dos\u00edt\u00e1s\u00e1nak elfogad\u00e1s\u00e1r\u00f3l<\/a><\/p>\n<p style=\"text-align: justify\"><a href=\"https:\/\/semmelweis.hu\/jogigfoig\/files\/2019\/10\/102_Kancell\u00e1ri-egyet\u00e9rt\u00e9s_az-SZMSZ-m\u00f3dos\u00edt\u00e1s\u00e1nak-elfogad\u00e1s\u00e1r\u00f3l.pdf\">A Semmelweis Egyetem Szen\u00e1tus\u00e1nak 102\/2019. (IX.26.) sz\u00e1m\u00fa hat\u00e1rozata a Szervezeti \u00e9s M\u0171k\u00f6d\u00e9si Szab\u00e1lyzat egyes rendelkez\u00e9sei m\u00f3dos\u00edt\u00e1s\u00e1nak elfogad\u00e1s\u00e1r\u00f3l &#8211; kancell\u00e1ri egyet\u00e9rt\u00e9si jog gyakorl\u00e1sa<\/a><\/p>\n<p style=\"text-align: justify\"><a href=\"https:\/\/semmelweis.hu\/jogigfoig\/files\/2019\/10\/102_mell\u00e9klet-1_az-SZMSZ-m\u00f3dos\u00edt\u00e1s\u00e1nak-elfogad\u00e1s\u00e1r\u00f3l.pdf\">A Semmelweis Egyetem Szen\u00e1tus\u00e1nak 102\/2019. (IX.26.) sz\u00e1m\u00fa hat\u00e1rozata a Szervezeti \u00e9s M\u0171k\u00f6d\u00e9si Szab\u00e1lyzat egyes rendelkez\u00e9sei m\u00f3dos\u00edt\u00e1s\u00e1nak elfogad\u00e1s\u00e1r\u00f3l &#8211; 1. sz\u00e1m\u00fa mell\u00e9klete<\/a><\/p>\n<p style=\"text-align: justify\"><a href=\"https:\/\/semmelweis.hu\/jogigfoig\/files\/2019\/10\/103_A-2019-\u00e9vi-I-VI.-havi-gazd\u00e1lkod\u00e1sr\u00f3l-sz\u00f3l\u00f3-besz\u00e1mol\u00f3-elfogad\u00e1s\u00e1r\u00f3l.pdf\">A Semmelweis Egyetem\u00a0Szen\u00e1tus\u00e1nak\u00a0103\/2019. (IX.26.) sz\u00e1m\u00fa hat\u00e1rozata a\u00a0\u201eT\u00e1j\u00e9koztat\u00f3 a Semmelweis Egyetem 2019. I-VI. havi gazd\u00e1lkod\u00e1s\u00e1r\u00f3l\u201d c\u00edm\u0171 el\u0151terjeszt\u00e9s elfogad\u00e1s\u00e1r\u00f3l<\/a><\/p>\n<p style=\"text-align: justify\"><a href=\"https:\/\/semmelweis.hu\/jogigfoig\/files\/2019\/10\/104_A-2019.-\u00e9vi-vagyongazd\u00e1lkod\u00e1s-elfogad\u00e1s\u00e1r\u00f3l.pdf\">A Semmelweis Egyetem\u00a0Szen\u00e1tus\u00e1nak\u00a0104\/2019. (IX.26.) sz\u00e1m\u00fa hat\u00e1rozata\u00a0a Semmelweis Egyetem 2019. \u00e9vi Vagyongazd\u00e1lkod\u00e1si terve c\u00edm\u0171 el\u0151terjeszt\u00e9s elfogad\u00e1s\u00e1r\u00f3l<\/a><\/p>\n<p style=\"text-align: justify\"><a href=\"https:\/\/semmelweis.hu\/jogigfoig\/files\/2019\/10\/104_Kancell\u00e1ri-egyet\u00e9rt\u00e9s_2019.-\u00e9vi-vagyongazd\u00e1lkod\u00e1s-elfogad\u00e1s\u00e1r\u00f3l.pdf\">A Semmelweis Egyetem Szen\u00e1tus\u00e1nak 104\/2019. (IX.26.) sz\u00e1m\u00fa hat\u00e1rozata a Semmelweis Egyetem 2019. \u00e9vi Vagyongazd\u00e1lkod\u00e1si terve c\u00edm\u0171 el\u0151terjeszt\u00e9s elfogad\u00e1s\u00e1r\u00f3l &#8211; kancell\u00e1ri egyet\u00e9rt\u00e9si jog gyakorl\u00e1sa<\/a><\/p>\n<p style=\"text-align: justify\"><a href=\"https:\/\/semmelweis.hu\/jogigfoig\/files\/2019\/10\/105_A-2019_2020-as-tan\u00e9v-korrig\u00e1lt-tant\u00e1rgyi-k\u00f6vetelm\u00e9nyrendszereir\u0151l-az-\u00c1OK-on.pdf\">A Semmelweis Egyetem\u00a0Szen\u00e1tus\u00e1nak\u00a0105\/2019. (IX.26.) sz\u00e1m\u00fa hat\u00e1rozata\u00a0a 2019\/2020-as tan\u00e9v korrig\u00e1lt tant\u00e1rgyi k\u00f6vetelm\u00e9nyrendszereir\u0151l\u00a0az \u00c1ltal\u00e1nos Orvostudom\u00e1nyi Karon<\/a><\/p>\n<p style=\"text-align: justify\"><a href=\"https:\/\/semmelweis.hu\/jogigfoig\/files\/2019\/10\/106_a-2019.-\u00e9vi-Semmelweis-Innov\u00e1ci\u00f3s-D\u00edjak-adom\u00e1nyoz\u00e1s\u00e1r\u00f3l.pdf\">A Semmelweis Egyetem\u00a0Szen\u00e1tus\u00e1nak\u00a0106\/2019. (IX.26.) sz\u00e1m\u00fa hat\u00e1rozata a 2019. \u00e9vi Semmelweis Innov\u00e1ci\u00f3s D\u00edjak adom\u00e1nyoz\u00e1s\u00e1r\u00f3l<\/a><\/p>\n<p style=\"text-align: justify\"><a href=\"https:\/\/semmelweis.hu\/jogigfoig\/files\/2019\/10\/106_Kancell\u00e1ri-egyet\u00e9rt\u00e9s_2019.-\u00e9vi-Semmelweis-Innov\u00e1ci\u00f3s-D\u00edjak-adom\u00e1nyoz\u00e1s\u00e1r\u00f3l.pdf\">A Semmelweis Egyetem Szen\u00e1tus\u00e1nak 106\/2019. (IX.26.) sz\u00e1m\u00fa hat\u00e1rozata a 2019. \u00e9vi Semmelweis Innov\u00e1ci\u00f3s D\u00edjak adom\u00e1nyoz\u00e1s\u00e1r\u00f3l &#8211; kancell\u00e1ri egyet\u00e9rt\u00e9si jog gyakorl\u00e1sa<\/a><\/p>\n<p style=\"text-align: justify\"><a href=\"https:\/\/semmelweis.hu\/jogigfoig\/files\/2019\/10\/107_A-Hallgat\u00f3k-Szoci\u00e1lis-\u00e9s-Es\u00e9lyegyenl\u0151s\u00e9gi-\u00dcgyeivel-Foglalkoz\u00f3-Bizotts\u00e1g-SZEB-szem\u00e9lyu-\u00f6sszet\u00e9tel\u00e9nek-m\u00f3dos\u00edt\u00e1s\u00e1r\u00f3l.pdf\">A Semmelweis Egyetem\u00a0Szen\u00e1tus\u00e1nak\u00a0107\/2019. (IX.26.) sz\u00e1m\u00fa hat\u00e1rozata\u00a0a Hallgat\u00f3k Szoci\u00e1lis \u00e9s Es\u00e9lyegyenl\u0151s\u00e9gi \u00dcgyeivel Foglalkoz\u00f3 Bizotts\u00e1g (SZEB) szem\u00e9lyi \u00f6sszet\u00e9tel\u00e9nek m\u00f3dos\u00edt\u00e1s\u00e1r\u00f3l<\/a><\/p>\n<p style=\"text-align: justify\"><a href=\"https:\/\/semmelweis.hu\/jogigfoig\/files\/2019\/10\/108_A-Semmelweis-Egyetem-az-Eg\u00e9szs\u00e9g\u00fcgyi-K\u00f6zszolg\u00e1lati-Karon-m\u0171k\u00f6d\u0151-Szen\u00e1tus-\u00e1ltal-l\u00e9trehozott-Curriculum-Kredit\u00e1tviteli-\u00e9s-Oktat\u00e1si-Bizotts\u00e1g-szem\u00e9lyi-\u00f6sszet\u00e9tel\u00e9nek-meg\u00faj\u00edt\u00e1s\u00e1r\u00f3l.pdf\">A Semmelweis Egyetem\u00a0Szen\u00e1tus\u00e1nak\u00a0108\/2019. (IX.26.) sz\u00e1m\u00fa hat\u00e1rozata a Semmelweis Egyetem az Eg\u00e9szs\u00e9g\u00fcgyi K\u00f6zszolg\u00e1lati Karon m\u0171k\u00f6d\u0151, Szen\u00e1tus \u00e1ltal l\u00e9trehozott Curriculum, Kredit\u00e1tviteli \u00e9s Oktat\u00e1si Bizotts\u00e1g szem\u00e9lyi \u00f6sszet\u00e9tel\u00e9nek meg\u00faj\u00edt\u00e1s\u00e1r\u00f3l<\/a><\/p>\n<p style=\"text-align: justify\"><a href=\"https:\/\/semmelweis.hu\/jogigfoig\/files\/2019\/10\/109_Az-aktu\u00e1lis-vezet\u0151i-illetve-oktat\u00f3i-\u00e9s-kutat\u00f3i-p\u00e1ly\u00e1zatok-v\u00e9lem\u00e9nyez\u00e9s\u00e9r\u0151l.pdf\">A Semmelweis Egyetem\u00a0Szen\u00e1tus\u00e1nak\u00a0109\/2019. (IX.26.) sz\u00e1m\u00fa hat\u00e1rozata\u00a0az aktu\u00e1lis vezet\u0151i, illetve oktat\u00f3i \u00e9s kutat\u00f3i p\u00e1ly\u00e1zatok v\u00e9lem\u00e9nyez\u00e9s\u00e9r\u0151l<\/a><\/p>\n<p style=\"text-align: justify\"><a href=\"https:\/\/semmelweis.hu\/jogigfoig\/files\/2019\/10\/109_Kancell\u00e1ri-egyet\u00e9rt\u00e9s_Az-aktu\u00e1lis-vezet\u0151i-illetve-oktat\u00f3i-\u00e9s-kutat\u00f3i-p\u00e1ly\u00e1zatok-v\u00e9lem\u00e9nyez\u00e9s\u00e9r\u0151l.pdf\">A Semmelweis Egyetem Szen\u00e1tus\u00e1nak 109\/2019. (IX.26.) sz\u00e1m\u00fa hat\u00e1rozata az aktu\u00e1lis vezet\u0151i, illetve oktat\u00f3i \u00e9s kutat\u00f3i p\u00e1ly\u00e1zatok v\u00e9lem\u00e9nyez\u00e9s\u00e9r\u0151l &#8211; kancell\u00e1ri egyet\u00e9rt\u00e9si jog gyakorl\u00e1sa<\/a><\/p>\n","protected":false},"excerpt":{"rendered":"<p><a href=\"https:\/\/semmelweis.hu\/jogigfoig\/files\/2019\/10\/101_2019-\u0151szi-munkaterv-elfogad\u00e1s\u00e1r\u00f3l.pdf\">A Semmelweis Egyetem\u00a0Szen\u00e1tus\u00e1nak\u00a0101\/2019. (IX.26.) sz\u00e1m\u00fa hat\u00e1rozata\u00a0a Szen\u00e1tus 2019 II. f\u00e9l\u00e9vi (\u0151szi) munkaterv\u00e9r\u0151l<\/a><br \/>\n<a href=\"https:\/\/semmelweis.hu\/jogigfoig\/files\/2019\/10\/101_mell\u00e9klet-1_A-2019-\u0151szi-munkaterv-elfogad\u00e1s\u00e1r\u00f3l.pdf\">A Semmelweis Egyetem Szen\u00e1tus\u00e1nak 101\/2019. (IX.26.) sz\u00e1m\u00fa hat\u00e1rozata a Szen\u00e1tus 2019 II. f\u00e9l\u00e9vi (\u0151szi) munkaterv\u00e9r\u0151l &#8211; 1. sz\u00e1m\u00fa mell\u00e9klete<\/a><br \/>\n<a href=\"https:\/\/semmelweis.hu\/jogigfoig\/files\/2019\/10\/102_Az-SZMSZ-m\u00f3dos\u00edt\u00e1s\u00e1nak-elfogad\u00e1s\u00e1r\u00f3l.pdf\">A Semmelweis Egyetem\u00a0Szen\u00e1tus\u00e1nak\u00a0102\/2019. (IX.26.) sz\u00e1m\u00fa hat\u00e1rozata\u00a0a Szervezeti \u00e9s M\u0171k\u00f6d\u00e9si Szab\u00e1lyzat egyes rendelkez\u00e9sei m\u00f3dos\u00edt\u00e1s\u00e1nak elfogad\u00e1s\u00e1r\u00f3l<\/a><br \/>\n<a href=\"https:\/\/semmelweis.hu\/jogigfoig\/files\/2019\/10\/102_Kancell\u00e1ri-egyet\u00e9rt\u00e9s_az-SZMSZ-m\u00f3dos\u00edt\u00e1s\u00e1nak-elfogad\u00e1s\u00e1r\u00f3l.pdf\">A Semmelweis Egyetem Szen\u00e1tus\u00e1nak 102\/2019. (IX.26.) sz\u00e1m\u00fa hat\u00e1rozata a Szervezeti \u00e9s M\u0171k\u00f6d\u00e9si Szab\u00e1lyzat egyes rendelkez\u00e9sei m\u00f3dos\u00edt\u00e1s\u00e1nak elfogad\u00e1s\u00e1r\u00f3l &#8211; kancell\u00e1ri egyet\u00e9rt\u00e9si jog gyakorl\u00e1sa<\/a><br \/>\n<a href=\"https:\/\/semmelweis.hu\/jogigfoig\/files\/2019\/10\/102_mell\u00e9klet-1_az-SZMSZ-m\u00f3dos\u00edt\u00e1s\u00e1nak-elfogad\u00e1s\u00e1r\u00f3l.pdf\">A Semmelweis Egyetem Szen\u00e1tus\u00e1nak 102\/2019. (IX.26.) sz\u00e1m\u00fa hat\u00e1rozata a Szervezeti \u00e9s M\u0171k\u00f6d\u00e9si Szab\u00e1lyzat egyes rendelkez\u00e9sei m\u00f3dos\u00edt\u00e1s\u00e1nak elfogad\u00e1s\u00e1r\u00f3l &#8211; 1. sz\u00e1m\u00fa mell\u00e9klete<\/a><br \/>\n<a href=\"https:\/\/semmelweis.hu\/jogigfoig\/files\/2019\/10\/103_A-2019-\u00e9vi-I-VI.-havi-gazd\u00e1lkod\u00e1sr\u00f3l-sz\u00f3l\u00f3-besz\u00e1mol\u00f3-elfogad\u00e1s\u00e1r\u00f3l.pdf\">A Semmelweis Egyetem\u00a0Szen\u00e1tus\u00e1nak\u00a0103\/2019. (IX.26.) sz\u00e1m\u00fa hat\u00e1rozata a\u00a0\u201eT\u00e1j\u00e9koztat\u00f3 a Semmelweis Egyetem 2019. I-VI. havi gazd\u00e1lkod\u00e1s\u00e1r\u00f3l\u201d c\u00edm\u0171 el\u0151terjeszt\u00e9s elfogad\u00e1s\u00e1r\u00f3l<\/a><br \/>\n<a href=\"https:\/\/semmelweis.hu\/jogigfoig\/files\/2019\/10\/104_A-2019.-\u00e9vi-vagyongazd\u00e1lkod\u00e1s-elfogad\u00e1s\u00e1r\u00f3l.pdf\">A Semmelweis Egyetem\u00a0Szen\u00e1tus\u00e1nak\u00a0104\/2019. (IX.26.) sz\u00e1m\u00fa hat\u00e1rozata\u00a0a Semmelweis Egyetem 2019. \u00e9vi Vagyongazd\u00e1lkod\u00e1si terve c\u00edm\u0171 el\u0151terjeszt\u00e9s elfogad\u00e1s\u00e1r\u00f3l<\/a><br \/>\n<a href=\"https:\/\/semmelweis.hu\/jogigfoig\/files\/2019\/10\/104_Kancell\u00e1ri-egyet\u00e9rt\u00e9s_2019.-\u00e9vi-vagyongazd\u00e1lkod\u00e1s-elfogad\u00e1s\u00e1r\u00f3l.pdf\">A Semmelweis Egyetem Szen\u00e1tus\u00e1nak 104\/2019. (IX.26.) sz\u00e1m\u00fa hat\u00e1rozata a Semmelweis Egyetem 2019. \u00e9vi Vagyongazd\u00e1lkod\u00e1si terve c\u00edm\u0171 el\u0151terjeszt\u00e9s elfogad\u00e1s\u00e1r\u00f3l &#8211; kancell\u00e1ri egyet\u00e9rt\u00e9si jog gyakorl\u00e1sa<\/a><br \/>\n<a href=\"https:\/\/semmelweis.hu\/jogigfoig\/files\/2019\/10\/105_A-2019_2020-as-tan\u00e9v-korrig\u00e1lt-tant\u00e1rgyi-k\u00f6vetelm\u00e9nyrendszereir\u0151l-az-\u00c1OK-on.pdf\">A Semmelweis Egyetem\u00a0Szen\u00e1tus\u00e1nak\u00a0105\/2019. (IX.26.) sz\u00e1m\u00fa hat\u00e1rozata\u00a0a 2019\/2020-as tan\u00e9v korrig\u00e1lt tant\u00e1rgyi k\u00f6vetelm\u00e9nyrendszereir\u0151l\u00a0az \u00c1ltal\u00e1nos Orvostudom\u00e1nyi Karon<\/a><br \/>\n<a href=\"https:\/\/semmelweis.hu\/jogigfoig\/files\/2019\/10\/106_a-2019.-\u00e9vi-Semmelweis-Innov\u00e1ci\u00f3s-D\u00edjak-adom\u00e1nyoz\u00e1s\u00e1r\u00f3l.pdf\">A Semmelweis Egyetem\u00a0Szen\u00e1tus\u00e1nak\u00a0106\/2019. (IX.26.) sz\u00e1m\u00fa hat\u00e1rozata a 2019. \u00e9vi Semmelweis Innov\u00e1ci\u00f3s D\u00edjak adom\u00e1nyoz\u00e1s\u00e1r\u00f3l<\/a><br \/>\n<a href=\"https:\/\/semmelweis.hu\/jogigfoig\/files\/2019\/10\/106_Kancell\u00e1ri-egyet\u00e9rt\u00e9s_2019.-\u00e9vi-Semmelweis-Innov\u00e1ci\u00f3s-D\u00edjak-adom\u00e1nyoz\u00e1s\u00e1r\u00f3l.pdf\">A Semmelweis Egyetem Szen\u00e1tus\u00e1nak 106\/2019. (IX.26.) sz\u00e1m\u00fa hat\u00e1rozata a 2019. \u00e9vi Semmelweis Innov\u00e1ci\u00f3s D\u00edjak adom\u00e1nyoz\u00e1s\u00e1r\u00f3l &#8211; kancell\u00e1ri egyet\u00e9rt\u00e9si jog gyakorl\u00e1sa<\/a><br \/>\n<a href=\"https:\/\/semmelweis.hu\/jogigfoig\/files\/2019\/10\/107_A-Hallgat\u00f3k-Szoci\u00e1lis-\u00e9s-Es\u00e9lyegyenl\u0151s\u00e9gi-\u00dcgyeivel-Foglalkoz\u00f3-Bizotts\u00e1g-SZEB-szem\u00e9lyu-\u00f6sszet\u00e9tel\u00e9nek-m\u00f3dos\u00edt\u00e1s\u00e1r\u00f3l.pdf\">A Semmelweis Egyetem\u00a0Szen\u00e1tus\u00e1nak\u00a0107\/2019. (IX.26.) sz\u00e1m\u00fa hat\u00e1rozata\u00a0a Hallgat\u00f3k Szoci\u00e1lis \u00e9s Es\u00e9lyegyenl\u0151s\u00e9gi \u00dcgyeivel Foglalkoz\u00f3 Bizotts\u00e1g (SZEB) szem\u00e9lyi \u00f6sszet\u00e9tel\u00e9nek m\u00f3dos\u00edt\u00e1s\u00e1r\u00f3l<\/a><br \/>\n<a href=\"https:\/\/semmelweis.hu\/jogigfoig\/files\/2019\/10\/108_A-Semmelweis-Egyetem-az-Eg\u00e9szs\u00e9g\u00fcgyi-K\u00f6zszolg\u00e1lati-Karon-m\u0171k\u00f6d\u0151-Szen\u00e1tus-\u00e1ltal-l\u00e9trehozott-Curriculum-Kredit\u00e1tviteli-\u00e9s-Oktat\u00e1si-Bizotts\u00e1g-szem\u00e9lyi-\u00f6sszet\u00e9tel\u00e9nek-meg\u00faj\u00edt\u00e1s\u00e1r\u00f3l.pdf\">A Semmelweis Egyetem\u00a0Szen\u00e1tus\u00e1nak\u00a0108\/2019. (IX.26.) sz\u00e1m\u00fa hat\u00e1rozata a Semmelweis Egyetem az Eg\u00e9szs\u00e9g\u00fcgyi K\u00f6zszolg\u00e1lati Karon m\u0171k\u00f6d\u0151, Szen\u00e1tus \u00e1ltal l\u00e9trehozott Curriculum, Kredit\u00e1tviteli \u00e9s Oktat\u00e1si Bizotts\u00e1g szem\u00e9lyi \u00f6sszet\u00e9tel\u00e9nek meg\u00faj\u00edt\u00e1s\u00e1r\u00f3l<\/a><br \/>\n<a href=\"https:\/\/semmelweis.hu\/jogigfoig\/files\/2019\/10\/109_Az-aktu\u00e1lis-vezet\u0151i-illetve-oktat\u00f3i-\u00e9s-kutat\u00f3i-p\u00e1ly\u00e1zatok-v\u00e9lem\u00e9nyez\u00e9s\u00e9r\u0151l.pdf\">A Semmelweis Egyetem\u00a0Szen\u00e1tus\u00e1nak\u00a0109\/2019. (IX.26.) sz\u00e1m\u00fa hat\u00e1rozata\u00a0az aktu\u00e1lis vezet\u0151i, illetve oktat\u00f3i \u00e9s kutat\u00f3i p\u00e1ly\u00e1zatok v\u00e9lem\u00e9nyez\u00e9s\u00e9r\u0151l<\/a><br \/>\n<a href=\"https:\/\/semmelweis.hu\/jogigfoig\/files\/2019\/10\/109_Kancell\u00e1ri-egyet\u00e9rt\u00e9s_Az-aktu\u00e1lis-vezet\u0151i-illetve-oktat\u00f3i-\u00e9s-kutat\u00f3i-p\u00e1ly\u00e1zatok-v\u00e9lem\u00e9nyez\u00e9s\u00e9r\u0151l.pdf\">A Semmelweis Egyetem Szen\u00e1tus\u00e1nak 109\/2019. (IX.26.) sz\u00e1m\u00fa hat\u00e1rozata az aktu\u00e1lis vezet\u0151i, illetve oktat\u00f3i \u00e9s kutat\u00f3i p\u00e1ly\u00e1zatok v\u00e9lem\u00e9nyez\u00e9s\u00e9r\u0151l &#8211; kancell\u00e1ri egyet\u00e9rt\u00e9si jog gyakorl\u00e1sa<\/a><\/p>\n","protected":false},"author":101467,"featured_media":0,"parent":72499,"menu_order":11,"comment_status":"closed","ping_status":"closed","template":"","meta":{"_acf_changed":false,"footnotes":""},"categories":[],"tags":[],"class_list":["post-74299","page","type-page","status-publish","hentry"],"acf":[],"_links":{"self":[{"href":"https:\/\/semmelweis.hu\/jogigfoig\/wp-json\/wp\/v2\/pages\/74299","targetHints":{"allow":["GET"]}}],"collection":[{"href":"https:\/\/semmelweis.hu\/jogigfoig\/wp-json\/wp\/v2\/pages"}],"about":[{"href":"https:\/\/semmelweis.hu\/jogigfoig\/wp-json\/wp\/v2\/types\/page"}],"author":[{"embeddable":true,"href":"https:\/\/semmelweis.hu\/jogigfoig\/wp-json\/wp\/v2\/users\/101467"}],"replies":[{"embeddable":true,"href":"https:\/\/semmelweis.hu\/jogigfoig\/wp-json\/wp\/v2\/comments?post=74299"}],"version-history":[{"count":2,"href":"https:\/\/semmelweis.hu\/jogigfoig\/wp-json\/wp\/v2\/pages\/74299\/revisions"}],"predecessor-version":[{"id":74316,"href":"https:\/\/semmelweis.hu\/jogigfoig\/wp-json\/wp\/v2\/pages\/74299\/revisions\/74316"}],"up":[{"embeddable":true,"href":"https:\/\/semmelweis.hu\/jogigfoig\/wp-json\/wp\/v2\/pages\/72499"}],"wp:attachment":[{"href":"https:\/\/semmelweis.hu\/jogigfoig\/wp-json\/wp\/v2\/media?parent=74299"}],"wp:term":[{"taxonomy":"category","embeddable":true,"href":"https:\/\/semmelweis.hu\/jogigfoig\/wp-json\/wp\/v2\/categories?post=74299"},{"taxonomy":"post_tag","embeddable":true,"href":"https:\/\/semmelweis.hu\/jogigfoig\/wp-json\/wp\/v2\/tags?post=74299"}],"curies":[{"name":"wp","href":"https:\/\/api.w.org\/{rel}","templated":true}]}}