{"id":72509,"date":"2019-02-05T14:28:48","date_gmt":"2019-02-05T13:28:48","guid":{"rendered":"http:\/\/semmelweis.hu\/jogigfoig\/?page_id=72509"},"modified":"2020-02-07T15:03:23","modified_gmt":"2020-02-07T14:03:23","slug":"2019-januar-31","status":"publish","type":"page","link":"https:\/\/semmelweis.hu\/jogigfoig\/testuletek\/szenatus\/2019-evi-szenatusi-hatarozatok\/2019-januar-31\/","title":{"rendered":"2019. janu\u00e1r 31.\u00a0"},"content":{"rendered":"<p style=\"text-align: justify\"><a href=\"https:\/\/semmelweis.hu\/jogigfoig\/files\/2019\/02\/N-1_I_31_2019_sz_hat_napirend1.pdf\">N-1. (I. 31.)\/2019. sz\u00e1m\u00fa hat\u00e1rozata\u00a0a szen\u00e1tusi \u00fcl\u00e9s m\u00f3dos\u00edtott napirendi pontjainak elfogad\u00e1s\u00e1r\u00f3l<\/a><\/p>\n<p style=\"text-align: justify\"><a href=\"https:\/\/semmelweis.hu\/jogigfoig\/files\/2019\/02\/N-2_I_31_2019_sz_hat_napirend1.pdf\">N\/2 (I. 31.) \/2019. sz\u00e1m\u00fa hat\u00e1rozata\u00a0a szen\u00e1tusi \u00fcl\u00e9s napirendi pontjainak kieg\u00e9sz\u00edt\u00e9s\u00e9r\u0151l<\/a><\/p>\n<p style=\"text-align: justify\"><a href=\"https:\/\/semmelweis.hu\/jogigfoig\/files\/2019\/02\/N-3_I_31_2019_sz_hat_napirend3.pdf\">N\/3 (I. 31.) \/2019. sz\u00e1m\u00fa hat\u00e1rozata\u00a0a szen\u00e1tusi \u00fcl\u00e9s napirendi pontjainak kieg\u00e9sz\u00edt\u00e9s\u00e9r\u0151l<\/a><\/p>\n<p style=\"text-align: justify\"><a href=\"https:\/\/semmelweis.hu\/jogigfoig\/files\/2019\/02\/2_2019_0131_sz_hat_munkaltatoi_jogkor.pdf\">2\/2019. (I.31.) sz\u00e1m\u00fa hat\u00e1rozata\u00a0a munk\u00e1ltat\u00f3i jogk\u00f6r gyakorl\u00e1s\u00e1t \u00e9rint\u0151 kancell\u00e1ri int\u00e9zked\u00e9s t\u00e1rgy\u00e1ban tett szen\u00e1tusi \u00e1ll\u00e1sfoglal\u00e1sr\u00f3l<\/a><\/p>\n<p style=\"text-align: justify\"><a href=\"https:\/\/semmelweis.hu\/jogigfoig\/files\/2019\/02\/3_2019_0131_sz_hat_SE_fejleszteserol.pdf\">3\/2019. (I.31.) sz\u00e1m\u00fa hat\u00e1rozata\u00a0a Semmelweis Egyetem fejleszt\u00e9s\u00e9r\u0151l<\/a><\/p>\n<p style=\"text-align: justify\"><a href=\"https:\/\/semmelweis.hu\/jogigfoig\/files\/2019\/02\/4_2019_0131_sz_hat_I_felevi_munkaterv_elfogadasa.pdf\">4\/2019. (I. 31.) sz\u00e1m\u00fa hat\u00e1rozata\u00a0a Szen\u00e1tus 2019. \u00e9v I. f\u00e9l\u00e9vi <em>(tavaszi szemeszter)<\/em> \u00fcl\u00e9s- \u00e9s munkaterv\u00e9nek elfogad\u00e1s\u00e1r\u00f3l<\/a><\/p>\n<p style=\"text-align: justify\"><a href=\"https:\/\/semmelweis.hu\/jogigfoig\/files\/2019\/02\/5_2019_0131_sz_hat_SZMSZ_modositas.pdf\">5\/2019. (I.31.) sz\u00e1m\u00fa hat\u00e1rozata\u00a0a Szervezeti \u00e9s M\u0171k\u00f6d\u00e9si Szab\u00e1lyzat egyes rendelkez\u00e9seinek m\u00f3dos\u00edt\u00e1s\u00e1r\u00f3l<\/a><\/p>\n<p style=\"text-align: justify\"><a href=\"https:\/\/semmelweis.hu\/jogigfoig\/files\/2019\/02\/6_2019_0131_sz_hat_jo_tanulo_jo_sportolo_cim.pdf\">6\/2019. (I.31.) sz\u00e1m\u00fa hat\u00e1rozata a\u00a0 \u201eJ\u00f3 tanul\u00f3 \u2013 j\u00f3 sportol\u00f3\u201d kit\u00fcntet\u0151 c\u00edmek oda\u00edt\u00e9l\u00e9s\u00e9r\u0151l\u00a0c\u00edm\u0171 el\u0151terjeszt\u00e9s elfogad\u00e1s\u00e1r\u00f3l<\/a><\/p>\n<p style=\"text-align: justify\"><a href=\"https:\/\/semmelweis.hu\/jogigfoig\/files\/2019\/02\/7_2019_I_31_hatarozat_SzMSz_TJSZ_1sz_melleklet_mod.pdf\">7\/2019. (I.\/31.) sz\u00e1m\u00fa hat\u00e1rozata\u00a0a Szervezeti \u00e9s M\u0171k\u00f6d\u00e9si Szab\u00e1lyzat III. r\u00e9sz IV. fejezet T\u00e9r\u00edt\u00e9si \u00e9s Juttat\u00e1si Szab\u00e1lyzat\u00a0sz\u00e1m\u00fa mell\u00e9klet egyes rendelkez\u00e9sei m\u00f3dos\u00edt\u00e1s\u00e1nak\u00a0elfogad\u00e1s\u00e1r\u00f3l<\/a><\/p>\n<p style=\"text-align: justify\"><a href=\"https:\/\/semmelweis.hu\/jogigfoig\/files\/2019\/02\/8_2019_I_31_hatarozat_SzMSz_TJSZ_jav\u00edtas_ETK_osztondij.pdf\">8\/2019. (I.31.) sz\u00e1m\u00fa hat\u00e1rozata\u00a0A Szervezeti \u00e9s M\u0171k\u00f6d\u00e9si Szab\u00e1lyzat III. r\u00e9sz IV. fejezet\u00a0T\u00e9r\u00edt\u00e9si \u00e9s Juttat\u00e1si Szab\u00e1lyzat egyes rendelkez\u00e9s\u00e9nek m\u00f3dos\u00edt\u00e1s\u00e1r\u00f3l<\/a><\/p>\n<p style=\"text-align: justify\"><a href=\"https:\/\/semmelweis.hu\/jogigfoig\/files\/2019\/02\/9_2019_0131_sz_hat_KPI_es_HIF_docensi_allashely.pdf\">9\/2019. (I. 31.) sz\u00e1m\u00fa hat\u00e1rozata\u00a0a Kondukt\u00edv Pedag\u00f3giai Int\u00e9zet \u00e9s a Hum\u00e1ntudom\u00e1nyi Int\u00e9zet f\u0151iskolai docensi \u00e1ll\u00e1shely\u00e9re be\u00e9rkezett p\u00e1ly\u00e1zatok v\u00e9lem\u00e9nyez\u00e9s\u00e9r\u0151l<\/a><\/p>\n<p style=\"text-align: justify\"><a href=\"https:\/\/semmelweis.hu\/jogigfoig\/files\/2019\/02\/10_2019_0131_sz_hat_EKK_MI_szocialis_munka_tovabbkepzesi_szak_inditasa.pdf\">10\/2019. (I.31.) sz\u00e1m\u00fa hat\u00e1rozata\u00a0az Eg\u00e9szs\u00e9g\u00fcgyi K\u00f6zszolg\u00e1lati Kar Ment\u00e1lhigi\u00e9n\u00e9 Int\u00e9zet\u00a0iskolai szoci\u00e1lis munka szakir\u00e1ny\u00fa tov\u00e1bbk\u00e9pz\u00e9si szak\u00a0l\u00e9tes\u00edt\u00e9s\u00e9nek \u00e9s ind\u00edt\u00e1s\u00e1nak elfogad\u00e1s\u00e1r\u00f3l<\/a><\/p>\n<p style=\"text-align: justify\"><a href=\"https:\/\/semmelweis.hu\/jogigfoig\/files\/2019\/02\/11_2019_0131_sz_hat_EKK_EMK_egeszsegugyi_menedzser_kepzes.pdf\">11\/2019 (I.31.) sz\u00e1m\u00fa hat\u00e1rozata\u00a0az Eg\u00e9szs\u00e9g\u00fcgyi K\u00f6zszolg\u00e1lati Kar Eg\u00e9szs\u00e9g\u00fcgyi Menedzserk\u00e9pz\u0151 K\u00f6zpont\u00a0eg\u00e9szs\u00e9g\u00fcgyi menedzser mesterk\u00e9pz\u00e9si szak\u00a0mintatanterv\u00e9nek m\u00f3dos\u00edt\u00e1s\u00e1r\u00f3l<\/a><\/p>\n","protected":false},"excerpt":{"rendered":"<p><a href=\"https:\/\/semmelweis.hu\/jogigfoig\/files\/2019\/02\/N-1_I_31_2019_sz_hat_napirend1.pdf\">N-1. (I. 31.)\/2019. sz\u00e1m\u00fa hat\u00e1rozata\u00a0a szen\u00e1tusi \u00fcl\u00e9s m\u00f3dos\u00edtott napirendi pontjainak elfogad\u00e1s\u00e1r\u00f3l<\/a><br \/>\n<a href=\"https:\/\/semmelweis.hu\/jogigfoig\/files\/2019\/02\/N-2_I_31_2019_sz_hat_napirend1.pdf\">N\/2 (I. 31.) \/2019. sz\u00e1m\u00fa hat\u00e1rozata\u00a0a szen\u00e1tusi \u00fcl\u00e9s napirendi pontjainak kieg\u00e9sz\u00edt\u00e9s\u00e9r\u0151l<\/a><br \/>\n<a href=\"https:\/\/semmelweis.hu\/jogigfoig\/files\/2019\/02\/N-3_I_31_2019_sz_hat_napirend3.pdf\">N\/3 (I. 31.) \/2019. sz\u00e1m\u00fa hat\u00e1rozata\u00a0a szen\u00e1tusi \u00fcl\u00e9s napirendi pontjainak kieg\u00e9sz\u00edt\u00e9s\u00e9r\u0151l<\/a><br \/>\n<a href=\"https:\/\/semmelweis.hu\/jogigfoig\/files\/2019\/02\/2_2019_0131_sz_hat_munkaltatoi_jogkor.pdf\">2\/2019. (I.31.) sz\u00e1m\u00fa hat\u00e1rozata\u00a0a munk\u00e1ltat\u00f3i jogk\u00f6r gyakorl\u00e1s\u00e1t \u00e9rint\u0151 kancell\u00e1ri int\u00e9zked\u00e9s t\u00e1rgy\u00e1ban tett szen\u00e1tusi \u00e1ll\u00e1sfoglal\u00e1sr\u00f3l<\/a><br \/>\n<a href=\"https:\/\/semmelweis.hu\/jogigfoig\/files\/2019\/02\/3_2019_0131_sz_hat_SE_fejleszteserol.pdf\">3\/2019. (I.31.) sz\u00e1m\u00fa hat\u00e1rozata\u00a0a Semmelweis Egyetem fejleszt\u00e9s\u00e9r\u0151l<\/a><br \/>\n<a href=\"https:\/\/semmelweis.hu\/jogigfoig\/files\/2019\/02\/4_2019_0131_sz_hat_I_felevi_munkaterv_elfogadasa.pdf\">4\/2019. (I. 31.) sz\u00e1m\u00fa hat\u00e1rozata\u00a0a Szen\u00e1tus 2019. \u00e9v I. f\u00e9l\u00e9vi (tavaszi szemeszter) \u00fcl\u00e9s- \u00e9s munkaterv\u00e9nek elfogad\u00e1s\u00e1r\u00f3l<\/a><br \/>\n<a href=\"https:\/\/semmelweis.hu\/jogigfoig\/files\/2019\/02\/5_2019_0131_sz_hat_SZMSZ_modositas.pdf\">5\/2019. (I.31.) sz\u00e1m\u00fa hat\u00e1rozata\u00a0a Szervezeti \u00e9s M\u0171k\u00f6d\u00e9si Szab\u00e1lyzat egyes rendelkez\u00e9seinek m\u00f3dos\u00edt\u00e1s\u00e1r\u00f3l<\/a><br \/>\n<a href=\"https:\/\/semmelweis.hu\/jogigfoig\/files\/2019\/02\/6_2019_0131_sz_hat_jo_tanulo_jo_sportolo_cim.pdf\">6\/2019. (I.31.) sz\u00e1m\u00fa hat\u00e1rozata a\u00a0 \u201eJ\u00f3 tanul\u00f3 \u2013 j\u00f3 sportol\u00f3\u201d kit\u00fcntet\u0151 c\u00edmek oda\u00edt\u00e9l\u00e9s\u00e9r\u0151l\u00a0c\u00edm\u0171 el\u0151terjeszt\u00e9s elfogad\u00e1s\u00e1r\u00f3l<\/a><br \/>\n<a href=\"https:\/\/semmelweis.hu\/jogigfoig\/files\/2019\/02\/7_2019_I_31_hatarozat_SzMSz_TJSZ_1sz_melleklet_mod.pdf\">7\/2019. (I.\/31.) sz\u00e1m\u00fa hat\u00e1rozata\u00a0a Szervezeti \u00e9s M\u0171k\u00f6d\u00e9si Szab\u00e1lyzat III. r\u00e9sz IV. fejezet T\u00e9r\u00edt\u00e9si \u00e9s Juttat\u00e1si Szab\u00e1lyzat\u00a0sz\u00e1m\u00fa mell\u00e9klet egyes rendelkez\u00e9sei m\u00f3dos\u00edt\u00e1s\u00e1nak\u00a0elfogad\u00e1s\u00e1r\u00f3l<\/a><br \/>\n<a href=\"https:\/\/semmelweis.hu\/jogigfoig\/files\/2019\/02\/8_2019_I_31_hatarozat_SzMSz_TJSZ_jav\u00edtas_ETK_osztondij.pdf\">8\/2019. (I.31.) sz\u00e1m\u00fa hat\u00e1rozata\u00a0A Szervezeti \u00e9s M\u0171k\u00f6d\u00e9si Szab\u00e1lyzat III. r\u00e9sz IV. fejezet\u00a0T\u00e9r\u00edt\u00e9si \u00e9s Juttat\u00e1si Szab\u00e1lyzat egyes rendelkez\u00e9s\u00e9nek m\u00f3dos\u00edt\u00e1s\u00e1r\u00f3l<\/a><br \/>\n<a href=\"https:\/\/semmelweis.hu\/jogigfoig\/files\/2019\/02\/9_2019_0131_sz_hat_KPI_es_HIF_docensi_allashely.pdf\">9\/2019. (I. 31.) sz\u00e1m\u00fa hat\u00e1rozata\u00a0a Kondukt\u00edv Pedag\u00f3giai Int\u00e9zet \u00e9s a Hum\u00e1ntudom\u00e1nyi Int\u00e9zet f\u0151iskolai docensi \u00e1ll\u00e1shely\u00e9re be\u00e9rkezett p\u00e1ly\u00e1zatok v\u00e9lem\u00e9nyez\u00e9s\u00e9r\u0151l<\/a><br \/>\n<a href=\"https:\/\/semmelweis.hu\/jogigfoig\/files\/2019\/02\/10_2019_0131_sz_hat_EKK_MI_szocialis_munka_tovabbkepzesi_szak_inditasa.pdf\">10\/2019. (I.31.) sz\u00e1m\u00fa hat\u00e1rozata\u00a0az Eg\u00e9szs\u00e9g\u00fcgyi K\u00f6zszolg\u00e1lati Kar Ment\u00e1lhigi\u00e9n\u00e9 Int\u00e9zet\u00a0iskolai szoci\u00e1lis munka szakir\u00e1ny\u00fa tov\u00e1bbk\u00e9pz\u00e9si szak\u00a0l\u00e9tes\u00edt\u00e9s\u00e9nek \u00e9s ind\u00edt\u00e1s\u00e1nak elfogad\u00e1s\u00e1r\u00f3l<\/a><br \/>\n<a href=\"https:\/\/semmelweis.hu\/jogigfoig\/files\/2019\/02\/11_2019_0131_sz_hat_EKK_EMK_egeszsegugyi_menedzser_kepzes.pdf\">11\/2019 (I.31.) sz\u00e1m\u00fa hat\u00e1rozata\u00a0az Eg\u00e9szs\u00e9g\u00fcgyi K\u00f6zszolg\u00e1lati Kar Eg\u00e9szs\u00e9g\u00fcgyi Menedzserk\u00e9pz\u0151 K\u00f6zpont\u00a0eg\u00e9szs\u00e9g\u00fcgyi menedzser mesterk\u00e9pz\u00e9si szak\u00a0mintatanterv\u00e9nek m\u00f3dos\u00edt\u00e1s\u00e1r\u00f3l<\/a><\/p>\n","protected":false},"author":101467,"featured_media":0,"parent":72499,"menu_order":2,"comment_status":"closed","ping_status":"closed","template":"","meta":{"_acf_changed":false,"footnotes":""},"categories":[],"tags":[],"class_list":["post-72509","page","type-page","status-publish","hentry"],"acf":[],"_links":{"self":[{"href":"https:\/\/semmelweis.hu\/jogigfoig\/wp-json\/wp\/v2\/pages\/72509","targetHints":{"allow":["GET"]}}],"collection":[{"href":"https:\/\/semmelweis.hu\/jogigfoig\/wp-json\/wp\/v2\/pages"}],"about":[{"href":"https:\/\/semmelweis.hu\/jogigfoig\/wp-json\/wp\/v2\/types\/page"}],"author":[{"embeddable":true,"href":"https:\/\/semmelweis.hu\/jogigfoig\/wp-json\/wp\/v2\/users\/101467"}],"replies":[{"embeddable":true,"href":"https:\/\/semmelweis.hu\/jogigfoig\/wp-json\/wp\/v2\/comments?post=72509"}],"version-history":[{"count":7,"href":"https:\/\/semmelweis.hu\/jogigfoig\/wp-json\/wp\/v2\/pages\/72509\/revisions"}],"predecessor-version":[{"id":72569,"href":"https:\/\/semmelweis.hu\/jogigfoig\/wp-json\/wp\/v2\/pages\/72509\/revisions\/72569"}],"up":[{"embeddable":true,"href":"https:\/\/semmelweis.hu\/jogigfoig\/wp-json\/wp\/v2\/pages\/72499"}],"wp:attachment":[{"href":"https:\/\/semmelweis.hu\/jogigfoig\/wp-json\/wp\/v2\/media?parent=72509"}],"wp:term":[{"taxonomy":"category","embeddable":true,"href":"https:\/\/semmelweis.hu\/jogigfoig\/wp-json\/wp\/v2\/categories?post=72509"},{"taxonomy":"post_tag","embeddable":true,"href":"https:\/\/semmelweis.hu\/jogigfoig\/wp-json\/wp\/v2\/tags?post=72509"}],"curies":[{"name":"wp","href":"https:\/\/api.w.org\/{rel}","templated":true}]}}