{"id":71637,"date":"2018-09-17T15:14:28","date_gmt":"2018-09-17T13:14:28","guid":{"rendered":"http:\/\/semmelweis.hu\/jogigfoig\/?page_id=71637"},"modified":"2025-10-09T11:07:11","modified_gmt":"2025-10-09T09:07:11","slug":"egyetemi-varolista-szabalyzat","status":"publish","type":"page","link":"https:\/\/semmelweis.hu\/jogigfoig\/dokumentumtar\/szabalyzattar\/egyetemi-varolista-szabalyzat\/","title":{"rendered":"Egyetemi v\u00e1r\u00f3lista szab\u00e1lyzat"},"content":{"rendered":"<p style=\"text-align: justify\"><strong>A szab\u00e1lyzat aktu\u00e1lis v\u00e1ltozata:<\/strong> <a href=\"https:\/\/semmelweis.hu\/jogigfoig\/files\/2024\/10\/Egyetemi_varolista_szabalyzat_hataly_2024.XI_.01-tol.pdf\">Egyetemi v\u00e1r\u00f3lista szab\u00e1lyzat<\/a><\/p>\n<p style=\"text-align: justify\"><strong>Elfogad\u00e1s\u00e1r\u00f3l rendelkez\u0151 hat\u00e1rozat:<\/strong>\u00a0<a href=\"https:\/\/semmelweis.hu\/jogigfoig\/files\/2022\/05\/33_2022_Szabalyzatok-Konyve-I.utem_.pdf\">33\/2022. (V.13.)<\/a><br \/>\n<strong>Hat\u00e1rozat t\u00edpusa:<\/strong>\u00a0Szen\u00e1tusi<br \/>\n<strong>Hat\u00e1ly: <\/strong>2024.XI.01.<\/p>\n<p style=\"text-align: justify\"><strong>Kapcsol\u00f3d\u00f3 utas\u00edt\u00e1s:<\/strong><\/p>\n<p>&nbsp;<\/p>\n<p>&nbsp;<\/p>\n","protected":false},"excerpt":{"rendered":"<p>A szab\u00e1lyzat aktu\u00e1lis v\u00e1ltozata: <a href=\"https:\/\/semmelweis.hu\/jogigfoig\/files\/2024\/10\/Egyetemi_varolista_szabalyzat_hataly_2024.XI_.01-tol.pdf\">Egyetemi v\u00e1r\u00f3lista szab\u00e1lyzat<\/a><br \/>\nElfogad\u00e1s\u00e1r\u00f3l rendelkez\u0151 hat\u00e1rozat:\u00a0<a href=\"https:\/\/semmelweis.hu\/jogigfoig\/files\/2022\/05\/33_2022_Szabalyzatok-Konyve-I.utem_.pdf\">33\/2022. (V.13.)<\/a><br \/>\nHat\u00e1rozat t\u00edpusa:\u00a0Szen\u00e1tusi<br \/>\nHat\u00e1ly: 2024.XI.01.<br \/>\nKapcsol\u00f3d\u00f3 utas\u00edt\u00e1s:<br \/>\n&nbsp;<br \/>\n&nbsp;<\/p>\n","protected":false},"author":101467,"featured_media":0,"parent":41,"menu_order":0,"comment_status":"closed","ping_status":"closed","template":"","meta":{"_acf_changed":false,"footnotes":""},"categories":[],"tags":[],"class_list":["post-71637","page","type-page","status-publish","hentry"],"acf":[],"_links":{"self":[{"href":"https:\/\/semmelweis.hu\/jogigfoig\/wp-json\/wp\/v2\/pages\/71637","targetHints":{"allow":["GET"]}}],"collection":[{"href":"https:\/\/semmelweis.hu\/jogigfoig\/wp-json\/wp\/v2\/pages"}],"about":[{"href":"https:\/\/semmelweis.hu\/jogigfoig\/wp-json\/wp\/v2\/types\/page"}],"author":[{"embeddable":true,"href":"https:\/\/semmelweis.hu\/jogigfoig\/wp-json\/wp\/v2\/users\/101467"}],"replies":[{"embeddable":true,"href":"https:\/\/semmelweis.hu\/jogigfoig\/wp-json\/wp\/v2\/comments?post=71637"}],"version-history":[{"count":11,"href":"https:\/\/semmelweis.hu\/jogigfoig\/wp-json\/wp\/v2\/pages\/71637\/revisions"}],"predecessor-version":[{"id":101983,"href":"https:\/\/semmelweis.hu\/jogigfoig\/wp-json\/wp\/v2\/pages\/71637\/revisions\/101983"}],"up":[{"embeddable":true,"href":"https:\/\/semmelweis.hu\/jogigfoig\/wp-json\/wp\/v2\/pages\/41"}],"wp:attachment":[{"href":"https:\/\/semmelweis.hu\/jogigfoig\/wp-json\/wp\/v2\/media?parent=71637"}],"wp:term":[{"taxonomy":"category","embeddable":true,"href":"https:\/\/semmelweis.hu\/jogigfoig\/wp-json\/wp\/v2\/categories?post=71637"},{"taxonomy":"post_tag","embeddable":true,"href":"https:\/\/semmelweis.hu\/jogigfoig\/wp-json\/wp\/v2\/tags?post=71637"}],"curies":[{"name":"wp","href":"https:\/\/api.w.org\/{rel}","templated":true}]}}