{"id":71261,"date":"2018-07-12T18:22:39","date_gmt":"2018-07-12T16:22:39","guid":{"rendered":"http:\/\/semmelweis.hu\/jogigfoig\/?page_id=71261"},"modified":"2020-02-07T15:06:09","modified_gmt":"2020-02-07T14:06:09","slug":"2018-julius-11","status":"publish","type":"page","link":"https:\/\/semmelweis.hu\/jogigfoig\/testuletek\/szenatus\/2018-evi-szenatusi-hatarozatok\/2018-julius-11\/","title":{"rendered":"2018. j\u00falius 10. (elektronikus szavaz\u00e1s)"},"content":{"rendered":"<p><a href=\"https:\/\/semmelweis.hu\/jogigfoig\/files\/2018\/07\/94_2018_VII.10_sz.hat_PAF-k\u00e9pz\u00e9s_pedag\u00f3gus-szakvizsga.pdf\">A Semmelweis Egyetem\u00a0Szen\u00e1tus\u00e1nak\u00a094\/2018. (VII. 10) sz\u00e1m\u00fa hat\u00e1rozata\u00a0\u201epedag\u00f3gus szakvizsga szakszolg\u00e1lati ter\u00fcleten\u201d szakir\u00e1ny\u00fa tov\u00e1bbk\u00e9pz\u00e9s a Pet\u0151 Andr\u00e1s Karon ind\u00edt\u00e1s\u00e1nak t\u00e1mogat\u00e1s\u00e1r\u00f3l<\/a><\/p>\n<p><a href=\"https:\/\/semmelweis.hu\/jogigfoig\/files\/2018\/07\/K\u00f6zz\u00e9t\u00e9tel_hat\u00e1rozat_PAK_k\u00e9pz\u00e9s_pedag\u00f3gus-szakvizsga.pdf\">K\u00f6zz\u00e9t\u00e9teli hat\u00e1rozat<\/a><\/p>\n","protected":false},"excerpt":{"rendered":"<p><a href=\"https:\/\/semmelweis.hu\/jogigfoig\/files\/2018\/07\/94_2018_VII.10_sz.hat_PAF-k\u00e9pz\u00e9s_pedag\u00f3gus-szakvizsga.pdf\">A Semmelweis Egyetem\u00a0Szen\u00e1tus\u00e1nak\u00a094\/2018. (VII. 10) sz\u00e1m\u00fa hat\u00e1rozata\u00a0\u201epedag\u00f3gus szakvizsga szakszolg\u00e1lati ter\u00fcleten\u201d szakir\u00e1ny\u00fa tov\u00e1bbk\u00e9pz\u00e9s a Pet\u0151 Andr\u00e1s Karon ind\u00edt\u00e1s\u00e1nak t\u00e1mogat\u00e1s\u00e1r\u00f3l<\/a><br \/>\n<a href=\"https:\/\/semmelweis.hu\/jogigfoig\/files\/2018\/07\/K\u00f6zz\u00e9t\u00e9tel_hat\u00e1rozat_PAK_k\u00e9pz\u00e9s_pedag\u00f3gus-szakvizsga.pdf\">K\u00f6zz\u00e9t\u00e9teli hat\u00e1rozat<\/a><\/p>\n","protected":false},"author":101095,"featured_media":0,"parent":10434,"menu_order":8,"comment_status":"closed","ping_status":"closed","template":"","meta":{"_acf_changed":false,"footnotes":""},"categories":[],"tags":[],"class_list":["post-71261","page","type-page","status-publish","hentry"],"acf":[],"_links":{"self":[{"href":"https:\/\/semmelweis.hu\/jogigfoig\/wp-json\/wp\/v2\/pages\/71261","targetHints":{"allow":["GET"]}}],"collection":[{"href":"https:\/\/semmelweis.hu\/jogigfoig\/wp-json\/wp\/v2\/pages"}],"about":[{"href":"https:\/\/semmelweis.hu\/jogigfoig\/wp-json\/wp\/v2\/types\/page"}],"author":[{"embeddable":true,"href":"https:\/\/semmelweis.hu\/jogigfoig\/wp-json\/wp\/v2\/users\/101095"}],"replies":[{"embeddable":true,"href":"https:\/\/semmelweis.hu\/jogigfoig\/wp-json\/wp\/v2\/comments?post=71261"}],"version-history":[{"count":5,"href":"https:\/\/semmelweis.hu\/jogigfoig\/wp-json\/wp\/v2\/pages\/71261\/revisions"}],"predecessor-version":[{"id":71386,"href":"https:\/\/semmelweis.hu\/jogigfoig\/wp-json\/wp\/v2\/pages\/71261\/revisions\/71386"}],"up":[{"embeddable":true,"href":"https:\/\/semmelweis.hu\/jogigfoig\/wp-json\/wp\/v2\/pages\/10434"}],"wp:attachment":[{"href":"https:\/\/semmelweis.hu\/jogigfoig\/wp-json\/wp\/v2\/media?parent=71261"}],"wp:term":[{"taxonomy":"category","embeddable":true,"href":"https:\/\/semmelweis.hu\/jogigfoig\/wp-json\/wp\/v2\/categories?post=71261"},{"taxonomy":"post_tag","embeddable":true,"href":"https:\/\/semmelweis.hu\/jogigfoig\/wp-json\/wp\/v2\/tags?post=71261"}],"curies":[{"name":"wp","href":"https:\/\/api.w.org\/{rel}","templated":true}]}}