{"id":689,"date":"2012-10-03T07:08:14","date_gmt":"2012-10-03T07:08:14","guid":{"rendered":"http:\/\/semmelweis-egyetem.hu\/rektori-hivatal\/?page_id=689"},"modified":"2020-02-13T09:45:23","modified_gmt":"2020-02-13T08:45:23","slug":"2012-szeptember-27","status":"publish","type":"page","link":"https:\/\/semmelweis.hu\/jogigfoig\/testuletek\/szenatus\/2012-evi-szenatusi-hatarozatok\/2012-szeptember-27\/","title":{"rendered":"2012. szeptember 27."},"content":{"rendered":"<ul>\n<li style=\"text-align: justify\"><a href=\"https:\/\/semmelweis.hu\/rektori-hivatal\/files\/2012\/10\/89_IX_27_-Rektorhelyettesek-szen\u00e1tus-tagg\u00e1-v\u00e1laszt\u00e1sa.pdf\" target=\"_blank\" rel=\"noopener noreferrer\">89\/2012. (IX.27.) sz. hat A Semmelweis Egyetem rektorhelyetteseinek szen\u00e1tusi tagg\u00e1 v\u00e1laszt\u00e1s\u00e1r\u00f3l<\/a><\/li>\n<li style=\"text-align: justify\"><a href=\"https:\/\/semmelweis.hu\/rektori-hivatal\/files\/2012\/10\/90_IX_27_-Besz\u00e1mol\u00f3.pdf\" target=\"_blank\" rel=\"noopener noreferrer\">90\/2012. (IX.27.) sz. hat. A Szen\u00e1tus 2012. I. f\u00e9l\u00e9v\u00e9ben (tavaszi szemeszter) hozott hat\u00e1rozatainak v\u00e9grehajt\u00e1s\u00e1r\u00f3l el\u0151terjesztett besz\u00e1mol\u00f3 elfogad\u00e1s\u00e1r\u00f3l<\/a><\/li>\n<li style=\"text-align: justify\"><a href=\"https:\/\/semmelweis.hu\/rektori-hivatal\/files\/2012\/10\/91_IX_27_-Munkaterv.pdf\" target=\"_blank\" rel=\"noopener noreferrer\">91\/2012. (IX.27.) sz. hat. A Szen\u00e1tus 2012. II. f\u00e9l\u00e9vi (\u0151szi szemeszter) \u00fcl\u00e9s- \u00e9s munkaterv\u00e9nek elfogad\u00e1s\u00e1r\u00f3l<\/a><\/li>\n<li style=\"text-align: justify\"><a href=\"https:\/\/semmelweis.hu\/rektori-hivatal\/files\/2012\/10\/92-_IX_27_-Habilit\u00e1ci\u00f3s-Bizotts\u00e1g-tagjai.pdf\" target=\"_blank\" rel=\"noopener noreferrer\">92\/2012. (IX.27.) sz. hat. A Habilit\u00e1ci\u00f3s Bizotts\u00e1g tagjainak megv\u00e1laszt\u00e1s\u00e1r\u00f3l<\/a><\/li>\n<li style=\"text-align: justify\"><a href=\"https:\/\/semmelweis.hu\/rektori-hivatal\/files\/2012\/10\/93_IX_27_-Habilit\u00e1ci\u00f3s-elj\u00e1r\u00e1sban-k\u00f6zrem\u0171k\u00f6d\u0151k-d\u00edjaz\u00e1s\u00e1r\u00f3l.pdf\" target=\"_blank\" rel=\"noopener noreferrer\">93\/2012. (IX.27.) sz. hat. A habilit\u00e1ci\u00f3s elj\u00e1r\u00e1sban k\u00f6zrem\u0171k\u00f6d\u0151k d\u00edjaz\u00e1s\u00e1r\u00f3l<\/a><\/li>\n<li style=\"text-align: justify\"><a href=\"https:\/\/semmelweis.hu\/rektori-hivatal\/files\/2012\/10\/94_IX_27_-Budapest-Award-nemzetk\u00f6zi-d\u00edj.pdf\" target=\"_blank\" rel=\"noopener noreferrer\">94\/2012. (IX.27.) sz. hat. A &#8222;Semmelweis Budapest Award&#8221; nemzetk\u00f6zi d\u00edj oda\u00edt\u00e9l\u00e9s\u00e9r\u0151l \u00e9s az adom\u00e1nyoz\u00e1s rendj\u00e9nek m\u00f3dos\u00edt\u00e1s\u00e1r\u00f3l<\/a><\/li>\n<li style=\"text-align: justify\"><a href=\"https:\/\/semmelweis.hu\/rektori-hivatal\/files\/2012\/10\/95_IX_27_AAHCI-region\u00e1lis-konferencia.pdf\" target=\"_blank\" rel=\"noopener noreferrer\">95\/2012. (IX.27.) sz. hat. Az Academic Health Centers International (AAHCI) region\u00e1lis konferenci\u00e1j\u00e1nak szervez\u00e9s\u00e9r\u0151l 2013-ban a Semmelweis Egyetemen<\/a><\/li>\n<li style=\"text-align: justify\"><a href=\"https:\/\/semmelweis.hu\/rektori-hivatal\/files\/2012\/10\/96_a_IX_27_-Rector-Emeritus-c\u00edm-visel\u00e9se-szab\u00e1lyzat.pdf\" target=\"_blank\" rel=\"noopener noreferrer\">96\/a\/2012. (IX.27.) sz. hat. A &#8222;Rector Emeritus&#8221; c\u00edmmel \u00f6sszef\u00fcgg\u00e9sben a Semmelweis Egyetem Szervezeti \u00e9s M\u0171k\u00f6d\u00e9si Szab\u00e1lyzat\u00e1nak, valamint a &#8222;Rector Emeritus&#8221; c\u00edm visel\u00e9s\u00e9r\u0151l sz\u00f3l\u00f3 szab\u00e1lyzat m\u00f3dos\u00edt\u00e1s\u00e1r\u00f3l <\/a><\/li>\n<li style=\"text-align: justify\"><a href=\"https:\/\/semmelweis.hu\/rektori-hivatal\/files\/2012\/10\/96_b_IX_27_-Rector-Emeritus-c\u00edm-visel\u00e9se.pdf\" target=\"_blank\" rel=\"noopener noreferrer\">96\/b\/2012. (IX.27.) sz. hat. A &#8222;Rector Emeritus&#8221; c\u00edmmel \u00f6sszef\u00fcgg\u00e9sben a Semmelweis Egyetem Szervezeti \u00e9s M\u0171k\u00f6d\u00e9si Szab\u00e1lyzat\u00e1nak, valamint a &#8222;Rector Emeritus&#8221; c\u00edm visel\u00e9s\u00e9r\u0151l sz\u00f3l\u00f3 szab\u00e1lyzat m\u00f3dos\u00edt\u00e1s\u00e1r\u00f3l <\/a><\/li>\n<li style=\"text-align: justify\"><a href=\"https:\/\/semmelweis.hu\/rektori-hivatal\/files\/2012\/10\/97_IX_27_-Rector-Emeritus-c\u00edm-adom\u00e1nyoz\u00e1sa.pdf\" target=\"_blank\" rel=\"noopener noreferrer\">97\/2012. (IX.27.) sz. hat. A &#8222;Rector Emeritus&#8221; c\u00edm adom\u00e1nyoz\u00e1s\u00e1r\u00f3l<\/a><\/li>\n<li style=\"text-align: justify\"><a href=\"https:\/\/semmelweis.hu\/rektori-hivatal\/files\/2012\/10\/98_IX_27_ETK-vezet\u0151i-megb\u00edz\u00e1s.pdf\" target=\"_blank\" rel=\"noopener noreferrer\">98\/2012. (IX.27.) sz. hat. Az Eg\u00e9szs\u00e9gtudom\u00e1nyi Kar Alapoz\u00f3 Eg\u00e9szs\u00e9gtudom\u00e1nyi Int\u00e9zet, T\u00e1rsadalomtudom\u00e1nyi Tansz\u00e9k\u00e9nek 2012. \u00e9vre meghirdetett vezet\u0151i megb\u00edz\u00e1sra be\u00e9rkezett p\u00e1ly\u00e1zat\u00e1r\u00f3l<\/a><\/li>\n<li style=\"text-align: justify\"><a href=\"https:\/\/semmelweis.hu\/rektori-hivatal\/files\/2012\/10\/99_IX_27_-f\u0151iskolai-docensi-c\u00edm.pdf\" target=\"_blank\" rel=\"noopener noreferrer\">99\/2012. (IX.27.) sz. hat. A 2012. \u00e9vben az Eg\u00e9szs\u00e9gtudom\u00e1nyi karon meghirdetett f\u0151iskolai docensi \u00e1ll\u00e1shelyre be\u00e9rkezett p\u00e1ly\u00e1zat v\u00e9lem\u00e9nyez\u00e9s\u00e9r\u0151l<\/a><\/li>\n<li style=\"text-align: justify\"><a href=\"https:\/\/semmelweis.hu\/rektori-hivatal\/files\/2012\/10\/100_IX_27_-olasznyelv\u0171-gy\u00f3gytorn\u00e1sz.pdf\" target=\"_blank\" rel=\"noopener noreferrer\">100\/2012. (IX.27.) sz. hat. Az olasz nyelv\u0171 sz\u00e9khelyen k\u00edv\u00fcli gy\u00f3gytorn\u00e1sz k\u00e9pz\u00e9s ind\u00edt\u00e1s\u00e1r\u00f3l az Eg\u00e9szs\u00e9gtudom\u00e1nyi Karon<\/a><\/li>\n<li style=\"text-align: justify\"><a href=\"https:\/\/semmelweis.hu\/rektori-hivatal\/files\/2012\/10\/101_a-_IX_27_-Rektori-Titk\u00e1rs\u00e1g-\u00e9s-a-Marketing-\u00f6n\u00e1ll\u00f3-szervezeti-egys\u00e9g.pdf\" target=\"_blank\" rel=\"noopener noreferrer\">101\/a\/2012. (IX.27.) sz. hat. A Rektori Titk\u00e1rs\u00e1g \u00e9s a Marketing \u00e9s Kommunik\u00e1ci\u00f3s Igazgat\u00f3s\u00e1g \u00f6n\u00e1ll\u00f3 k\u00f6zponti szervezeti egys\u00e9gg\u00e9 v\u00e1l\u00e1s\u00e1r\u00f3l<\/a><\/li>\n<li style=\"text-align: justify\"><a href=\"https:\/\/semmelweis.hu\/rektori-hivatal\/files\/2012\/10\/101_b_IX_27_-a-Rektori-Titk\u00e1rs\u00e1g-\u00e9s-a-Marketing-\u00f6n\u00e1ll\u00f3-k\u00f6zponti-szervezeti-egys\u00e9g\u00e9-v\u00e1l\u00e1s\u00e1r\u00f3l.pdf\" target=\"_blank\" rel=\"noopener noreferrer\">101\/b\/2012. (IX.27.) sz. hat. A Rektori Titk\u00e1rs\u00e1g \u00e9s Marketing \u00e9s Kommunik\u00e1ci\u00f3s Igazgat\u00f3s\u00e1g \u00f6n\u00e1ll\u00f3 k\u00f6zponti szervezeti egys\u00e9gg\u00e9 v\u00e1l\u00e1s\u00e1r\u00f3l<\/a><\/li>\n<li style=\"text-align: justify\"><a href=\"https:\/\/semmelweis.hu\/rektori-hivatal\/files\/2012\/10\/102_a_IX_27_-Kerezsi-Endre-Szakkoll\u00e9gium.pdf\" target=\"_blank\" rel=\"noopener noreferrer\">102\/a\/2012. (IX.27.) sz. hat. A Kerezsi Endre Szakkoll\u00e9gium Koll\u00e9giumok F\u0151igazgat\u00f3s\u00e1g\u00e1hoz helyez\u00e9s\u00e9r\u0151l<\/a><\/li>\n<li style=\"text-align: justify\"><a href=\"https:\/\/semmelweis.hu\/rektori-hivatal\/files\/2012\/10\/102_b_IX_27_-Kerezsi-Endre-Szakkol\u00e9gium.pdf\" target=\"_blank\" rel=\"noopener noreferrer\">102\/b\/2012. (IX.27.) sz. hat. A Kerezsi Endre Szakkoll\u00e9gium Koll\u00e9giumok F\u0151igazgat\u00f3s\u00e1g\u00e1hoz helyez\u00e9s\u00e9r\u0151l<\/a><\/li>\n<li style=\"text-align: justify\"><a href=\"https:\/\/semmelweis.hu\/rektori-hivatal\/files\/2012\/10\/103_a_IX_27_Testnevel\u00e9si-\u00e9s-Sportk\u00f6zpont-Sporttelep.pdf\" target=\"_blank\" rel=\"noopener noreferrer\">103\/a\/2012. (IX.27.) sz. hat. A Testnevel\u00e9si \u00e9s Sportk\u00f6zpont, Sporttelep \u00f6n\u00e1ll\u00f3 k\u00f6zponti szervezeti egys\u00e9gg\u00e9 alakul\u00e1s\u00e1r\u00f3l<\/a><\/li>\n<li style=\"text-align: justify\"><a href=\"https:\/\/semmelweis.hu\/rektori-hivatal\/files\/2012\/10\/103_b_IX_27_-Sportk\u00f6zpont-Sporttelep.pdf\" target=\"_blank\" rel=\"noopener noreferrer\">103\/b\/2012. (IX.27.) sz. hat. A Testnevel\u00e9si \u00e9s Sportk\u00f6zpont, Sporttelep \u00f6n\u00e1ll\u00f3 k\u00f6zponti szervezeti egys\u00e9gg\u00e9 alakul\u00e1s\u00e1r\u00f3l <\/a><\/li>\n<\/ul>\n<p>&nbsp;<\/p>\n","protected":false},"excerpt":{"rendered":"<p><a href=\"https:\/\/semmelweis.hu\/rektori-hivatal\/files\/2012\/10\/89_IX_27_-Rektorhelyettesek-szen\u00e1tus-tagg\u00e1-v\u00e1laszt\u00e1sa.pdf\" target=\"_blank\" rel=\"noopener noreferrer\">89\/2012. (IX.27.) sz. hat A Semmelweis Egyetem rektorhelyetteseinek szen\u00e1tusi tagg\u00e1 v\u00e1laszt\u00e1s\u00e1r\u00f3l<\/a><br \/>\n<a href=\"https:\/\/semmelweis.hu\/rektori-hivatal\/files\/2012\/10\/90_IX_27_-Besz\u00e1mol\u00f3.pdf\" target=\"_blank\" rel=\"noopener noreferrer\">90\/2012. (IX.27.) sz. hat. A Szen\u00e1tus 2012. I. f\u00e9l\u00e9v\u00e9ben (tavaszi szemeszter) hozott hat\u00e1rozatainak v\u00e9grehajt\u00e1s\u00e1r\u00f3l el\u0151terjesztett besz\u00e1mol\u00f3 elfogad\u00e1s\u00e1r\u00f3l<\/a><br \/>\n<a href=\"https:\/\/semmelweis.hu\/rektori-hivatal\/files\/2012\/10\/91_IX_27_-Munkaterv.pdf\" target=\"_blank\" rel=\"noopener noreferrer\">91\/2012. (IX.27.) sz. hat. A Szen\u00e1tus 2012. II. f\u00e9l\u00e9vi (\u0151szi szemeszter) \u00fcl\u00e9s- \u00e9s munkaterv\u00e9nek elfogad\u00e1s\u00e1r\u00f3l<\/a><br \/>\n<a href=\"https:\/\/semmelweis.hu\/rektori-hivatal\/files\/2012\/10\/92-_IX_27_-Habilit\u00e1ci\u00f3s-Bizotts\u00e1g-tagjai.pdf\" target=\"_blank\" rel=\"noopener noreferrer\">92\/2012. (IX.27.) sz. hat. A Habilit\u00e1ci\u00f3s Bizotts\u00e1g tagjainak megv\u00e1laszt\u00e1s\u00e1r\u00f3l<\/a><br \/>\n<a href=\"https:\/\/semmelweis.hu\/rektori-hivatal\/files\/2012\/10\/93_IX_27_-Habilit\u00e1ci\u00f3s-elj\u00e1r\u00e1sban-k\u00f6zrem\u0171k\u00f6d\u0151k-d\u00edjaz\u00e1s\u00e1r\u00f3l.pdf\" target=\"_blank\" rel=\"noopener noreferrer\">93\/2012. (IX.27.) sz. hat. A habilit\u00e1ci\u00f3s elj\u00e1r\u00e1sban k\u00f6zrem\u0171k\u00f6d\u0151k d\u00edjaz\u00e1s\u00e1r\u00f3l<\/a><br \/>\n<a href=\"https:\/\/semmelweis.hu\/rektori-hivatal\/files\/2012\/10\/94_IX_27_-Budapest-Award-nemzetk\u00f6zi-d\u00edj.pdf\" target=\"_blank\" rel=\"noopener noreferrer\">94\/2012. (IX.27.) sz. hat. A &#8222;Semmelweis Budapest Award&#8221; nemzetk\u00f6zi d\u00edj oda\u00edt\u00e9l\u00e9s\u00e9r\u0151l \u00e9s az adom\u00e1nyoz\u00e1s rendj\u00e9nek m\u00f3dos\u00edt\u00e1s\u00e1r\u00f3l<\/a><br \/>\n<a href=\"https:\/\/semmelweis.hu\/rektori-hivatal\/files\/2012\/10\/95_IX_27_AAHCI-region\u00e1lis-konferencia.pdf\" target=\"_blank\" rel=\"noopener noreferrer\">95\/2012. (IX.27.) sz. hat. Az Academic Health Centers International (AAHCI) region\u00e1lis konferenci\u00e1j\u00e1nak szervez\u00e9s\u00e9r\u0151l 2013-ban a Semmelweis Egyetemen<\/a><br \/>\n<a href=\"https:\/\/semmelweis.hu\/rektori-hivatal\/files\/2012\/10\/96_a_IX_27_-Rector-Emeritus-c\u00edm-visel\u00e9se-szab\u00e1lyzat.pdf\" target=\"_blank\" rel=\"noopener noreferrer\">96\/a\/2012. (IX.27.) sz. hat. A &#8222;Rector Emeritus&#8221; c\u00edmmel \u00f6sszef\u00fcgg\u00e9sben a Semmelweis Egyetem Szervezeti \u00e9s M\u0171k\u00f6d\u00e9si Szab\u00e1lyzat\u00e1nak, valamint a &#8222;Rector Emeritus&#8221; c\u00edm visel\u00e9s\u00e9r\u0151l sz\u00f3l\u00f3 szab\u00e1lyzat m\u00f3dos\u00edt\u00e1s\u00e1r\u00f3l <\/a><br \/>\n<a href=\"https:\/\/semmelweis.hu\/rektori-hivatal\/files\/2012\/10\/96_b_IX_27_-Rector-Emeritus-c\u00edm-visel\u00e9se.pdf\" target=\"_blank\" rel=\"noopener noreferrer\">96\/b\/2012. (IX.27.) sz. hat. A &#8222;Rector Emeritus&#8221; c\u00edmmel \u00f6sszef\u00fcgg\u00e9sben a Semmelweis Egyetem Szervezeti \u00e9s M\u0171k\u00f6d\u00e9si Szab\u00e1lyzat\u00e1nak, valamint a &#8222;Rector Emeritus&#8221; c\u00edm visel\u00e9s\u00e9r\u0151l sz\u00f3l\u00f3 szab\u00e1lyzat m\u00f3dos\u00edt\u00e1s\u00e1r\u00f3l <\/a><br \/>\n<a href=\"https:\/\/semmelweis.hu\/rektori-hivatal\/files\/2012\/10\/97_IX_27_-Rector-Emeritus-c\u00edm-adom\u00e1nyoz\u00e1sa.pdf\" target=\"_blank\" rel=\"noopener noreferrer\">97\/2012. (IX.27.) sz. hat. A &#8222;Rector Emeritus&#8221; c\u00edm adom\u00e1nyoz\u00e1s\u00e1r\u00f3l<\/a><br \/>\n<a href=\"https:\/\/semmelweis.hu\/rektori-hivatal\/files\/2012\/10\/98_IX_27_ETK-vezet\u0151i-megb\u00edz\u00e1s.pdf\" target=\"_blank\" rel=\"noopener noreferrer\">98\/2012. (IX.27.) sz. hat. Az Eg\u00e9szs\u00e9gtudom\u00e1nyi Kar Alapoz\u00f3 Eg\u00e9szs\u00e9gtudom\u00e1nyi Int\u00e9zet, T\u00e1rsadalomtudom\u00e1nyi Tansz\u00e9k\u00e9nek 2012. \u00e9vre meghirdetett vezet\u0151i megb\u00edz\u00e1sra be\u00e9rkezett p\u00e1ly\u00e1zat\u00e1r\u00f3l<\/a><br \/>\n<a href=\"https:\/\/semmelweis.hu\/rektori-hivatal\/files\/2012\/10\/99_IX_27_-f\u0151iskolai-docensi-c\u00edm.pdf\" target=\"_blank\" rel=\"noopener noreferrer\">99\/2012. (IX.27.) sz. hat. A 2012. \u00e9vben az Eg\u00e9szs\u00e9gtudom\u00e1nyi karon meghirdetett f\u0151iskolai docensi \u00e1ll\u00e1shelyre be\u00e9rkezett p\u00e1ly\u00e1zat v\u00e9lem\u00e9nyez\u00e9s\u00e9r\u0151l<\/a><br \/>\n<a href=\"https:\/\/semmelweis.hu\/rektori-hivatal\/files\/2012\/10\/100_IX_27_-olasznyelv\u0171-gy\u00f3gytorn\u00e1sz.pdf\" target=\"_blank\" rel=\"noopener noreferrer\">100\/2012. (IX.27.) sz. hat. Az olasz nyelv\u0171 sz\u00e9khelyen k\u00edv\u00fcli gy\u00f3gytorn\u00e1sz k\u00e9pz\u00e9s ind\u00edt\u00e1s\u00e1r\u00f3l az Eg\u00e9szs\u00e9gtudom\u00e1nyi Karon<\/a><br \/>\n<a href=\"https:\/\/semmelweis.hu\/rektori-hivatal\/files\/2012\/10\/101_a-_IX_27_-Rektori-Titk\u00e1rs\u00e1g-\u00e9s-a-Marketing-\u00f6n\u00e1ll\u00f3-szervezeti-egys\u00e9g.pdf\" target=\"_blank\" rel=\"noopener noreferrer\">101\/a\/2012. (IX.27.) sz. hat. A Rektori Titk\u00e1rs\u00e1g \u00e9s a Marketing \u00e9s Kommunik\u00e1ci\u00f3s Igazgat\u00f3s\u00e1g \u00f6n\u00e1ll\u00f3 k\u00f6zponti szervezeti egys\u00e9gg\u00e9 v\u00e1l\u00e1s\u00e1r\u00f3l<\/a><br \/>\n<a href=\"https:\/\/semmelweis.hu\/rektori-hivatal\/files\/2012\/10\/101_b_IX_27_-a-Rektori-Titk\u00e1rs\u00e1g-\u00e9s-a-Marketing-\u00f6n\u00e1ll\u00f3-k\u00f6zponti-szervezeti-egys\u00e9g\u00e9-v\u00e1l\u00e1s\u00e1r\u00f3l.pdf\" target=\"_blank\" rel=\"noopener noreferrer\">101\/b\/2012. (IX.27.) sz. hat. A Rektori Titk\u00e1rs\u00e1g \u00e9s Marketing \u00e9s Kommunik\u00e1ci\u00f3s Igazgat\u00f3s\u00e1g \u00f6n\u00e1ll\u00f3 k\u00f6zponti szervezeti egys\u00e9gg\u00e9 v\u00e1l\u00e1s\u00e1r\u00f3l<\/a><br \/>\n<a href=\"https:\/\/semmelweis.hu\/rektori-hivatal\/files\/2012\/10\/102_a_IX_27_-Kerezsi-Endre-Szakkoll\u00e9gium.pdf\" target=\"_blank\" rel=\"noopener noreferrer\">102\/a\/2012. (IX.27.) sz. hat. A Kerezsi Endre Szakkoll\u00e9gium Koll\u00e9giumok F\u0151igazgat\u00f3s\u00e1g\u00e1hoz helyez\u00e9s\u00e9r\u0151l<\/a><br \/>\n<a href=\"https:\/\/semmelweis.hu\/rektori-hivatal\/files\/2012\/10\/102_b_IX_27_-Kerezsi-Endre-Szakkol\u00e9gium.pdf\" target=\"_blank\" rel=\"noopener noreferrer\">102\/b\/2012. (IX.27.) sz. hat. A Kerezsi Endre Szakkoll\u00e9gium Koll\u00e9giumok F\u0151igazgat\u00f3s\u00e1g\u00e1hoz helyez\u00e9s\u00e9r\u0151l<\/a><br \/>\n<a href=\"https:\/\/semmelweis.hu\/rektori-hivatal\/files\/2012\/10\/103_a_IX_27_Testnevel\u00e9si-\u00e9s-Sportk\u00f6zpont-Sporttelep.pdf\" target=\"_blank\" rel=\"noopener noreferrer\">103\/a\/2012. (IX.27.) sz. hat. A Testnevel\u00e9si \u00e9s Sportk\u00f6zpont, Sporttelep \u00f6n\u00e1ll\u00f3 k\u00f6zponti szervezeti egys\u00e9gg\u00e9 alakul\u00e1s\u00e1r\u00f3l<\/a><br \/>\n<a href=\"https:\/\/semmelweis.hu\/rektori-hivatal\/files\/2012\/10\/103_b_IX_27_-Sportk\u00f6zpont-Sporttelep.pdf\" target=\"_blank\" rel=\"noopener noreferrer\">103\/b\/2012. (IX.27.) sz. hat. A Testnevel\u00e9si \u00e9s Sportk\u00f6zpont, Sporttelep \u00f6n\u00e1ll\u00f3 k\u00f6zponti szervezeti egys\u00e9gg\u00e9 alakul\u00e1s\u00e1r\u00f3l <\/a><\/p>\n<p>&nbsp;<\/p>\n","protected":false},"author":12,"featured_media":0,"parent":7842,"menu_order":7,"comment_status":"open","ping_status":"open","template":"","meta":{"_acf_changed":false,"footnotes":""},"categories":[1],"tags":[],"class_list":["post-689","page","type-page","status-publish","hentry","category-egyeb"],"acf":[],"_links":{"self":[{"href":"https:\/\/semmelweis.hu\/jogigfoig\/wp-json\/wp\/v2\/pages\/689","targetHints":{"allow":["GET"]}}],"collection":[{"href":"https:\/\/semmelweis.hu\/jogigfoig\/wp-json\/wp\/v2\/pages"}],"about":[{"href":"https:\/\/semmelweis.hu\/jogigfoig\/wp-json\/wp\/v2\/types\/page"}],"author":[{"embeddable":true,"href":"https:\/\/semmelweis.hu\/jogigfoig\/wp-json\/wp\/v2\/users\/12"}],"replies":[{"embeddable":true,"href":"https:\/\/semmelweis.hu\/jogigfoig\/wp-json\/wp\/v2\/comments?post=689"}],"version-history":[{"count":8,"href":"https:\/\/semmelweis.hu\/jogigfoig\/wp-json\/wp\/v2\/pages\/689\/revisions"}],"predecessor-version":[{"id":7922,"href":"https:\/\/semmelweis.hu\/jogigfoig\/wp-json\/wp\/v2\/pages\/689\/revisions\/7922"}],"up":[{"embeddable":true,"href":"https:\/\/semmelweis.hu\/jogigfoig\/wp-json\/wp\/v2\/pages\/7842"}],"wp:attachment":[{"href":"https:\/\/semmelweis.hu\/jogigfoig\/wp-json\/wp\/v2\/media?parent=689"}],"wp:term":[{"taxonomy":"category","embeddable":true,"href":"https:\/\/semmelweis.hu\/jogigfoig\/wp-json\/wp\/v2\/categories?post=689"},{"taxonomy":"post_tag","embeddable":true,"href":"https:\/\/semmelweis.hu\/jogigfoig\/wp-json\/wp\/v2\/tags?post=689"}],"curies":[{"name":"wp","href":"https:\/\/api.w.org\/{rel}","templated":true}]}}