{"id":611,"date":"2012-08-06T08:46:19","date_gmt":"2012-08-06T08:46:19","guid":{"rendered":"http:\/\/semmelweis-egyetem.hu\/rektori-hivatal\/?page_id=611"},"modified":"2025-04-03T10:20:24","modified_gmt":"2025-04-03T08:20:24","slug":"kulonos-kozzeteteli-lista","status":"publish","type":"page","link":"https:\/\/semmelweis.hu\/jogigfoig\/adatvedelem-betegjog\/kozerdeku-adatok\/kulonos-kozzeteteli-lista\/","title":{"rendered":"K\u00fcl\u00f6n\u00f6s k\u00f6zz\u00e9t\u00e9teli lista"},"content":{"rendered":"<p style=\"text-align: justify\"><div class=\"responsive-tabs\">\n<h2 class=\"tabtitle\">Szervezeti, szem\u00e9lyzeti <br \/>\nadatok<\/h2>\n<div class=\"tabcontent\">\n<\/p>\n<p style=\"text-align: justify\"><strong>I. Szervezeti, szem\u00e9lyzeti adatok<\/strong><\/p>\n<p style=\"text-align: justify\">1. Alap\u00edt\u00f3 Okirat, szab\u00e1lyzatok \u00e9s nyilv\u00e1noss\u00e1gra hozott egy\u00e9b bels\u0151 szab\u00e1lyoz\u00f3k<\/p>\n<ul style=\"text-align: justify\">\n<li><a href=\"https:\/\/semmelweis.hu\/jogigfoig\/dokumentumtar\/alapito-okirat\/\">Alap\u00edt\u00f3 Okirat<\/a><\/li>\n<li><a href=\"https:\/\/semmelweis.hu\/jogigfoig\/dokumentumtar\/szabalyzattar\/\">Semmelweis Egyetem szab\u00e1lyzatai<\/a><\/li>\n<li><a href=\"https:\/\/semmelweis.hu\/jogigfoig\/szervezeti-es-mukodesi-szabalyzat\/\" target=\"_blank\" rel=\"noopener noreferrer\">Szervezeti \u00e9s M\u0171k\u00f6d\u00e9si Szab\u00e1lyzat<\/a><\/li>\n<\/ul>\n<p style=\"text-align: justify\"><a href=\"https:\/\/semmelweis.hu\/az-egyetemrol\/az-egyetem-szervezete\/erdekkepviselet\/\">2. Az Egyetemen m\u0171k\u00f6d\u0151 \u00e9rdekk\u00e9pviseletek <\/a><\/p>\n<p style=\"text-align: justify\">\n<\/div><h2 class=\"tabtitle\">Tev\u00e9kenys\u00e9gre, m\u0171k\u00f6d\u00e9sre <br \/>\nvonatkoz\u00f3 adatok<\/h2>\n<div class=\"tabcontent\">\n<\/p>\n<p style=\"text-align: justify\"><strong>II. Tev\u00e9kenys\u00e9gre, m\u0171k\u00f6d\u00e9sre vonatkoz\u00f3 adatok<\/strong><\/p>\n<p style=\"text-align: justify\"><a href=\"https:\/\/semmelweis.hu\/jogigfoig\/testuletek\/szenatus\/\" target=\"_blank\" rel=\"noopener noreferrer\">1. A Szen\u00e1tus hat\u00e1rozatai<\/a><\/p>\n<p style=\"text-align: justify\"><a href=\"https:\/\/semmelweis.hu\/jogigfoig\/files\/2025\/04\/SE-intezmenyi_pontok_kari_bontasban_2025.pdf\">2. A hallgat\u00f3i jogviszony l\u00e9tes\u00edt\u00e9s\u00e9nek k\u00f6vetelm\u00e9nyei (felv\u00e9teli k\u00f6vetelm\u00e9nyek)<\/a><\/p>\n<p style=\"text-align: justify\"><a href=\"https:\/\/semmelweis.hu\/jogigfoig\/2023\/02\/13\/rke-2-2023-ii-10-sz-rektori-kancellari-klinikai-kozpont-elnoki-utasitas-a-munkaltatoi-jogok-gyakorlasanak-rendjerol\/\">3. A munk\u00e1ltat\u00f3i jogok gyakorl\u00e1s\u00e1nak rendje<\/a><\/p>\n<p style=\"text-align: justify\">4. Besz\u00e1mol\u00f3 az Egyetem oktat\u00e1si, kutat\u00e1si, fejleszt\u00e9si \u00e9s innov\u00e1ci\u00f3s tev\u00e9kenys\u00e9g\u00e9r\u0151l<\/p>\n<ul style=\"text-align: justify\">\n<li>Oktat\u00e1s\n<ul style=\"text-align: justify\">\n<li><a href=\"https:\/\/semmelweis.hu\/jogigfoig\/files\/2025\/04\/Beszamolo-az-AOK-2024.-evi-oktatasi-tevekenysegerol-es-aktualis-eredmenyeirol.pdf\">\u00c1ltal\u00e1nos Orvostudom\u00e1nyi Kar<\/a><\/li>\n<li><a href=\"https:\/\/semmelweis.hu\/jogigfoig\/files\/2025\/04\/ETK-Kozzeteteli-lista-szakmai-beszamolo.pdf\">Eg\u00e9szs\u00e9gtudom\u00e1nyi Kar<\/a><\/li>\n<li><a href=\"https:\/\/semmelweis.hu\/jogigfoig\/files\/2025\/04\/EKK_2024_beszamolo.pdf\">Eg\u00e9szs\u00e9g\u00fcgyi K\u00f6zszolg\u00e1lati Kar<\/a><\/li>\n<li><a href=\"https:\/\/semmelweis.hu\/jogigfoig\/files\/2025\/04\/Beszamolo-a-Fogorvostudomanyi-Kar-2024.-evi-oktatasi-tevekenysegerol-es-aktualis-eredmenyeirol.pdf\">Fogorvostudom\u00e1nyi Kar<\/a><\/li>\n<li><a href=\"https:\/\/semmelweis.hu\/jogigfoig\/files\/2025\/04\/Oktatasi-folyamatok-elozo-evi-ertekelese-_GYTK_2024.pdf\">Gy\u00f3gyszer\u00e9sztudom\u00e1nyi Kar<\/a><\/li>\n<li><a href=\"https:\/\/semmelweis.hu\/jogigfoig\/files\/2025\/04\/Szakmai-beszamolo_PAK_2024_.pdf\">Pet\u0151 Andr\u00e1s Kar<\/a><\/li>\n<\/ul>\n<\/li>\n<li><a href=\"https:\/\/semmelweis.hu\/kutatas\/\" target=\"_blank\" rel=\"noopener noreferrer\">Kutat\u00e1s-fejleszt\u00e9si \u00e9s innov\u00e1ci\u00f3s tev\u00e9kenys\u00e9g<\/a><\/li>\n<\/ul>\n<p style=\"text-align: justify\"><a href=\"https:\/\/semmelweis.hu\/betegellatas\/elojegyzesi-listak\/\" target=\"_blank\" rel=\"noopener noreferrer\">5. Az int\u00e9zm\u00e9nyi v\u00e1r\u00f3lista<\/a><\/p>\n<p style=\"text-align: justify\"><a href=\"https:\/\/semmelweis.hu\/betegellatas\/teritesi-dijak\/\" target=\"_blank\" rel=\"noopener noreferrer\">6. A t\u00e9r\u00edt\u00e9si d\u00edj ellen\u00e9ben ig\u00e9nybe vehet\u0151 egyes eg\u00e9szs\u00e9g\u00fcgyi szolg\u00e1ltat\u00e1sok t\u00e9r\u00edt\u00e9si d\u00edja<\/a><\/p>\n<p style=\"text-align: justify\"><\/div><\/div><\/p>\n","protected":false},"excerpt":{"rendered":"<p>I. Szervezeti, szem\u00e9lyzeti adatok<br \/>\n1. Alap\u00edt\u00f3 Okirat, szab\u00e1lyzatok \u00e9s nyilv\u00e1noss\u00e1gra hozott egy\u00e9b bels\u0151 szab\u00e1lyoz\u00f3k<\/p>\n<p><a href=\"https:\/\/semmelweis.hu\/jogigfoig\/dokumentumtar\/alapito-okirat\/\">Alap\u00edt\u00f3 Okirat<\/a><br \/>\n<a href=\"https:\/\/semmelweis.hu\/jogigfoig\/dokumentumtar\/szabalyzattar\/\">Semmelweis Egyetem szab\u00e1lyzatai<\/a><br \/>\n<a href=\"https:\/\/semmelweis.hu\/jogigfoig\/szervezeti-es-mukodesi-szabalyzat\/\" target=\"_blank\" rel=\"noopener noreferrer\">Szervezeti \u00e9s M\u0171k\u00f6d\u00e9si Szab\u00e1lyzat<\/a><\/p>\n<p><a href=\"https:\/\/semmelweis.hu\/az-egyetemrol\/az-egyetem-szervezete\/erdekkepviselet\/\">2. Az Egyetemen m\u0171k\u00f6d\u0151 \u00e9rdekk\u00e9pviseletek <\/a><\/p>\n<p>II. Tev\u00e9kenys\u00e9gre, m\u0171k\u00f6d\u00e9sre vonatkoz\u00f3 adatok<br \/>\n<a href=\"https:\/\/semmelweis.hu\/jogigfoig\/testuletek\/szenatus\/\" target=\"_blank\" rel=\"noopener noreferrer\">1. A Szen\u00e1tus hat\u00e1rozatai<\/a><br \/>\n<a href=\"https:\/\/semmelweis.hu\/jogigfoig\/files\/2025\/04\/SE-intezmenyi_pontok_kari_bontasban_2025.pdf\">2. A hallgat\u00f3i jogviszony l\u00e9tes\u00edt\u00e9s\u00e9nek k\u00f6vetelm\u00e9nyei (felv\u00e9teli k\u00f6vetelm\u00e9nyek)<\/a><br \/>\n<a href=\"https:\/\/semmelweis.hu\/jogigfoig\/2023\/02\/13\/rke-2-2023-ii-10-sz-rektori-kancellari-klinikai-kozpont-elnoki-utasitas-a-munkaltatoi-jogok-gyakorlasanak-rendjerol\/\">3. A munk\u00e1ltat\u00f3i jogok gyakorl\u00e1s\u00e1nak rendje<\/a><br \/>\n4. Besz\u00e1mol\u00f3 az Egyetem oktat\u00e1si, kutat\u00e1si, fejleszt\u00e9si \u00e9s innov\u00e1ci\u00f3s tev\u00e9kenys\u00e9g\u00e9r\u0151l<\/p>\n<p>Oktat\u00e1s<\/p>\n<p><a href=\"https:\/\/semmelweis.hu\/jogigfoig\/files\/2025\/04\/Beszamolo-az-AOK-2024.-evi-oktatasi-tevekenysegerol-es-aktualis-eredmenyeirol.pdf\">\u00c1ltal\u00e1nos Orvostudom\u00e1nyi Kar<\/a><br \/>\n<a href=\"https:\/\/semmelweis.hu\/jogigfoig\/files\/2025\/04\/ETK-Kozzeteteli-lista-szakmai-beszamolo.pdf\">Eg\u00e9szs\u00e9gtudom\u00e1nyi Kar<\/a><br \/>\n<a href=\"https:\/\/semmelweis.hu\/jogigfoig\/files\/2025\/04\/EKK_2024_beszamolo.pdf\">Eg\u00e9szs\u00e9g\u00fcgyi K\u00f6zszolg\u00e1lati Kar<\/a><br \/>\n<a href=\"https:\/\/semmelweis.hu\/jogigfoig\/files\/2025\/04\/Beszamolo-a-Fogorvostudomanyi-Kar-2024.-evi-oktatasi-tevekenysegerol-es-aktualis-eredmenyeirol.pdf\">Fogorvostudom\u00e1nyi Kar<\/a><br \/>\n<a href=\"https:\/\/semmelweis.hu\/jogigfoig\/files\/2025\/04\/Oktatasi-folyamatok-elozo-evi-ertekelese-_GYTK_2024.pdf\">Gy\u00f3gyszer\u00e9sztudom\u00e1nyi Kar<\/a><br \/>\n<a href=\"https:\/\/semmelweis.hu\/jogigfoig\/files\/2025\/04\/Szakmai-beszamolo_PAK_2024_.pdf\">Pet\u0151 Andr\u00e1s Kar<\/a><\/p>\n<p><a href=\"https:\/\/semmelweis.hu\/kutatas\/\" target=\"_blank\" rel=\"noopener noreferrer\">Kutat\u00e1s-fejleszt\u00e9si \u00e9s innov\u00e1ci\u00f3s tev\u00e9kenys\u00e9g<\/a><\/p>\n<p><a href=\"https:\/\/semmelweis.hu\/betegellatas\/elojegyzesi-listak\/\" target=\"_blank\" rel=\"noopener noreferrer\">5. Az int\u00e9zm\u00e9nyi v\u00e1r\u00f3lista<\/a><br \/>\n<a href=\"https:\/\/semmelweis.hu\/betegellatas\/teritesi-dijak\/\" target=\"_blank\" rel=\"noopener noreferrer\">6. A t\u00e9r\u00edt\u00e9si d\u00edj ellen\u00e9ben ig\u00e9nybe vehet\u0151 egyes eg\u00e9szs\u00e9g\u00fcgyi szolg\u00e1ltat\u00e1sok t\u00e9r\u00edt\u00e9si d\u00edja<\/a><\/p>\n","protected":false},"author":128,"featured_media":0,"parent":641,"menu_order":0,"comment_status":"closed","ping_status":"closed","template":"","meta":{"_acf_changed":false,"footnotes":""},"categories":[],"tags":[],"class_list":["post-611","page","type-page","status-publish","hentry"],"acf":[],"_links":{"self":[{"href":"https:\/\/semmelweis.hu\/jogigfoig\/wp-json\/wp\/v2\/pages\/611","targetHints":{"allow":["GET"]}}],"collection":[{"href":"https:\/\/semmelweis.hu\/jogigfoig\/wp-json\/wp\/v2\/pages"}],"about":[{"href":"https:\/\/semmelweis.hu\/jogigfoig\/wp-json\/wp\/v2\/types\/page"}],"author":[{"embeddable":true,"href":"https:\/\/semmelweis.hu\/jogigfoig\/wp-json\/wp\/v2\/users\/128"}],"replies":[{"embeddable":true,"href":"https:\/\/semmelweis.hu\/jogigfoig\/wp-json\/wp\/v2\/comments?post=611"}],"version-history":[{"count":14,"href":"https:\/\/semmelweis.hu\/jogigfoig\/wp-json\/wp\/v2\/pages\/611\/revisions"}],"predecessor-version":[{"id":97833,"href":"https:\/\/semmelweis.hu\/jogigfoig\/wp-json\/wp\/v2\/pages\/611\/revisions\/97833"}],"up":[{"embeddable":true,"href":"https:\/\/semmelweis.hu\/jogigfoig\/wp-json\/wp\/v2\/pages\/641"}],"wp:attachment":[{"href":"https:\/\/semmelweis.hu\/jogigfoig\/wp-json\/wp\/v2\/media?parent=611"}],"wp:term":[{"taxonomy":"category","embeddable":true,"href":"https:\/\/semmelweis.hu\/jogigfoig\/wp-json\/wp\/v2\/categories?post=611"},{"taxonomy":"post_tag","embeddable":true,"href":"https:\/\/semmelweis.hu\/jogigfoig\/wp-json\/wp\/v2\/tags?post=611"}],"curies":[{"name":"wp","href":"https:\/\/api.w.org\/{rel}","templated":true}]}}