{"id":5888,"date":"2016-12-13T14:17:51","date_gmt":"2016-12-13T13:17:51","guid":{"rendered":"http:\/\/semmelweis.hu\/jogigfoig\/?page_id=5888"},"modified":"2020-02-11T11:16:40","modified_gmt":"2020-02-11T10:16:40","slug":"2016-december-9-elektronikus-szavazas","status":"publish","type":"page","link":"https:\/\/semmelweis.hu\/jogigfoig\/testuletek\/szenatus\/2016-evi-szenatusi-hatarozatok\/2016-december-9-elektronikus-szavazas\/","title":{"rendered":"2016. december 9. (elektronikus szavaz\u00e1s)"},"content":{"rendered":"<ul>\n<li style=\"text-align: justify\"><a href=\"https:\/\/semmelweis.hu\/jogigfoig\/files\/2016\/12\/133_sz_XII_09_HCEMM_letrehozando_ceg.pdf\" target=\"_blank\" rel=\"noopener noreferrer\">133\/2016. (XII.09.) sz\u00e1m\u00fa hat\u00e1rozata &#8222;A Semmelweis Egyetem HCEMM projekt keret\u00e9n bel\u00fcl l\u00e9trehozand\u00f3 c\u00e9g t\u00e1mogat\u00e1s\u00e1nak elfogad\u00e1s\u00e1r\u00f3l&#8221; c\u00edm\u0171 el\u0151terjeszt\u00e9s elfogad\u00e1s\u00e1r\u00f3l<\/a><\/li>\n<li style=\"text-align: justify\"><a href=\"https:\/\/semmelweis.hu\/jogigfoig\/files\/2016\/12\/Kozzetetel_133sz_XII_09_HCEMM.pdf\" target=\"_blank\" rel=\"noopener noreferrer\">K\u00f6zz\u00e9t\u00e9tel a &#8222;Javaslat a Semmelweis Egyetem HCEMM projekt keret\u00e9n bel\u00fcl l\u00e9trehozand\u00f3 c\u00e9g t\u00e1mogat\u00e1s\u00e1nak elfogad\u00e1s\u00e1r\u00f3l&#8221;<\/a><\/li>\n<\/ul>\n","protected":false},"excerpt":{"rendered":"<p><a href=\"https:\/\/semmelweis.hu\/jogigfoig\/files\/2016\/12\/133_sz_XII_09_HCEMM_letrehozando_ceg.pdf\" target=\"_blank\" rel=\"noopener noreferrer\">133\/2016. (XII.09.) sz\u00e1m\u00fa hat\u00e1rozata &#8222;A Semmelweis Egyetem HCEMM projekt keret\u00e9n bel\u00fcl l\u00e9trehozand\u00f3 c\u00e9g t\u00e1mogat\u00e1s\u00e1nak elfogad\u00e1s\u00e1r\u00f3l&#8221; c\u00edm\u0171 el\u0151terjeszt\u00e9s elfogad\u00e1s\u00e1r\u00f3l<\/a><br \/>\n<a href=\"https:\/\/semmelweis.hu\/jogigfoig\/files\/2016\/12\/Kozzetetel_133sz_XII_09_HCEMM.pdf\" target=\"_blank\" rel=\"noopener noreferrer\">K\u00f6zz\u00e9t\u00e9tel a &#8222;Javaslat a Semmelweis Egyetem HCEMM projekt keret\u00e9n bel\u00fcl l\u00e9trehozand\u00f3 c\u00e9g t\u00e1mogat\u00e1s\u00e1nak elfogad\u00e1s\u00e1r\u00f3l&#8221;<\/a><\/p>\n","protected":false},"author":12,"featured_media":0,"parent":7792,"menu_order":16,"comment_status":"closed","ping_status":"closed","template":"","meta":{"_acf_changed":false,"footnotes":""},"categories":[1],"tags":[],"class_list":["post-5888","page","type-page","status-publish","hentry","category-egyeb"],"acf":[],"_links":{"self":[{"href":"https:\/\/semmelweis.hu\/jogigfoig\/wp-json\/wp\/v2\/pages\/5888","targetHints":{"allow":["GET"]}}],"collection":[{"href":"https:\/\/semmelweis.hu\/jogigfoig\/wp-json\/wp\/v2\/pages"}],"about":[{"href":"https:\/\/semmelweis.hu\/jogigfoig\/wp-json\/wp\/v2\/types\/page"}],"author":[{"embeddable":true,"href":"https:\/\/semmelweis.hu\/jogigfoig\/wp-json\/wp\/v2\/users\/12"}],"replies":[{"embeddable":true,"href":"https:\/\/semmelweis.hu\/jogigfoig\/wp-json\/wp\/v2\/comments?post=5888"}],"version-history":[{"count":6,"href":"https:\/\/semmelweis.hu\/jogigfoig\/wp-json\/wp\/v2\/pages\/5888\/revisions"}],"predecessor-version":[{"id":7800,"href":"https:\/\/semmelweis.hu\/jogigfoig\/wp-json\/wp\/v2\/pages\/5888\/revisions\/7800"}],"up":[{"embeddable":true,"href":"https:\/\/semmelweis.hu\/jogigfoig\/wp-json\/wp\/v2\/pages\/7792"}],"wp:attachment":[{"href":"https:\/\/semmelweis.hu\/jogigfoig\/wp-json\/wp\/v2\/media?parent=5888"}],"wp:term":[{"taxonomy":"category","embeddable":true,"href":"https:\/\/semmelweis.hu\/jogigfoig\/wp-json\/wp\/v2\/categories?post=5888"},{"taxonomy":"post_tag","embeddable":true,"href":"https:\/\/semmelweis.hu\/jogigfoig\/wp-json\/wp\/v2\/tags?post=5888"}],"curies":[{"name":"wp","href":"https:\/\/api.w.org\/{rel}","templated":true}]}}