{"id":5815,"date":"2016-12-07T11:47:41","date_gmt":"2016-12-07T10:47:41","guid":{"rendered":"http:\/\/semmelweis.hu\/jogigfoig\/?page_id=5815"},"modified":"2018-03-28T15:26:17","modified_gmt":"2018-03-28T13:26:17","slug":"2016-december-6","status":"publish","type":"page","link":"https:\/\/semmelweis.hu\/jogigfoig\/testuletek\/konzisztorium\/2016-december-6\/","title":{"rendered":"2016. december 6."},"content":{"rendered":"<ul>\n<li><a href=\"https:\/\/semmelweis.hu\/jogigfoig\/files\/2016\/12\/14_XII_06_ugyrend_mod.pdf\" target=\"_blank\" rel=\"noopener\">14\/2016. (XII.06.) sz\u00e1m\u00fa hat\u00e1rozata Semmelweis Egyetem konziszt\u00f3rium \u00fcgyrendj\u00e9nek m\u00f3dos\u00edt\u00e1s\u00e1r\u00f3l<\/a><\/li>\n<li><a href=\"https:\/\/semmelweis.hu\/jogigfoig\/files\/2016\/12\/15_XII_06_HCEMM.pdf\" target=\"_blank\" rel=\"noopener\">15\/2016. (XII.06.) sz\u00e1m\u00fa hat\u00e1rozata a &#8222;Javaslat a Semmelweis Egyetem HCEMM projekt keret\u00e9n bel\u00fcl l\u00e9trehozand\u00f3 c\u00e9g t\u00e1mogat\u00e1s\u00e1nak elfogad\u00e1s\u00e1r\u00f3l&#8221;<\/a><\/li>\n<\/ul>\n","protected":false},"excerpt":{"rendered":"<p><a href=\"https:\/\/semmelweis.hu\/jogigfoig\/files\/2016\/12\/14_XII_06_ugyrend_mod.pdf\" target=\"_blank\" rel=\"noopener\">14\/2016. (XII.06.) sz\u00e1m\u00fa hat\u00e1rozata Semmelweis Egyetem konziszt\u00f3rium \u00fcgyrendj\u00e9nek m\u00f3dos\u00edt\u00e1s\u00e1r\u00f3l<\/a><br \/>\n<a href=\"https:\/\/semmelweis.hu\/jogigfoig\/files\/2016\/12\/15_XII_06_HCEMM.pdf\" target=\"_blank\" rel=\"noopener\">15\/2016. (XII.06.) sz\u00e1m\u00fa hat\u00e1rozata a &#8222;Javaslat a Semmelweis Egyetem HCEMM projekt keret\u00e9n bel\u00fcl l\u00e9trehozand\u00f3 c\u00e9g t\u00e1mogat\u00e1s\u00e1nak elfogad\u00e1s\u00e1r\u00f3l&#8221;<\/a><\/p>\n","protected":false},"author":101117,"featured_media":0,"parent":4612,"menu_order":17,"comment_status":"closed","ping_status":"closed","template":"","meta":{"_acf_changed":false,"footnotes":""},"categories":[],"tags":[],"class_list":["post-5815","page","type-page","status-publish","hentry"],"acf":[],"_links":{"self":[{"href":"https:\/\/semmelweis.hu\/jogigfoig\/wp-json\/wp\/v2\/pages\/5815","targetHints":{"allow":["GET"]}}],"collection":[{"href":"https:\/\/semmelweis.hu\/jogigfoig\/wp-json\/wp\/v2\/pages"}],"about":[{"href":"https:\/\/semmelweis.hu\/jogigfoig\/wp-json\/wp\/v2\/types\/page"}],"author":[{"embeddable":true,"href":"https:\/\/semmelweis.hu\/jogigfoig\/wp-json\/wp\/v2\/users\/101117"}],"replies":[{"embeddable":true,"href":"https:\/\/semmelweis.hu\/jogigfoig\/wp-json\/wp\/v2\/comments?post=5815"}],"version-history":[{"count":3,"href":"https:\/\/semmelweis.hu\/jogigfoig\/wp-json\/wp\/v2\/pages\/5815\/revisions"}],"predecessor-version":[{"id":10914,"href":"https:\/\/semmelweis.hu\/jogigfoig\/wp-json\/wp\/v2\/pages\/5815\/revisions\/10914"}],"up":[{"embeddable":true,"href":"https:\/\/semmelweis.hu\/jogigfoig\/wp-json\/wp\/v2\/pages\/4612"}],"wp:attachment":[{"href":"https:\/\/semmelweis.hu\/jogigfoig\/wp-json\/wp\/v2\/media?parent=5815"}],"wp:term":[{"taxonomy":"category","embeddable":true,"href":"https:\/\/semmelweis.hu\/jogigfoig\/wp-json\/wp\/v2\/categories?post=5815"},{"taxonomy":"post_tag","embeddable":true,"href":"https:\/\/semmelweis.hu\/jogigfoig\/wp-json\/wp\/v2\/tags?post=5815"}],"curies":[{"name":"wp","href":"https:\/\/api.w.org\/{rel}","templated":true}]}}