{"id":54992,"date":"2018-05-03T17:41:28","date_gmt":"2018-05-03T15:41:28","guid":{"rendered":"http:\/\/semmelweis.hu\/jogigfoig\/?page_id=54992"},"modified":"2020-02-07T15:05:46","modified_gmt":"2020-02-07T14:05:46","slug":"szenatusi-hatarozatok-2018-aprilis-26","status":"publish","type":"page","link":"https:\/\/semmelweis.hu\/jogigfoig\/testuletek\/szenatus\/2018-evi-szenatusi-hatarozatok\/szenatusi-hatarozatok-2018-aprilis-26\/","title":{"rendered":"2018. \u00e1prilis 26."},"content":{"rendered":"<p><a href=\"https:\/\/semmelweis.hu\/jogigfoig\/files\/2018\/05\/33_IV.26._2018_besz\u00e1mol\u00f3-rektor-tev\u00e9k.pdf\">33\/2018 (IV. 26.) sz\u00e1m\u00fa hat\u00e1rozata\u00a0a Besz\u00e1mol\u00f3 a Semmelweis Egyetem Rektor\u00e1nak el\u0151z\u0151 \u00e9vi vezet\u0151i tev\u00e9kenys\u00e9g\u00e9r\u0151l\u00a0c\u00edm\u0171 el\u0151terjeszt\u00e9sr\u0151l<\/a><\/p>\n<p><a href=\"https:\/\/semmelweis.hu\/jogigfoig\/files\/2018\/11\/34_IV.26._2018_TVSZ_SZMSZ-III.r\u00e9sz-HKR-III.-fejezet-TVSZ-m\u00f3d-mell\u00e9klettel.pdf\">34\/2018. (IV.26.) sz\u00e1m\u00fa hat\u00e1rozata\u00a0a Szervezeti \u00e9s M\u0171k\u00f6d\u00e9si Szab\u00e1lyzat III. r\u00e9sz Hallgat\u00f3 K\u00f6vetelm\u00e9nyrendszer III. fejezet Tanulm\u00e1nyi \u00e9s Vizsgaszab\u00e1lyzat (\u00c1OK, FOK, GYTK, EKK, ETK,PAK) jogtechnikai jelleg\u0171 m\u00f3dos\u00edt\u00e1s\u00e1r\u00f3l, a hat\u00e1lytalan rendelkez\u00e9sek hat\u00e1lyon k\u00edv\u00fcl helyez\u00e9s\u00e9r\u0151l<\/a><\/p>\n<p><a href=\"https:\/\/semmelweis.hu\/jogigfoig\/files\/2018\/05\/35_IV.26._2018_hum\u00e1ner\u0151forr\u00e1s-megtart\u00e1si-\u00e9s-fejleszt\u00e9si-koncepci\u00f3.pdf\">35\/2018. (IV. 26.) sz\u00e1m\u00fa hat\u00e1rozata\u00a0a hum\u00e1ner\u0151forr\u00e1s-megtart\u00e1si \u00e9s -fejleszt\u00e9si koncepci\u00f3 v\u00e9grehajt\u00e1s\u00e1nak folytat\u00e1s\u00e1r\u00f3l<\/a><\/p>\n<p><a href=\"https:\/\/semmelweis.hu\/jogigfoig\/files\/2018\/05\/36_IV.26._2018_\u00c1llami-miniszteri-kit\u00fcntet\u00e9sek.pdf\">36\/2018. (IV. 26.) hat\u00e1rozata\u00a0a 2019. \u00e9vi \u00e1llami, miniszteri szint\u0171 kit\u00fcntet\u00e9sekre t\u00f6rt\u00e9n\u0151 felterjeszt\u00e9sr\u0151l<\/a><\/p>\n<p><a href=\"https:\/\/semmelweis.hu\/jogigfoig\/files\/2018\/05\/37_IV.26._2018_SZMSZ-egyes-rendelk.pdf\">37\/2018. (IV. 26.) hat\u00e1rozata\u00a0a Szervezeti \u00e9s M\u0171k\u00f6d\u00e9si Szab\u00e1lyzat egyes rendelkez\u00e9seinek m\u00f3dos\u00edt\u00e1s\u00e1r\u00f3l<\/a><\/p>\n<p><a href=\"https:\/\/semmelweis.hu\/jogigfoig\/files\/2018\/05\/38_IV.26._2018_Oktat\u00e1sigazgat\u00e1si_Hivatal_hiv.vezet\u0151.pdf\">38\/2018. (IV. 26.) sz\u00e1m\u00fa hat\u00e1rozata\u00a0az Oktat\u00e1sigazgat\u00e1si Hivatal hivatalvezet\u0151i megb\u00edz\u00e1s\u00e1ra be\u00e9rkezett p\u00e1ly\u00e1zatok v\u00e9lem\u00e9nyez\u00e9s\u00e9r\u0151l<\/a><\/p>\n<p><a href=\"https:\/\/semmelweis.hu\/jogigfoig\/files\/2018\/05\/39_IV.26._2018_Csal\u00e1dgondoz\u00e1si-Tsz_f\u0151iskolai_tan\u00e1r_ETK.pdf\">39\/2018. (IV. 26.) sz\u00e1m\u00fa hat\u00e1rozata\u00a0az Eg\u00e9szs\u00e9gtudom\u00e1nyi Kar Csal\u00e1dgondoz\u00e1si M\u00f3dszertani Tansz\u00e9k\u00e9n meghirdetett f\u0151iskolai tan\u00e1ri \u00e1ll\u00e1shelyekre be\u00e9rkezett p\u00e1ly\u00e1zatok v\u00e9lem\u00e9nyez\u00e9s\u00e9r\u0151l<\/a><\/p>\n<p><a href=\"https:\/\/semmelweis.hu\/jogigfoig\/files\/2018\/05\/40_IV.26._2018_VSZ\u00c9K_igazgat\u00f3i_p\u00e1ly\u00e1zat.pdf\">40\/2018. (IV. 26.) sz\u00e1m\u00fa hat\u00e1rozata\u00a0a V\u00e1rosmajori Sz\u00edv- \u00e9s \u00c9rgy\u00f3gy\u00e1szati Klinika igazgat\u00f3i megb\u00edz\u00e1s\u00e1ra be\u00e9rkezett p\u00e1ly\u00e1zat v\u00e9lem\u00e9nyez\u00e9s\u00e9r\u0151l<\/a><\/p>\n<p><a href=\"https:\/\/semmelweis.hu\/jogigfoig\/files\/2018\/05\/41_IV.26._2018_bizotts_hallgat\u00f3i-k\u00e9pviselet.pdf\">41\/2018 (IV. 26.) sz\u00e1m\u00fa hat\u00e1rozata\u00a0az Egyetem eg\u00e9sz\u00e9re kiterjed\u0151 hat\u00e1sk\u00f6rrel rendelkez\u0151 \u00e1lland\u00f3 bizotts\u00e1gok (Egyetemi Etikai Bizotts\u00e1g, Fel\u00fclb\u00edr\u00e1lati Bizotts\u00e1g, Min\u0151s\u00e9gfejleszt\u00e9si \u00e9s Min\u0151s\u00e9g\u00e9rt\u00e9kel\u0151 Bizotts\u00e1g) hallgat\u00f3i \u00f6sszet\u00e9tel\u00e9nek a v\u00e1ltoz\u00e1s\u00e1r\u00f3l<\/a><\/p>\n<p><a href=\"https:\/\/semmelweis.hu\/jogigfoig\/files\/2018\/05\/42_IV.26._2018_nem_vezet\u0151_oktat\u00f3k_\u00e1ll\u00e1sfoglal\u00e1s.pdf\">42\/2018. (IV.26.) sz\u00e1m\u00fa hat\u00e1rozata\u00a0a vezet\u0151i megb\u00edz\u00e1ssal nem rendelkez\u0151 oktat\u00f3k v\u00e1laszt\u00e1s\u00e1val kapcsolatos szen\u00e1tusi \u00e1ll\u00e1sfoglal\u00e1s<\/a><\/p>\n<p><a href=\"https:\/\/semmelweis.hu\/jogigfoig\/files\/2018\/05\/N-IV.26_2018.-sz\u00e1m\u00fa-hat\u00e1rozat-a-szen\u00e1tusi-\u00fcl\u00e9s-m\u00f3dos\u00edtott-napirendi-pontjainak-elfogad\u00e1s\u00e1r\u00f3l.pdf\">N-IV.26.\/2018. sz\u00e1m\u00fa hat\u00e1rozata\u00a0a szen\u00e1tusi \u00fcl\u00e9s napirendi pontjainak elfogad\u00e1s\u00e1r\u00f3l<\/a><\/p>\n<p>&nbsp;<\/p>\n","protected":false},"excerpt":{"rendered":"<p><a href=\"https:\/\/semmelweis.hu\/jogigfoig\/files\/2018\/05\/33_IV.26._2018_besz\u00e1mol\u00f3-rektor-tev\u00e9k.pdf\">33\/2018 (IV. 26.) sz\u00e1m\u00fa hat\u00e1rozata\u00a0a Besz\u00e1mol\u00f3 a Semmelweis Egyetem Rektor\u00e1nak el\u0151z\u0151 \u00e9vi vezet\u0151i tev\u00e9kenys\u00e9g\u00e9r\u0151l\u00a0c\u00edm\u0171 el\u0151terjeszt\u00e9sr\u0151l<\/a><br \/>\n<a href=\"https:\/\/semmelweis.hu\/jogigfoig\/files\/2018\/11\/34_IV.26._2018_TVSZ_SZMSZ-III.r\u00e9sz-HKR-III.-fejezet-TVSZ-m\u00f3d-mell\u00e9klettel.pdf\">34\/2018. (IV.26.) sz\u00e1m\u00fa hat\u00e1rozata\u00a0a Szervezeti \u00e9s M\u0171k\u00f6d\u00e9si Szab\u00e1lyzat III. r\u00e9sz Hallgat\u00f3 K\u00f6vetelm\u00e9nyrendszer III. fejezet Tanulm\u00e1nyi \u00e9s Vizsgaszab\u00e1lyzat (\u00c1OK, FOK, GYTK, EKK, ETK,PAK) jogtechnikai jelleg\u0171 m\u00f3dos\u00edt\u00e1s\u00e1r\u00f3l, a hat\u00e1lytalan rendelkez\u00e9sek hat\u00e1lyon k\u00edv\u00fcl helyez\u00e9s\u00e9r\u0151l<\/a><br \/>\n<a href=\"https:\/\/semmelweis.hu\/jogigfoig\/files\/2018\/05\/35_IV.26._2018_hum\u00e1ner\u0151forr\u00e1s-megtart\u00e1si-\u00e9s-fejleszt\u00e9si-koncepci\u00f3.pdf\">35\/2018. (IV. 26.) sz\u00e1m\u00fa hat\u00e1rozata\u00a0a hum\u00e1ner\u0151forr\u00e1s-megtart\u00e1si \u00e9s -fejleszt\u00e9si koncepci\u00f3 v\u00e9grehajt\u00e1s\u00e1nak folytat\u00e1s\u00e1r\u00f3l<\/a><br \/>\n<a href=\"https:\/\/semmelweis.hu\/jogigfoig\/files\/2018\/05\/36_IV.26._2018_\u00c1llami-miniszteri-kit\u00fcntet\u00e9sek.pdf\">36\/2018. (IV. 26.) hat\u00e1rozata\u00a0a 2019. \u00e9vi \u00e1llami, miniszteri szint\u0171 kit\u00fcntet\u00e9sekre t\u00f6rt\u00e9n\u0151 felterjeszt\u00e9sr\u0151l<\/a><br \/>\n<a href=\"https:\/\/semmelweis.hu\/jogigfoig\/files\/2018\/05\/37_IV.26._2018_SZMSZ-egyes-rendelk.pdf\">37\/2018. (IV. 26.) hat\u00e1rozata\u00a0a Szervezeti \u00e9s M\u0171k\u00f6d\u00e9si Szab\u00e1lyzat egyes rendelkez\u00e9seinek m\u00f3dos\u00edt\u00e1s\u00e1r\u00f3l<\/a><br \/>\n<a href=\"https:\/\/semmelweis.hu\/jogigfoig\/files\/2018\/05\/38_IV.26._2018_Oktat\u00e1sigazgat\u00e1si_Hivatal_hiv.vezet\u0151.pdf\">38\/2018. (IV. 26.) sz\u00e1m\u00fa hat\u00e1rozata\u00a0az Oktat\u00e1sigazgat\u00e1si Hivatal hivatalvezet\u0151i megb\u00edz\u00e1s\u00e1ra be\u00e9rkezett p\u00e1ly\u00e1zatok v\u00e9lem\u00e9nyez\u00e9s\u00e9r\u0151l<\/a><br \/>\n<a href=\"https:\/\/semmelweis.hu\/jogigfoig\/files\/2018\/05\/39_IV.26._2018_Csal\u00e1dgondoz\u00e1si-Tsz_f\u0151iskolai_tan\u00e1r_ETK.pdf\">39\/2018. (IV. 26.) sz\u00e1m\u00fa hat\u00e1rozata\u00a0az Eg\u00e9szs\u00e9gtudom\u00e1nyi Kar Csal\u00e1dgondoz\u00e1si M\u00f3dszertani Tansz\u00e9k\u00e9n meghirdetett f\u0151iskolai tan\u00e1ri \u00e1ll\u00e1shelyekre be\u00e9rkezett p\u00e1ly\u00e1zatok v\u00e9lem\u00e9nyez\u00e9s\u00e9r\u0151l<\/a><br \/>\n<a href=\"https:\/\/semmelweis.hu\/jogigfoig\/files\/2018\/05\/40_IV.26._2018_VSZ\u00c9K_igazgat\u00f3i_p\u00e1ly\u00e1zat.pdf\">40\/2018. (IV. 26.) sz\u00e1m\u00fa hat\u00e1rozata\u00a0a V\u00e1rosmajori Sz\u00edv- \u00e9s \u00c9rgy\u00f3gy\u00e1szati Klinika igazgat\u00f3i megb\u00edz\u00e1s\u00e1ra be\u00e9rkezett p\u00e1ly\u00e1zat v\u00e9lem\u00e9nyez\u00e9s\u00e9r\u0151l<\/a><br \/>\n<a href=\"https:\/\/semmelweis.hu\/jogigfoig\/files\/2018\/05\/41_IV.26._2018_bizotts_hallgat\u00f3i-k\u00e9pviselet.pdf\">41\/2018 (IV. 26.) sz\u00e1m\u00fa hat\u00e1rozata\u00a0az Egyetem eg\u00e9sz\u00e9re kiterjed\u0151 hat\u00e1sk\u00f6rrel rendelkez\u0151 \u00e1lland\u00f3 bizotts\u00e1gok (Egyetemi Etikai Bizotts\u00e1g, Fel\u00fclb\u00edr\u00e1lati Bizotts\u00e1g, Min\u0151s\u00e9gfejleszt\u00e9si \u00e9s Min\u0151s\u00e9g\u00e9rt\u00e9kel\u0151 Bizotts\u00e1g) hallgat\u00f3i \u00f6sszet\u00e9tel\u00e9nek a v\u00e1ltoz\u00e1s\u00e1r\u00f3l<\/a><br \/>\n<a href=\"https:\/\/semmelweis.hu\/jogigfoig\/files\/2018\/05\/42_IV.26._2018_nem_vezet\u0151_oktat\u00f3k_\u00e1ll\u00e1sfoglal\u00e1s.pdf\">42\/2018. (IV.26.) sz\u00e1m\u00fa hat\u00e1rozata\u00a0a vezet\u0151i megb\u00edz\u00e1ssal nem rendelkez\u0151 oktat\u00f3k v\u00e1laszt\u00e1s\u00e1val kapcsolatos szen\u00e1tusi \u00e1ll\u00e1sfoglal\u00e1s<\/a><br \/>\n<a href=\"https:\/\/semmelweis.hu\/jogigfoig\/files\/2018\/05\/N-IV.26_2018.-sz\u00e1m\u00fa-hat\u00e1rozat-a-szen\u00e1tusi-\u00fcl\u00e9s-m\u00f3dos\u00edtott-napirendi-pontjainak-elfogad\u00e1s\u00e1r\u00f3l.pdf\">N-IV.26.\/2018. sz\u00e1m\u00fa hat\u00e1rozata\u00a0a szen\u00e1tusi \u00fcl\u00e9s napirendi pontjainak elfogad\u00e1s\u00e1r\u00f3l<\/a><br \/>\n&nbsp;<\/p>\n","protected":false},"author":101095,"featured_media":0,"parent":10434,"menu_order":5,"comment_status":"closed","ping_status":"closed","template":"","meta":{"_acf_changed":false,"footnotes":""},"categories":[],"tags":[],"class_list":["post-54992","page","type-page","status-publish","hentry"],"acf":[],"_links":{"self":[{"href":"https:\/\/semmelweis.hu\/jogigfoig\/wp-json\/wp\/v2\/pages\/54992","targetHints":{"allow":["GET"]}}],"collection":[{"href":"https:\/\/semmelweis.hu\/jogigfoig\/wp-json\/wp\/v2\/pages"}],"about":[{"href":"https:\/\/semmelweis.hu\/jogigfoig\/wp-json\/wp\/v2\/types\/page"}],"author":[{"embeddable":true,"href":"https:\/\/semmelweis.hu\/jogigfoig\/wp-json\/wp\/v2\/users\/101095"}],"replies":[{"embeddable":true,"href":"https:\/\/semmelweis.hu\/jogigfoig\/wp-json\/wp\/v2\/comments?post=54992"}],"version-history":[{"count":5,"href":"https:\/\/semmelweis.hu\/jogigfoig\/wp-json\/wp\/v2\/pages\/54992\/revisions"}],"predecessor-version":[{"id":75265,"href":"https:\/\/semmelweis.hu\/jogigfoig\/wp-json\/wp\/v2\/pages\/54992\/revisions\/75265"}],"up":[{"embeddable":true,"href":"https:\/\/semmelweis.hu\/jogigfoig\/wp-json\/wp\/v2\/pages\/10434"}],"wp:attachment":[{"href":"https:\/\/semmelweis.hu\/jogigfoig\/wp-json\/wp\/v2\/media?parent=54992"}],"wp:term":[{"taxonomy":"category","embeddable":true,"href":"https:\/\/semmelweis.hu\/jogigfoig\/wp-json\/wp\/v2\/categories?post=54992"},{"taxonomy":"post_tag","embeddable":true,"href":"https:\/\/semmelweis.hu\/jogigfoig\/wp-json\/wp\/v2\/tags?post=54992"}],"curies":[{"name":"wp","href":"https:\/\/api.w.org\/{rel}","templated":true}]}}