{"id":5163,"date":"2016-09-30T13:03:03","date_gmt":"2016-09-30T11:03:03","guid":{"rendered":"http:\/\/semmelweis.hu\/jogigfoig\/?page_id=5163"},"modified":"2020-02-11T11:12:30","modified_gmt":"2020-02-11T10:12:30","slug":"2016-junius-29","status":"publish","type":"page","link":"https:\/\/semmelweis.hu\/jogigfoig\/testuletek\/szenatus\/2016-evi-szenatusi-hatarozatok\/2016-junius-29\/","title":{"rendered":"2016. j\u00fanius 29."},"content":{"rendered":"<ul>\n<li style=\"text-align: justify\"><a href=\"https:\/\/semmelweis.hu\/jogigfoig\/files\/2016\/09\/71_VI_29_2016_evi_koltsegvetes_kieg.pdf\">71\/2016. (VI.29.) sz\u00e1m\u00fa hat\u00e1rozata a 2016. \u00e9vi vezet\u0151i k\u00f6lts\u00e9gvet\u00e9s kieg\u00e9sz\u00edt\u00e9se (2) c\u00edm\u0171 el\u0151terjeszt\u00e9s elfogad\u00e1s\u00e1r\u00f3l<\/a><\/li>\n<li style=\"text-align: justify\"><a href=\"https:\/\/semmelweis.hu\/jogigfoig\/files\/2016\/09\/72_sz_VI_29_DHC.pdf\">72\/2016. (VI.29.) sz\u00e1m\u00fa hat\u00e1rozat a Doctor Honoris Causa c\u00edm adom\u00e1nyoz\u00e1s\u00e1r\u00f3l<\/a><\/li>\n<li style=\"text-align: justify\"><a href=\"https:\/\/semmelweis.hu\/jogigfoig\/files\/2016\/09\/73_sz_VI_29_Huzella-Tivadar1.pdf\">73\/2016. (VI.29.) sz\u00e1m\u00fa hat\u00e1rozat a 2016. \u00e9vi Huzella Tivadar jutalomd\u00edj adom\u00e1nyoz\u00e1s\u00e1r\u00f3l<\/a><\/li>\n<li style=\"text-align: justify\"><a href=\"https:\/\/semmelweis.hu\/jogigfoig\/files\/2016\/09\/74_sz_VI_29_Semmelweis_Ignac_jutalomdij1.pdf\">74\/2016. (VI.29.) sz\u00e1m\u00fa hat\u00e1rozat a 2016. \u00e9vi Semmelweis Ign\u00e1c jutalomd\u00edj adom\u00e1nyoz\u00e1s\u00e1r\u00f3l<\/a><\/li>\n<li style=\"text-align: justify\"><a href=\"https:\/\/semmelweis.hu\/jogigfoig\/files\/2016\/09\/75_sz_VI_29_ProfessorEmeritus1.pdf\">75\/2016. (VI.29.) sz\u00e1m\u00fa hat\u00e1rozat &#8222;Professor Emeritus&#8221; c\u00edmek adom\u00e1nyoz\u00e1s\u00e1r\u00f3l<\/a><\/li>\n<li style=\"text-align: justify\"><a href=\"https:\/\/semmelweis.hu\/jogigfoig\/files\/2016\/09\/76_sz_VI_29_AOK_dekanhelyettes1.pdf\">76\/2016. (VI.29.) sz\u00e1m\u00fa hat\u00e1rozat az \u00c1ltal\u00e1nos Orvostudom\u00e1nyi Kar d\u00e9k\u00e1nhelyettesi megb\u00edz\u00e1s\u00e1ra be\u00e9rkezett p\u00e1ly\u00e1zat v\u00e9lem\u00e9nyez\u00e9s\u00e9hez k\u00e9sz\u00fclt el\u0151terjeszt\u00e9s elfogad\u00e1s\u00e1r\u00f3l<\/a><\/li>\n<li style=\"text-align: justify\"><a href=\"https:\/\/semmelweis.hu\/jogigfoig\/files\/2016\/09\/77_sz_VI_29_Onkologiai_Kozpont1_igazgato.pdf\">77\/2016. (VI.29.) sz\u00e1m\u00fa hat\u00e1rozat az Onkol\u00f3giai K\u00f6zpont igazgat\u00f3i megb\u00edz\u00e1s\u00e1ra be\u00e9rkezett p\u00e1ly\u00e1zat v\u00e9lem\u00e9nyez\u00e9s\u00e9r\u0151l<\/a><\/li>\n<li style=\"text-align: justify\"><a href=\"https:\/\/semmelweis.hu\/jogigfoig\/files\/2016\/09\/78_sz_VI_29_Onkologiai_Tanszek_tanszekvezeto1.pdf\">78\/2016. (VI.29.) sz\u00e1m\u00fa hat\u00e1rozat az \u00c1ltal\u00e1nos Orvostudom\u00e1nyi Kar Onkol\u00f3giai K\u00f6zpont tansz\u00e9kvezet\u0151i megb\u00edz\u00e1s\u00e1ra be\u00e9rkezett p\u00e1ly\u00e1zat v\u00e9lem\u00e9nyez\u00e9s\u00e9r\u0151l<\/a><\/li>\n<li style=\"text-align: justify\"><a href=\"https:\/\/semmelweis.hu\/jogigfoig\/files\/2016\/09\/79_sz_egyet_docensi_tud_fomunkatarsi1.pdf\">79\/2016. (VI.29.) sz\u00e1m\u00fa hat\u00e1rozat a Pulmonol\u00f3giai Klinika \u00e9s az I. sz. Seb\u00e9szeti Klinika \u00e1ltal meghirdetett egyetemi docensi \u00e1ll\u00e1shelyekre, valamint az I. sz. Patol\u00f3giai \u00e9s K\u00eds\u00e9rleti R\u00e1kkutat\u00f3 Int\u00e9zet tudom\u00e1nyos f\u0151munkat\u00e1rsi \u00e1ll\u00e1shely\u00e9re be\u00e9rkezett p\u00e1ly\u00e1zatok v\u00e9lem\u00e9nyez\u00e9s\u00e9r\u0151l<\/a><\/li>\n<li style=\"text-align: justify\"><a href=\"https:\/\/semmelweis.hu\/jogigfoig\/files\/2016\/09\/80_sz_VI_29_oraado_oktato.pdf\">80\/2016. (VI.29.) sz\u00e1m\u00fa hat\u00e1rozat az \u00f3raad\u00f3 oktat\u00f3knak adom\u00e1nyozhat\u00f3 c\u00edmek oda\u00edt\u00e9l\u00e9s\u00e9r\u0151l<\/a><\/li>\n<li style=\"text-align: justify\"><a href=\"https:\/\/semmelweis.hu\/jogigfoig\/files\/2016\/09\/81_sz_VI_29_2017_evi_allami_kituntetes.pdf\">81\/2016. (VI.29.) sz\u00e1m\u00fa hat\u00e1rozat 2017. \u00e9vi \u00e1llami kit\u00fcntet\u00e9sre t\u00f6rt\u00e9n\u0151 felterjeszt\u00e9sr\u0151l<\/a><\/li>\n<li style=\"text-align: justify\"><a href=\"https:\/\/semmelweis.hu\/jogigfoig\/files\/2016\/09\/82_sz_VI_29_Jo_tanulo_jo_sportolo.pdf\">82\/2016. (VI.29.) sz\u00e1m\u00fa hat\u00e1rozat a &#8222;J\u00f3 tanul\u00f3 &#8211; j\u00f3 sportol\u00f3&#8221; kit\u00fcntet\u0151 c\u00edmek oda\u00edt\u00e9l\u00e9s\u00e9r\u0151l c\u00edm\u0171 el\u0151terjeszt\u00e9s elfogad\u00e1s\u00e1r\u00f3l<\/a><\/li>\n<li style=\"text-align: justify\"><a href=\"https:\/\/semmelweis.hu\/jogigfoig\/files\/2016\/09\/83_sz_VI_29_Kari_bizottsagok_AOK_FOK_GYTK_megujitasarol.pdf\">83\/2016. (VI.29.) sz\u00e1m\u00fa hat\u00e1rozat A Szen\u00e1tus \u00e1ltal l\u00e9trehozott, kari bizotts\u00e1gok meg\u00faj\u00edt\u00e1s\u00e1r\u00f3l<\/a><\/li>\n<li style=\"text-align: justify\"><a href=\"https:\/\/semmelweis.hu\/jogigfoig\/files\/2016\/09\/84_sz_VI_29_ETK_bizottsag_hallgatoi_osszetetel.pdf\">84\/2016. (VI.29.) sz\u00e1m\u00fa hat\u00e1rozat Az Eg\u00e9szs\u00e9gtudom\u00e1nyi Karon m\u0171k\u00f6d\u0151 bizotts\u00e1gok \u00f6sszet\u00e9tel\u00e9nek m\u00f3dos\u00edt\u00e1s\u00e1r\u00f3l<\/a><\/li>\n<li style=\"text-align: justify\"><a href=\"https:\/\/semmelweis.hu\/jogigfoig\/files\/2016\/09\/85_sz_VI_29_EKK_delegalas_egyetemi_bizottsagba.pdf\">85\/2016. (VI.29.) sz\u00e1m\u00fa hat\u00e1rozat Az Eg\u00e9szs\u00e9g\u00fcgyi K\u00f6zszolg\u00e1lati Kar \u00e1ltal deleg\u00e1lt \u00faj kari k\u00e9pvisel\u0151k megv\u00e1laszt\u00e1s\u00e1r\u00f3l az egyetemi (Fogyat\u00e9kos Hallgat\u00f3k \u00dcgyeivel Foglalkoz\u00f3 Bizotts\u00e1g, K\u00fcls\u0151 Kutat\u00e1si Munk\u00e1kat v\u00e9lem\u00e9nyez\u0151 Bizotts\u00e1g, Egyetemi Etikai Bizotts\u00e1g) \u00e1lland\u00f3 bizotts\u00e1gokba<\/a><\/li>\n<li style=\"text-align: justify\"><a href=\"https:\/\/semmelweis.hu\/jogigfoig\/files\/2016\/09\/86_sz_VI_29_EDT_uj_tag_EKK_delegalasa.pdf\">86\/2016. (VI.29.) sz\u00e1m\u00fa hat\u00e1rozat Az Eg\u00e9szs\u00e9g\u00fcgyi K\u00f6zszolg\u00e1lati Kar \u00faj szavazati joggal rendelkez\u0151 kari k\u00e9pvisel\u0151j\u00e9nek deleg\u00e1l\u00e1sa az Egyetemi Doktori Tan\u00e1csba<\/a><\/li>\n<li style=\"text-align: justify\"><a href=\"https:\/\/semmelweis.hu\/jogigfoig\/files\/2016\/09\/87_sz_VI_29_EK_uj_szakfelelos.pdf\">87\/2016. (VI.29.) sz\u00e1m\u00fa hat\u00e1rozat a Ment\u00e1lhigi\u00e9n\u00e9 Int\u00e9zet Integr\u00e1lt sz\u00fcl\u0151-csecsem\u0151 konzult\u00e1ci\u00f3 szakir\u00e1ny\u00fa tov\u00e1bbk\u00e9pz\u00e9si szak szakfelel\u0151s szem\u00e9ly\u00e9nek v\u00e1ltoz\u00e1s\u00e1r\u00f3l<\/a><\/li>\n<li style=\"text-align: justify\"><a href=\"https:\/\/semmelweis.hu\/jogigfoig\/files\/2016\/09\/88_sz_VI_29_II_Belgyogy_Klin_Infektologiai_Tanszek.pdf\">88\/2016. (VI.29.) sz\u00e1m\u00fa hat\u00e1rozata &#8222;II. sz. Belgy\u00f3gy\u00e1szati Klinika Infektol\u00f3giai Tansz\u00e9ki Csoportj\u00e1nak j\u00f6v\u0151beni jog\u00e1ll\u00e1s\u00e1r\u00f3l&#8221; sz\u00f3l\u00f3 el\u0151terjeszt\u00e9s elfogad\u00e1s\u00e1r\u00f3l<\/a><\/li>\n<li style=\"text-align: justify\"><a href=\"https:\/\/semmelweis.hu\/jogigfoig\/files\/2016\/09\/89_sz_VI_29_Radiol_Onkoterapias_Klinika_nevvalt.pdf\">89\/2016. (VI. 29.) sz\u00e1m\u00fa hat\u00e1rozata &#8222;a Radiol\u00f3giai \u00e9s Onkoter\u00e1pi\u00e1s Klinika n\u00e9vv\u00e1ltoztat\u00e1s\u00e1val kapcsolatos&#8221; el\u0151terjeszt\u00e9s elfogad\u00e1s\u00e1r\u00f3l<\/a><\/li>\n<li style=\"text-align: justify\"><a href=\"https:\/\/semmelweis.hu\/jogigfoig\/files\/2016\/09\/90_sz_VI_29_kulso_megbizasu_klinikai_nemklinikai_szab.pdf\">90\/2016. (VI.29.) sz\u00e1m\u00fa hat\u00e1rozata a k\u00fcls\u0151 megb\u00edz\u00e1s\u00fa klinikai \u00e9s nemklinikai vizsg\u00e1latok szab\u00e1lyair\u00f3l sz\u00f3l\u00f3 szab\u00e1lyzat m\u00f3dos\u00edt\u00e1s\u00e1r\u00f3l<\/a><\/li>\n<li style=\"text-align: justify\"><a href=\"https:\/\/semmelweis.hu\/jogigfoig\/files\/2016\/09\/91_sz_VI_29_Doktori_Szabalyzat.pdf\">91\/2016. (VI. 29.) sz\u00e1m\u00fa hat\u00e1rozata a Doktori Szab\u00e1lyzat egyes rendelkez\u00e9seinek m\u00f3dos\u00edt\u00e1s\u00e1r\u00f3l c\u00edm\u0171 el\u0151terjeszt\u00e9s elfogad\u00e1s\u00e1r\u00f3l<\/a><\/li>\n<li style=\"text-align: justify\"><a href=\"https:\/\/semmelweis.hu\/jogigfoig\/files\/2016\/09\/92_sz_VI_29_Jubileumi_diszoklevel.pdf\">92\/2016. (VI.29.) sz\u00e1m\u00fa hat\u00e1rozata Jubileumi d\u00edszoklevelek adom\u00e1ny\u00e1z\u00e1s\u00e1r\u00f3l sz\u00f3l\u00f3 szab\u00e1lyzat elfogad\u00e1s\u00e1r\u00f3l<\/a><\/li>\n<li style=\"text-align: justify\"><a href=\"https:\/\/semmelweis.hu\/jogigfoig\/files\/2016\/09\/93_sz_VI_29_Rektori_palyamunka.pdf\">93\/2016. (VI.29.) sz\u00e1m\u00fa hat\u00e1rozata a Semmelweis Egyetem hallgat\u00f3i sz\u00e1m\u00e1ra ki\u00edrt rektori p\u00e1lyamunk\u00e1k c\u00edm\u0171 szab\u00e1lyzat elfogad\u00e1s\u00e1r\u00f3l<\/a><\/li>\n<li style=\"text-align: justify\"><a href=\"https:\/\/semmelweis.hu\/jogigfoig\/files\/2016\/09\/94_sz_VI_-29_szantok.pdf\">94\/2016. (VI.29.) sz\u00e1m\u00fa hat\u00e1rozata a Budapest XXII. ker\u00fclet 0239171 helyrajzi sz\u00e1m\u00fa, \u00e9s a Budapest XXII. ker\u00fclet 0239170 helyrajzi sz\u00e1m\u00fa, sz\u00e1nt\u00f3 m\u0171vel\u00e9si \u00e1g\u00fa, term\u0151f\u00f6ld ingatlanok \u00e9rt\u00e9kes\u00edt\u00e9se c\u00edm\u0171 el\u0151terjeszt\u00e9sr\u0151l<\/a><\/li>\n<li style=\"text-align: justify\"><a href=\"https:\/\/semmelweis.hu\/jogigfoig\/files\/2016\/09\/95_sz_VI_29_Nepliget_sporttelep.pdf\">95\/2016. (VI.29.) sz\u00e1m\u00fa hat\u00e1rozata a Budapest X. ker\u00fclet 38440\/39. helyrajzi sz\u00e1m\u00fa, K\u00f6nyves K\u00e1lm\u00e1n krt. 19. sz. alatti N\u00e9pligeti sporttelep ingatlan a Magyar \u00c1llam birtok\u00e1ba t\u00f6rt\u00e9n\u0151 visszaad\u00e1s\u00e1r\u00f3l sz\u00f3l\u00f3 el\u0151terjeszt\u00e9s\u00e9r\u0151l<\/a><\/li>\n<li style=\"text-align: justify\"><a href=\"https:\/\/semmelweis.hu\/jogigfoig\/?page_id=5356&amp;preview=true\" target=\"_blank\" rel=\"noopener noreferrer\">96\/2016. (VI.29.) sz\u00e1m\u00fa hat\u00e1rozata A Szen\u00e1tus \u00e1ltal l\u00e9trehozott, az egyetem eg\u00e9sz\u00e9re kiterjed\u0151 hat\u00e1sk\u00f6rrel rendelkez\u0151 \u00e1lland\u00f3 bizotts\u00e1gok \u00fcgyrendj\u00e9r\u0151l \u00e9s mell\u00e9kletei<\/a><\/li>\n<li style=\"text-align: justify\"><a href=\"https:\/\/semmelweis.hu\/jogigfoig\/files\/2016\/09\/97_sz_VI_29_EKK_MI_kozossegi_es_csaladi_mediacio.pdf\">97\/2016. (VI.29.) sz\u00e1m\u00fa hat\u00e1rozata az Eg\u00e9szs\u00e9g\u00fcgyi K\u00f6zszolg\u00e1lati Kar Ment\u00e1lhigi\u00e9n\u00e9 Int\u00e9zet K\u00f6z\u00f6ss\u00e9gi \u00e9s csal\u00e1di medi\u00e1ci\u00f3 szakir\u00e1ny\u00fa tov\u00e1bbk\u00e9pz\u00e9si szak l\u00e9tes\u00edt\u00e9s\u00e9nek \u00e9s ind\u00edt\u00e1s\u00e1nak elfogad\u00e1s\u00e1r\u00f3l<\/a><\/li>\n<li style=\"text-align: justify\"><a href=\"https:\/\/semmelweis.hu\/jogigfoig\/files\/2016\/09\/98_sz_VI_29_EKK_MI_integralt_szulo_csecsemo.pdf\">98\/2016. (VI.29.) sz\u00e1m\u00fa hat\u00e1rozata az Eg\u00e9szs\u00e9g\u00fcgyi K\u00f6zszolg\u00e1lati Kar Integr\u00e1lt sz\u00fcl\u0151-csecsem\u0151 konzult\u00e1ci\u00f3 szakir\u00e1ny\u00fa tov\u00e1bbk\u00e9pz\u00e9si szak tanterv\u00e9nek \u00e9s tant\u00e1rgyi programj\u00e1nak v\u00e1ltoz\u00e1s\u00e1r\u00f3l<\/a><\/li>\n<li style=\"text-align: justify\"><a href=\"https:\/\/semmelweis.hu\/jogigfoig\/files\/2016\/09\/99_sz_VI_-29_AOK_kurrikulum_modos.pdf\">99\/2016. (VI.29.) sz\u00e1m\u00fa hat\u00e1rozata az &#8222;\u00c1ltal\u00e1nos Orvostudom\u00e1nyi Kar kurrikulum m\u00f3dos\u00edt\u00e1si javaslat\u00e1nak&#8221; elfogad\u00e1s\u00e1r\u00f3l<\/a><\/li>\n<\/ul>\n","protected":false},"excerpt":{"rendered":"<p><a href=\"https:\/\/semmelweis.hu\/jogigfoig\/files\/2016\/09\/71_VI_29_2016_evi_koltsegvetes_kieg.pdf\">71\/2016. (VI.29.) sz\u00e1m\u00fa hat\u00e1rozata a 2016. \u00e9vi vezet\u0151i k\u00f6lts\u00e9gvet\u00e9s kieg\u00e9sz\u00edt\u00e9se (2) c\u00edm\u0171 el\u0151terjeszt\u00e9s elfogad\u00e1s\u00e1r\u00f3l<\/a><br \/>\n<a href=\"https:\/\/semmelweis.hu\/jogigfoig\/files\/2016\/09\/72_sz_VI_29_DHC.pdf\">72\/2016. (VI.29.) sz\u00e1m\u00fa hat\u00e1rozat a Doctor Honoris Causa c\u00edm adom\u00e1nyoz\u00e1s\u00e1r\u00f3l<\/a><br \/>\n<a href=\"https:\/\/semmelweis.hu\/jogigfoig\/files\/2016\/09\/73_sz_VI_29_Huzella-Tivadar1.pdf\">73\/2016. (VI.29.) sz\u00e1m\u00fa hat\u00e1rozat a 2016. \u00e9vi Huzella Tivadar jutalomd\u00edj adom\u00e1nyoz\u00e1s\u00e1r\u00f3l<\/a><br \/>\n<a href=\"https:\/\/semmelweis.hu\/jogigfoig\/files\/2016\/09\/74_sz_VI_29_Semmelweis_Ignac_jutalomdij1.pdf\">74\/2016. (VI.29.) sz\u00e1m\u00fa hat\u00e1rozat a 2016. \u00e9vi Semmelweis Ign\u00e1c jutalomd\u00edj adom\u00e1nyoz\u00e1s\u00e1r\u00f3l<\/a><br \/>\n<a href=\"https:\/\/semmelweis.hu\/jogigfoig\/files\/2016\/09\/75_sz_VI_29_ProfessorEmeritus1.pdf\">75\/2016. (VI.29.) sz\u00e1m\u00fa hat\u00e1rozat &#8222;Professor Emeritus&#8221; c\u00edmek adom\u00e1nyoz\u00e1s\u00e1r\u00f3l<\/a><br \/>\n<a href=\"https:\/\/semmelweis.hu\/jogigfoig\/files\/2016\/09\/76_sz_VI_29_AOK_dekanhelyettes1.pdf\">76\/2016. (VI.29.) sz\u00e1m\u00fa hat\u00e1rozat az \u00c1ltal\u00e1nos Orvostudom\u00e1nyi Kar d\u00e9k\u00e1nhelyettesi megb\u00edz\u00e1s\u00e1ra be\u00e9rkezett p\u00e1ly\u00e1zat v\u00e9lem\u00e9nyez\u00e9s\u00e9hez k\u00e9sz\u00fclt el\u0151terjeszt\u00e9s elfogad\u00e1s\u00e1r\u00f3l<\/a><br \/>\n<a href=\"https:\/\/semmelweis.hu\/jogigfoig\/files\/2016\/09\/77_sz_VI_29_Onkologiai_Kozpont1_igazgato.pdf\">77\/2016. (VI.29.) sz\u00e1m\u00fa hat\u00e1rozat az Onkol\u00f3giai K\u00f6zpont igazgat\u00f3i megb\u00edz\u00e1s\u00e1ra be\u00e9rkezett p\u00e1ly\u00e1zat v\u00e9lem\u00e9nyez\u00e9s\u00e9r\u0151l<\/a><br \/>\n<a href=\"https:\/\/semmelweis.hu\/jogigfoig\/files\/2016\/09\/78_sz_VI_29_Onkologiai_Tanszek_tanszekvezeto1.pdf\">78\/2016. (VI.29.) sz\u00e1m\u00fa hat\u00e1rozat az \u00c1ltal\u00e1nos Orvostudom\u00e1nyi Kar Onkol\u00f3giai K\u00f6zpont tansz\u00e9kvezet\u0151i megb\u00edz\u00e1s\u00e1ra be\u00e9rkezett p\u00e1ly\u00e1zat v\u00e9lem\u00e9nyez\u00e9s\u00e9r\u0151l<\/a><br \/>\n<a href=\"https:\/\/semmelweis.hu\/jogigfoig\/files\/2016\/09\/79_sz_egyet_docensi_tud_fomunkatarsi1.pdf\">79\/2016. (VI.29.) sz\u00e1m\u00fa hat\u00e1rozat a Pulmonol\u00f3giai Klinika \u00e9s az I. sz. Seb\u00e9szeti Klinika \u00e1ltal meghirdetett egyetemi docensi \u00e1ll\u00e1shelyekre, valamint az I. sz. Patol\u00f3giai \u00e9s K\u00eds\u00e9rleti R\u00e1kkutat\u00f3 Int\u00e9zet tudom\u00e1nyos f\u0151munkat\u00e1rsi \u00e1ll\u00e1shely\u00e9re be\u00e9rkezett p\u00e1ly\u00e1zatok v\u00e9lem\u00e9nyez\u00e9s\u00e9r\u0151l<\/a><br \/>\n<a href=\"https:\/\/semmelweis.hu\/jogigfoig\/files\/2016\/09\/80_sz_VI_29_oraado_oktato.pdf\">80\/2016. (VI.29.) sz\u00e1m\u00fa hat\u00e1rozat az \u00f3raad\u00f3 oktat\u00f3knak adom\u00e1nyozhat\u00f3 c\u00edmek oda\u00edt\u00e9l\u00e9s\u00e9r\u0151l<\/a><br \/>\n<a href=\"https:\/\/semmelweis.hu\/jogigfoig\/files\/2016\/09\/81_sz_VI_29_2017_evi_allami_kituntetes.pdf\">81\/2016. (VI.29.) sz\u00e1m\u00fa hat\u00e1rozat 2017. \u00e9vi \u00e1llami kit\u00fcntet\u00e9sre t\u00f6rt\u00e9n\u0151 felterjeszt\u00e9sr\u0151l<\/a><br \/>\n<a href=\"https:\/\/semmelweis.hu\/jogigfoig\/files\/2016\/09\/82_sz_VI_29_Jo_tanulo_jo_sportolo.pdf\">82\/2016. (VI.29.) sz\u00e1m\u00fa hat\u00e1rozat a &#8222;J\u00f3 tanul\u00f3 &#8211; j\u00f3 sportol\u00f3&#8221; kit\u00fcntet\u0151 c\u00edmek oda\u00edt\u00e9l\u00e9s\u00e9r\u0151l c\u00edm\u0171 el\u0151terjeszt\u00e9s elfogad\u00e1s\u00e1r\u00f3l<\/a><br \/>\n<a href=\"https:\/\/semmelweis.hu\/jogigfoig\/files\/2016\/09\/83_sz_VI_29_Kari_bizottsagok_AOK_FOK_GYTK_megujitasarol.pdf\">83\/2016. (VI.29.) sz\u00e1m\u00fa hat\u00e1rozat A Szen\u00e1tus \u00e1ltal l\u00e9trehozott, kari bizotts\u00e1gok meg\u00faj\u00edt\u00e1s\u00e1r\u00f3l<\/a><br \/>\n<a href=\"https:\/\/semmelweis.hu\/jogigfoig\/files\/2016\/09\/84_sz_VI_29_ETK_bizottsag_hallgatoi_osszetetel.pdf\">84\/2016. (VI.29.) sz\u00e1m\u00fa hat\u00e1rozat Az Eg\u00e9szs\u00e9gtudom\u00e1nyi Karon m\u0171k\u00f6d\u0151 bizotts\u00e1gok \u00f6sszet\u00e9tel\u00e9nek m\u00f3dos\u00edt\u00e1s\u00e1r\u00f3l<\/a><br \/>\n<a href=\"https:\/\/semmelweis.hu\/jogigfoig\/files\/2016\/09\/85_sz_VI_29_EKK_delegalas_egyetemi_bizottsagba.pdf\">85\/2016. (VI.29.) sz\u00e1m\u00fa hat\u00e1rozat Az Eg\u00e9szs\u00e9g\u00fcgyi K\u00f6zszolg\u00e1lati Kar \u00e1ltal deleg\u00e1lt \u00faj kari k\u00e9pvisel\u0151k megv\u00e1laszt\u00e1s\u00e1r\u00f3l az egyetemi (Fogyat\u00e9kos Hallgat\u00f3k \u00dcgyeivel Foglalkoz\u00f3 Bizotts\u00e1g, K\u00fcls\u0151 Kutat\u00e1si Munk\u00e1kat v\u00e9lem\u00e9nyez\u0151 Bizotts\u00e1g, Egyetemi Etikai Bizotts\u00e1g) \u00e1lland\u00f3 bizotts\u00e1gokba<\/a><br \/>\n<a href=\"https:\/\/semmelweis.hu\/jogigfoig\/files\/2016\/09\/86_sz_VI_29_EDT_uj_tag_EKK_delegalasa.pdf\">86\/2016. (VI.29.) sz\u00e1m\u00fa hat\u00e1rozat Az Eg\u00e9szs\u00e9g\u00fcgyi K\u00f6zszolg\u00e1lati Kar \u00faj szavazati joggal rendelkez\u0151 kari k\u00e9pvisel\u0151j\u00e9nek deleg\u00e1l\u00e1sa az Egyetemi Doktori Tan\u00e1csba<\/a><br \/>\n<a href=\"https:\/\/semmelweis.hu\/jogigfoig\/files\/2016\/09\/87_sz_VI_29_EK_uj_szakfelelos.pdf\">87\/2016. (VI.29.) sz\u00e1m\u00fa hat\u00e1rozat a Ment\u00e1lhigi\u00e9n\u00e9 Int\u00e9zet Integr\u00e1lt sz\u00fcl\u0151-csecsem\u0151 konzult\u00e1ci\u00f3 szakir\u00e1ny\u00fa tov\u00e1bbk\u00e9pz\u00e9si szak szakfelel\u0151s szem\u00e9ly\u00e9nek v\u00e1ltoz\u00e1s\u00e1r\u00f3l<\/a><br \/>\n<a href=\"https:\/\/semmelweis.hu\/jogigfoig\/files\/2016\/09\/88_sz_VI_29_II_Belgyogy_Klin_Infektologiai_Tanszek.pdf\">88\/2016. (VI.29.) sz\u00e1m\u00fa hat\u00e1rozata &#8222;II. sz. Belgy\u00f3gy\u00e1szati Klinika Infektol\u00f3giai Tansz\u00e9ki Csoportj\u00e1nak j\u00f6v\u0151beni jog\u00e1ll\u00e1s\u00e1r\u00f3l&#8221; sz\u00f3l\u00f3 el\u0151terjeszt\u00e9s elfogad\u00e1s\u00e1r\u00f3l<\/a><br \/>\n<a href=\"https:\/\/semmelweis.hu\/jogigfoig\/files\/2016\/09\/89_sz_VI_29_Radiol_Onkoterapias_Klinika_nevvalt.pdf\">89\/2016. (VI. 29.) sz\u00e1m\u00fa hat\u00e1rozata &#8222;a Radiol\u00f3giai \u00e9s Onkoter\u00e1pi\u00e1s Klinika n\u00e9vv\u00e1ltoztat\u00e1s\u00e1val kapcsolatos&#8221; el\u0151terjeszt\u00e9s elfogad\u00e1s\u00e1r\u00f3l<\/a><br \/>\n<a href=\"https:\/\/semmelweis.hu\/jogigfoig\/files\/2016\/09\/90_sz_VI_29_kulso_megbizasu_klinikai_nemklinikai_szab.pdf\">90\/2016. (VI.29.) sz\u00e1m\u00fa hat\u00e1rozata a k\u00fcls\u0151 megb\u00edz\u00e1s\u00fa klinikai \u00e9s nemklinikai vizsg\u00e1latok szab\u00e1lyair\u00f3l sz\u00f3l\u00f3 szab\u00e1lyzat m\u00f3dos\u00edt\u00e1s\u00e1r\u00f3l<\/a><br \/>\n<a href=\"https:\/\/semmelweis.hu\/jogigfoig\/files\/2016\/09\/91_sz_VI_29_Doktori_Szabalyzat.pdf\">91\/2016. (VI. 29.) sz\u00e1m\u00fa hat\u00e1rozata a Doktori Szab\u00e1lyzat egyes rendelkez\u00e9seinek m\u00f3dos\u00edt\u00e1s\u00e1r\u00f3l c\u00edm\u0171 el\u0151terjeszt\u00e9s elfogad\u00e1s\u00e1r\u00f3l<\/a><br \/>\n<a href=\"https:\/\/semmelweis.hu\/jogigfoig\/files\/2016\/09\/92_sz_VI_29_Jubileumi_diszoklevel.pdf\">92\/2016. (VI.29.) sz\u00e1m\u00fa hat\u00e1rozata Jubileumi d\u00edszoklevelek adom\u00e1ny\u00e1z\u00e1s\u00e1r\u00f3l sz\u00f3l\u00f3 szab\u00e1lyzat elfogad\u00e1s\u00e1r\u00f3l<\/a><br \/>\n<a href=\"https:\/\/semmelweis.hu\/jogigfoig\/files\/2016\/09\/93_sz_VI_29_Rektori_palyamunka.pdf\">93\/2016. (VI.29.) sz\u00e1m\u00fa hat\u00e1rozata a Semmelweis Egyetem hallgat\u00f3i sz\u00e1m\u00e1ra ki\u00edrt rektori p\u00e1lyamunk\u00e1k c\u00edm\u0171 szab\u00e1lyzat elfogad\u00e1s\u00e1r\u00f3l<\/a><br \/>\n<a href=\"https:\/\/semmelweis.hu\/jogigfoig\/files\/2016\/09\/94_sz_VI_-29_szantok.pdf\">94\/2016. (VI.29.) sz\u00e1m\u00fa hat\u00e1rozata a Budapest XXII. ker\u00fclet 0239171 helyrajzi sz\u00e1m\u00fa, \u00e9s a Budapest XXII. ker\u00fclet 0239170 helyrajzi sz\u00e1m\u00fa, sz\u00e1nt\u00f3 m\u0171vel\u00e9si \u00e1g\u00fa, term\u0151f\u00f6ld ingatlanok \u00e9rt\u00e9kes\u00edt\u00e9se c\u00edm\u0171 el\u0151terjeszt\u00e9sr\u0151l<\/a><br \/>\n<a href=\"https:\/\/semmelweis.hu\/jogigfoig\/files\/2016\/09\/95_sz_VI_29_Nepliget_sporttelep.pdf\">95\/2016. (VI.29.) sz\u00e1m\u00fa hat\u00e1rozata a Budapest X. ker\u00fclet 38440\/39. helyrajzi sz\u00e1m\u00fa, K\u00f6nyves K\u00e1lm\u00e1n krt. 19. sz. alatti N\u00e9pligeti sporttelep ingatlan a Magyar \u00c1llam birtok\u00e1ba t\u00f6rt\u00e9n\u0151 visszaad\u00e1s\u00e1r\u00f3l sz\u00f3l\u00f3 el\u0151terjeszt\u00e9s\u00e9r\u0151l<\/a><br \/>\n<a href=\"https:\/\/semmelweis.hu\/jogigfoig\/?page_id=5356&amp;preview=true\" target=\"_blank\" rel=\"noopener noreferrer\">96\/2016. (VI.29.) sz\u00e1m\u00fa hat\u00e1rozata A Szen\u00e1tus \u00e1ltal l\u00e9trehozott, az egyetem eg\u00e9sz\u00e9re kiterjed\u0151 hat\u00e1sk\u00f6rrel rendelkez\u0151 \u00e1lland\u00f3 bizotts\u00e1gok \u00fcgyrendj\u00e9r\u0151l \u00e9s mell\u00e9kletei<\/a><br \/>\n<a href=\"https:\/\/semmelweis.hu\/jogigfoig\/files\/2016\/09\/97_sz_VI_29_EKK_MI_kozossegi_es_csaladi_mediacio.pdf\">97\/2016. (VI.29.) sz\u00e1m\u00fa hat\u00e1rozata az Eg\u00e9szs\u00e9g\u00fcgyi K\u00f6zszolg\u00e1lati Kar Ment\u00e1lhigi\u00e9n\u00e9 Int\u00e9zet K\u00f6z\u00f6ss\u00e9gi \u00e9s csal\u00e1di medi\u00e1ci\u00f3 szakir\u00e1ny\u00fa tov\u00e1bbk\u00e9pz\u00e9si szak l\u00e9tes\u00edt\u00e9s\u00e9nek \u00e9s ind\u00edt\u00e1s\u00e1nak elfogad\u00e1s\u00e1r\u00f3l<\/a><br \/>\n<a href=\"https:\/\/semmelweis.hu\/jogigfoig\/files\/2016\/09\/98_sz_VI_29_EKK_MI_integralt_szulo_csecsemo.pdf\">98\/2016. (VI.29.) sz\u00e1m\u00fa hat\u00e1rozata az Eg\u00e9szs\u00e9g\u00fcgyi K\u00f6zszolg\u00e1lati Kar Integr\u00e1lt sz\u00fcl\u0151-csecsem\u0151 konzult\u00e1ci\u00f3 szakir\u00e1ny\u00fa tov\u00e1bbk\u00e9pz\u00e9si szak tanterv\u00e9nek \u00e9s tant\u00e1rgyi programj\u00e1nak v\u00e1ltoz\u00e1s\u00e1r\u00f3l<\/a><br \/>\n<a href=\"https:\/\/semmelweis.hu\/jogigfoig\/files\/2016\/09\/99_sz_VI_-29_AOK_kurrikulum_modos.pdf\">99\/2016. (VI.29.) sz\u00e1m\u00fa hat\u00e1rozata az &#8222;\u00c1ltal\u00e1nos Orvostudom\u00e1nyi Kar kurrikulum m\u00f3dos\u00edt\u00e1si javaslat\u00e1nak&#8221; elfogad\u00e1s\u00e1r\u00f3l<\/a><\/p>\n","protected":false},"author":12,"featured_media":0,"parent":7792,"menu_order":8,"comment_status":"closed","ping_status":"closed","template":"","meta":{"_acf_changed":false,"footnotes":""},"categories":[1],"tags":[],"class_list":["post-5163","page","type-page","status-publish","hentry","category-egyeb"],"acf":[],"_links":{"self":[{"href":"https:\/\/semmelweis.hu\/jogigfoig\/wp-json\/wp\/v2\/pages\/5163","targetHints":{"allow":["GET"]}}],"collection":[{"href":"https:\/\/semmelweis.hu\/jogigfoig\/wp-json\/wp\/v2\/pages"}],"about":[{"href":"https:\/\/semmelweis.hu\/jogigfoig\/wp-json\/wp\/v2\/types\/page"}],"author":[{"embeddable":true,"href":"https:\/\/semmelweis.hu\/jogigfoig\/wp-json\/wp\/v2\/users\/12"}],"replies":[{"embeddable":true,"href":"https:\/\/semmelweis.hu\/jogigfoig\/wp-json\/wp\/v2\/comments?post=5163"}],"version-history":[{"count":10,"href":"https:\/\/semmelweis.hu\/jogigfoig\/wp-json\/wp\/v2\/pages\/5163\/revisions"}],"predecessor-version":[{"id":7806,"href":"https:\/\/semmelweis.hu\/jogigfoig\/wp-json\/wp\/v2\/pages\/5163\/revisions\/7806"}],"up":[{"embeddable":true,"href":"https:\/\/semmelweis.hu\/jogigfoig\/wp-json\/wp\/v2\/pages\/7792"}],"wp:attachment":[{"href":"https:\/\/semmelweis.hu\/jogigfoig\/wp-json\/wp\/v2\/media?parent=5163"}],"wp:term":[{"taxonomy":"category","embeddable":true,"href":"https:\/\/semmelweis.hu\/jogigfoig\/wp-json\/wp\/v2\/categories?post=5163"},{"taxonomy":"post_tag","embeddable":true,"href":"https:\/\/semmelweis.hu\/jogigfoig\/wp-json\/wp\/v2\/tags?post=5163"}],"curies":[{"name":"wp","href":"https:\/\/api.w.org\/{rel}","templated":true}]}}