{"id":512,"date":"2012-06-05T09:00:16","date_gmt":"2012-06-05T09:00:16","guid":{"rendered":"http:\/\/semmelweis-egyetem.hu\/rektori-hivatal\/?page_id=512"},"modified":"2020-02-13T09:44:55","modified_gmt":"2020-02-13T08:44:55","slug":"2012-marcius-29","status":"publish","type":"page","link":"https:\/\/semmelweis.hu\/jogigfoig\/testuletek\/szenatus\/2012-evi-szenatusi-hatarozatok\/2012-marcius-29\/","title":{"rendered":"2012. m\u00e1rcius 29."},"content":{"rendered":"<ul>\n<li>\n<div style=\"text-align: justify\" align=\"center\"><a href=\"https:\/\/semmelweis.hu\/rektori-hivatal\/files\/2012\/06\/22.-sz.-III.29._napirend-elfogad\u00e1sa.docx.pdf\">22\/2012. (III. 29.) sz\u00e1m\u00fa hat. a szen\u00e1tusi \u00fcl\u00e9s napirendi pontjainak elfogad\u00e1s\u00e1r\u00f3l<\/a><\/div>\n<\/li>\n<li style=\"text-align: justify\">\n<div style=\"text-align: justify\" align=\"center\"><a href=\"https:\/\/semmelweis.hu\/rektori-hivatal\/files\/2012\/06\/23.-sz.-III.29._rektori-megb\u00edz\u00e1s.docx.pdf\">23\/2012. (III. 29.) sz\u00e1m\u00fa hat. a rektori megb\u00edz\u00e1sra beny\u00fajtott p\u00e1ly\u00e1zat v\u00e9lem\u00e9nyez\u00e9s\u00e9r\u0151l<\/a><\/div>\n<\/li>\n<li style=\"text-align: justify\">\n<div style=\"text-align: justify\" align=\"center\"><a href=\"https:\/\/semmelweis.hu\/rektori-hivatal\/files\/2012\/06\/24.-sz.-III.29._Szab\u00e1lytalans\u00e1gok-kezel\u00e9se-szab\u00e1lyzat.docx.pdf\">24\/2012. (III. 29.) sz\u00e1m\u00fa\u00a0hat.\u00a0a Szab\u00e1lytalans\u00e1gok kezel\u00e9s\u00e9nek elj\u00e1r\u00e1srendje c\u00edm\u0171 szab\u00e1lyzatr\u00f3l<\/a><\/div>\n<\/li>\n<li style=\"text-align: justify\">\n<div style=\"text-align: justify\" align=\"center\"><a href=\"https:\/\/semmelweis.hu\/rektori-hivatal\/files\/2012\/06\/25.-sz.-III.29._Besz\u00e1mol\u00f3-a-TF-kari-bizotts\u00e1gok-munk\u00e1j\u00e1r\u00f3l.docx.pdf\">25\/2012. (III. 29.) sz\u00e1m\u00fa hat.\u00a0a Szen\u00e1tus \u00e1ltal l\u00e9trehozott, a Testnevel\u00e9si \u00e9s Sporttudom\u00e1nyi Karon m\u0171k\u00f6d\u0151 kari bizotts\u00e1gok 2011. \u00e9vi munk\u00e1j\u00e1r\u00f3l sz\u00f3l\u00f3 besz\u00e1mol\u00f3r\u00f3l<\/a><\/div>\n<\/li>\n<li style=\"text-align: justify\">\n<div style=\"text-align: justify\" align=\"center\"><a href=\"https:\/\/semmelweis.hu\/rektori-hivatal\/files\/2012\/06\/29.-sz.-III.29._egyetemi-docenstudom\u00e1nyos-f\u0151munkat\u00e1rs_\u00c1OK.docx.pdf\">26\/2012. (III. 29.) sz\u00e1m\u00fa hat. a 2012. \u00e9vre meghirdetett egyetemi docensi munkak\u00f6rre be\u00e9rkezett p\u00e1ly\u00e1zatok v\u00e9lem\u00e9nyez\u00e9s\u00e9r\u0151l<\/a><\/div>\n<\/li>\n<li style=\"text-align: justify\">\n<div style=\"text-align: left\" align=\"center\"><a href=\"https:\/\/semmelweis.hu\/rektori-hivatal\/files\/2012\/06\/27.-sz.-III.29._Aranypecs\u00e9tgy\u0171r\u0171.docx.pdf\">27\/2012. (III. 29.) sz\u00e1m\u00fa hat. az Egyetem c\u00edmer\u00e9vel d\u00edsz\u00edtett arany pecs\u00e9tgy\u0171r\u0171 adom\u00e1nyoz\u00e1s\u00e1r\u00f3l<\/a><\/div>\n<\/li>\n<li style=\"text-align: justify\">\n<div style=\"text-align: justify\" align=\"center\"><a href=\"https:\/\/semmelweis.hu\/rektori-hivatal\/files\/2012\/06\/28.-sz.-III.29._lej\u00e1r\u00f3-hosszabb\u00edthat\u00f3-vezet\u0151i-megb\u00edz\u00e1s_FOK.docx.pdf\">28\/2012. (III. 29.) sz\u00e1m\u00fa hat. a Fogorvostudom\u00e1nyi Karon 2012. \u00e9vben\u00a0 lej\u00e1r\u00f3, hosszabb\u00edthat\u00f3 vezet\u0151i megb\u00edz\u00e1sok v\u00e9lem\u00e9nyez\u00e9s\u00e9r\u0151l<\/a><\/div>\n<\/li>\n<li style=\"text-align: justify\">\n<div style=\"text-align: justify\" align=\"center\"><a href=\"https:\/\/semmelweis.hu\/rektori-hivatal\/files\/2012\/06\/29.-sz.-III.29._egyetemi-docenstudom\u00e1nyos-f\u0151munkat\u00e1rs_\u00c1OK.docx.pdf\">29\/2012. (III. 29.) sz\u00e1m\u00fa hat. az \u00c1ltal\u00e1nos Orvostudom\u00e1nyi Karon 2012. \u00e9vben meghirdetni tervezett egyetemi docensi \u00e9s tudom\u00e1nyos f\u0151munkat\u00e1rsi \u00e1ll\u00e1shelyekr\u0151l<\/a><\/div>\n<\/li>\n<li style=\"text-align: justify\">\n<div style=\"text-align: justify\" align=\"center\"><a href=\"https:\/\/semmelweis.hu\/rektori-hivatal\/files\/2012\/06\/30.-sz.-III.29._V\u00e1laszthat\u00f3-B\u00e9renk\u00edv\u00fcli-Juttat\u00e1s.docx.pdf\">30\/2012. (III. 29.) sz\u00e1m\u00fa hat. a Semmelweis Egyetem \u00e1ltal foglalkoztatottak V\u00e1laszthat\u00f3 B\u00e9ren K\u00edv\u00fcli Juttat\u00e1sainak rendszer\u00e9r\u0151l sz\u00f3l\u00f3 Szab\u00e1lyzat elfogad\u00e1s\u00e1r\u00f3l<\/a><\/div>\n<\/li>\n<li style=\"text-align: justify\">\n<div style=\"text-align: justify\" align=\"center\"><a href=\"https:\/\/semmelweis.hu\/rektori-hivatal\/files\/2012\/06\/31.-sz.-III.29._Sz\u00e1mviteli-poltika.docx.pdf\">31\/2012. (III. 29.) sz\u00e1m\u00fa hat. a Sz\u00e1mviteli Politika c\u00edm\u0171 szab\u00e1lyzatr\u00f3l<\/a><\/div>\n<\/li>\n<li style=\"text-align: justify\">\n<div style=\"text-align: justify\" align=\"center\"><a href=\"https:\/\/semmelweis.hu\/rektori-hivatal\/files\/2012\/06\/32.-sz.-III.29._Eszk\u00f6z\u00f6k-\u00e9s-forr\u00e1sok-\u00e9rt\u00e9kel\u00e9si-szab\u00e1lyzata.docx.pdf\">32\/2012. (III. 29.) sz\u00e1m\u00fa hat. az Eszk\u00f6z\u00f6k \u00e9s forr\u00e1sok \u00e9rt\u00e9kel\u00e9si szab\u00e1lyzat\u00e1r\u00f3l<\/a><\/div>\n<\/li>\n<li style=\"text-align: justify\">\n<div style=\"text-align: left\" align=\"center\"><a href=\"https:\/\/semmelweis.hu\/rektori-hivatal\/files\/2012\/06\/33.-sz.-III.29._Sz\u00e1mlarend.docx.pdf\">33\/2012. (III. 29.) sz\u00e1m\u00fa hat. a Sz\u00e1mlarend c\u00edm\u0171 szab\u00e1lyzatr\u00f3l<\/a><\/div>\n<\/li>\n<li style=\"text-align: justify\">\n<div style=\"text-align: left\" align=\"center\"><a href=\"https:\/\/semmelweis.hu\/rektori-hivatal\/files\/2012\/06\/34.-sz.-III.29._Sz\u00e1mlat\u00fck\u00f6r.docx.pdf\">34\/2012. (III. 29.) sz\u00e1m\u00fa hat. a Sz\u00e1mlat\u00fck\u00f6r c\u00edm\u0171 szab\u00e1lyzatr\u00f3l<\/a><\/div>\n<\/li>\n<li style=\"text-align: justify\">\n<div style=\"text-align: justify\" align=\"center\"><a href=\"https:\/\/semmelweis.hu\/rektori-hivatal\/files\/2012\/06\/35.-sz.-III.29._K\u00e9pz\u00e9sfejleszt\u00e9si-Strat\u00e9gia_\u00c1OK.docx.pdf\">35\/2012. (III. 29.) sz\u00e1m\u00fa hat. az \u00c1ltal\u00e1nos Orvostudom\u00e1nyi Kar K\u00e9pz\u00e9sfejleszt\u00e9si Strat\u00e9gi\u00e1ja<\/a><\/div>\n<\/li>\n<li style=\"text-align: justify\">\n<div style=\"text-align: justify\" align=\"center\"><a href=\"https:\/\/semmelweis.hu\/rektori-hivatal\/files\/2012\/06\/36.-sz.-III.29._K\u00e9pz\u00e9sfejleszt\u00e9si-Strat\u00e9gia_ETK.docx.pdf\">36\/2012. (III. 29.) sz\u00e1m\u00fa hat. az Eg\u00e9szs\u00e9gtudom\u00e1nyi Kar K\u00e9pz\u00e9sfejleszt\u00e9si Strat\u00e9gi\u00e1ja<\/a><\/div>\n<\/li>\n<li style=\"text-align: justify\">\n<div style=\"text-align: justify\" align=\"center\"><a href=\"https:\/\/semmelweis.hu\/rektori-hivatal\/files\/2012\/06\/37.-sz.-III.29._K\u00e9pz\u00e9sfejleszt\u00e9si-Strat\u00e9gia_FOK.docx.pdf\">37\/2012. (III. 29.) sz\u00e1m\u00fa hat. a Fogorvostudom\u00e1nyi Kar K\u00e9pz\u00e9sfejleszt\u00e9si Strat\u00e9gi\u00e1ja<\/a><\/div>\n<\/li>\n<li style=\"text-align: justify\">\n<div style=\"text-align: justify\" align=\"center\"><a href=\"https:\/\/semmelweis.hu\/rektori-hivatal\/files\/2012\/06\/38.-sz.-III.29._K\u00e9pz\u00e9sfejleszt\u00e9si-Strat\u00e9gia_GYTK.docx.pdf\">38\/2012. (III. 29.) sz\u00e1m\u00fa hat. a Gy\u00f3gyszer\u00e9sztudom\u00e1nyi Kar K\u00e9pz\u00e9sfejleszt\u00e9si Strat\u00e9gi\u00e1ja<\/a><\/div>\n<\/li>\n<li style=\"text-align: justify\">\n<div style=\"text-align: justify\" align=\"center\"><a href=\"https:\/\/semmelweis.hu\/rektori-hivatal\/files\/2012\/06\/39.-sz.-III.29._K\u00e9pz\u00e9sfejleszt\u00e9si-Strat\u00e9gia_TF.docx.pdf\">39\/2012. (III. 29.) sz\u00e1m\u00fa hat. a Testnevel\u00e9si \u00e9s Sporttudom\u00e1nyi Kar K\u00e9pz\u00e9sfejleszt\u00e9si Strat\u00e9gi\u00e1ja<\/a><\/div>\n<\/li>\n<li style=\"text-align: justify\">\n<div style=\"text-align: left\" align=\"center\"><a href=\"https:\/\/semmelweis.hu\/rektori-hivatal\/files\/2012\/06\/40.-sz.-III.29._K\u00e9pz\u00e9sfejleszt\u00e9si-Strat\u00e9gia_Doktori-Iskola.docx.pdf\">40\/2012. (III. 29.) sz\u00e1m\u00fa hat. a Doktori Iskola K\u00e9pz\u00e9sfejleszt\u00e9si Strat\u00e9gi\u00e1ja<\/a><\/div>\n<\/li>\n<li style=\"text-align: justify\">\n<div style=\"text-align: justify\" align=\"center\"><a href=\"https:\/\/semmelweis.hu\/rektori-hivatal\/files\/2012\/06\/41.sz_.III_.29._dr.-univ.-c\u00edm\u00e9nek-visszavon\u00e1sa.docx.pdf\">41\/2012. (III. 29.) sz\u00e1m\u00fa hat. a dr. Schmitt P\u00e1l egyetemi tudom\u00e1nyos fokozat\u00e1nak (dr. univ. c\u00edm\u00e9nek) visszavon\u00e1s\u00e1r\u00f3l<\/a><\/div>\n<\/li>\n<\/ul>\n","protected":false},"excerpt":{"rendered":"<p><a href=\"https:\/\/semmelweis.hu\/rektori-hivatal\/files\/2012\/06\/22.-sz.-III.29._napirend-elfogad\u00e1sa.docx.pdf\">22\/2012. (III. 29.) sz\u00e1m\u00fa hat. a szen\u00e1tusi \u00fcl\u00e9s napirendi pontjainak elfogad\u00e1s\u00e1r\u00f3l<\/a><\/p>\n<p><a href=\"https:\/\/semmelweis.hu\/rektori-hivatal\/files\/2012\/06\/23.-sz.-III.29._rektori-megb\u00edz\u00e1s.docx.pdf\">23\/2012. (III. 29.) sz\u00e1m\u00fa hat. a rektori megb\u00edz\u00e1sra beny\u00fajtott p\u00e1ly\u00e1zat v\u00e9lem\u00e9nyez\u00e9s\u00e9r\u0151l<\/a><\/p>\n<p><a href=\"https:\/\/semmelweis.hu\/rektori-hivatal\/files\/2012\/06\/24.-sz.-III.29._Szab\u00e1lytalans\u00e1gok-kezel\u00e9se-szab\u00e1lyzat.docx.pdf\">24\/2012. (III. 29.) sz\u00e1m\u00fa\u00a0hat.\u00a0a Szab\u00e1lytalans\u00e1gok kezel\u00e9s\u00e9nek elj\u00e1r\u00e1srendje c\u00edm\u0171 szab\u00e1lyzatr\u00f3l<\/a><\/p>\n<p><a href=\"https:\/\/semmelweis.hu\/rektori-hivatal\/files\/2012\/06\/25.-sz.-III.29._Besz\u00e1mol\u00f3-a-TF-kari-bizotts\u00e1gok-munk\u00e1j\u00e1r\u00f3l.docx.pdf\">25\/2012. (III. 29.) sz\u00e1m\u00fa hat.\u00a0a Szen\u00e1tus \u00e1ltal l\u00e9trehozott, a Testnevel\u00e9si \u00e9s Sporttudom\u00e1nyi Karon m\u0171k\u00f6d\u0151 kari bizotts\u00e1gok 2011. \u00e9vi munk\u00e1j\u00e1r\u00f3l sz\u00f3l\u00f3 besz\u00e1mol\u00f3r\u00f3l<\/a><\/p>\n<p><a href=\"https:\/\/semmelweis.hu\/rektori-hivatal\/files\/2012\/06\/29.-sz.-III.29._egyetemi-docenstudom\u00e1nyos-f\u0151munkat\u00e1rs_\u00c1OK.docx.pdf\">26\/2012. (III. 29.) sz\u00e1m\u00fa hat. a 2012. \u00e9vre meghirdetett egyetemi docensi munkak\u00f6rre be\u00e9rkezett p\u00e1ly\u00e1zatok v\u00e9lem\u00e9nyez\u00e9s\u00e9r\u0151l<\/a><\/p>\n<p><a href=\"https:\/\/semmelweis.hu\/rektori-hivatal\/files\/2012\/06\/27.-sz.-III.29._Aranypecs\u00e9tgy\u0171r\u0171.docx.pdf\">27\/2012. (III. 29.) sz\u00e1m\u00fa hat. az Egyetem c\u00edmer\u00e9vel d\u00edsz\u00edtett arany pecs\u00e9tgy\u0171r\u0171 adom\u00e1nyoz\u00e1s\u00e1r\u00f3l<\/a><\/p>\n<p><a href=\"https:\/\/semmelweis.hu\/rektori-hivatal\/files\/2012\/06\/28.-sz.-III.29._lej\u00e1r\u00f3-hosszabb\u00edthat\u00f3-vezet\u0151i-megb\u00edz\u00e1s_FOK.docx.pdf\">28\/2012. (III. 29.) sz\u00e1m\u00fa hat. a Fogorvostudom\u00e1nyi Karon 2012. \u00e9vben\u00a0 lej\u00e1r\u00f3, hosszabb\u00edthat\u00f3 vezet\u0151i megb\u00edz\u00e1sok v\u00e9lem\u00e9nyez\u00e9s\u00e9r\u0151l<\/a><\/p>\n<p><a href=\"https:\/\/semmelweis.hu\/rektori-hivatal\/files\/2012\/06\/29.-sz.-III.29._egyetemi-docenstudom\u00e1nyos-f\u0151munkat\u00e1rs_\u00c1OK.docx.pdf\">29\/2012. (III. 29.) sz\u00e1m\u00fa hat. az \u00c1ltal\u00e1nos Orvostudom\u00e1nyi Karon 2012. \u00e9vben meghirdetni tervezett egyetemi docensi \u00e9s tudom\u00e1nyos f\u0151munkat\u00e1rsi \u00e1ll\u00e1shelyekr\u0151l<\/a><\/p>\n<p><a href=\"https:\/\/semmelweis.hu\/rektori-hivatal\/files\/2012\/06\/30.-sz.-III.29._V\u00e1laszthat\u00f3-B\u00e9renk\u00edv\u00fcli-Juttat\u00e1s.docx.pdf\">30\/2012. (III. 29.) sz\u00e1m\u00fa hat. a Semmelweis Egyetem \u00e1ltal foglalkoztatottak V\u00e1laszthat\u00f3 B\u00e9ren K\u00edv\u00fcli Juttat\u00e1sainak rendszer\u00e9r\u0151l sz\u00f3l\u00f3 Szab\u00e1lyzat elfogad\u00e1s\u00e1r\u00f3l<\/a><\/p>\n<p><a href=\"https:\/\/semmelweis.hu\/rektori-hivatal\/files\/2012\/06\/31.-sz.-III.29._Sz\u00e1mviteli-poltika.docx.pdf\">31\/2012. (III. 29.) sz\u00e1m\u00fa hat. a Sz\u00e1mviteli Politika c\u00edm\u0171 szab\u00e1lyzatr\u00f3l<\/a><\/p>\n<p><a href=\"https:\/\/semmelweis.hu\/rektori-hivatal\/files\/2012\/06\/32.-sz.-III.29._Eszk\u00f6z\u00f6k-\u00e9s-forr\u00e1sok-\u00e9rt\u00e9kel\u00e9si-szab\u00e1lyzata.docx.pdf\">32\/2012. (III. 29.) sz\u00e1m\u00fa hat. az Eszk\u00f6z\u00f6k \u00e9s forr\u00e1sok \u00e9rt\u00e9kel\u00e9si szab\u00e1lyzat\u00e1r\u00f3l<\/a><\/p>\n<p><a href=\"https:\/\/semmelweis.hu\/rektori-hivatal\/files\/2012\/06\/33.-sz.-III.29._Sz\u00e1mlarend.docx.pdf\">33\/2012. (III. 29.) sz\u00e1m\u00fa hat. a Sz\u00e1mlarend c\u00edm\u0171 szab\u00e1lyzatr\u00f3l<\/a><\/p>\n<p><a href=\"https:\/\/semmelweis.hu\/rektori-hivatal\/files\/2012\/06\/34.-sz.-III.29._Sz\u00e1mlat\u00fck\u00f6r.docx.pdf\">34\/2012. (III. 29.) sz\u00e1m\u00fa hat. a Sz\u00e1mlat\u00fck\u00f6r c\u00edm\u0171 szab\u00e1lyzatr\u00f3l<\/a><\/p>\n<p><a href=\"https:\/\/semmelweis.hu\/rektori-hivatal\/files\/2012\/06\/35.-sz.-III.29._K\u00e9pz\u00e9sfejleszt\u00e9si-Strat\u00e9gia_\u00c1OK.docx.pdf\">35\/2012. (III. 29.) sz\u00e1m\u00fa hat. az \u00c1ltal\u00e1nos Orvostudom\u00e1nyi Kar K\u00e9pz\u00e9sfejleszt\u00e9si Strat\u00e9gi\u00e1ja<\/a><\/p>\n<p><a href=\"https:\/\/semmelweis.hu\/rektori-hivatal\/files\/2012\/06\/36.-sz.-III.29._K\u00e9pz\u00e9sfejleszt\u00e9si-Strat\u00e9gia_ETK.docx.pdf\">36\/2012. (III. 29.) sz\u00e1m\u00fa hat. az Eg\u00e9szs\u00e9gtudom\u00e1nyi Kar K\u00e9pz\u00e9sfejleszt\u00e9si Strat\u00e9gi\u00e1ja<\/a><\/p>\n<p><a href=\"https:\/\/semmelweis.hu\/rektori-hivatal\/files\/2012\/06\/37.-sz.-III.29._K\u00e9pz\u00e9sfejleszt\u00e9si-Strat\u00e9gia_FOK.docx.pdf\">37\/2012. (III. 29.) sz\u00e1m\u00fa hat. a Fogorvostudom\u00e1nyi Kar K\u00e9pz\u00e9sfejleszt\u00e9si Strat\u00e9gi\u00e1ja<\/a><\/p>\n<p><a href=\"https:\/\/semmelweis.hu\/rektori-hivatal\/files\/2012\/06\/38.-sz.-III.29._K\u00e9pz\u00e9sfejleszt\u00e9si-Strat\u00e9gia_GYTK.docx.pdf\">38\/2012. (III. 29.) sz\u00e1m\u00fa hat. a Gy\u00f3gyszer\u00e9sztudom\u00e1nyi Kar K\u00e9pz\u00e9sfejleszt\u00e9si Strat\u00e9gi\u00e1ja<\/a><\/p>\n<p><a href=\"https:\/\/semmelweis.hu\/rektori-hivatal\/files\/2012\/06\/39.-sz.-III.29._K\u00e9pz\u00e9sfejleszt\u00e9si-Strat\u00e9gia_TF.docx.pdf\">39\/2012. (III. 29.) sz\u00e1m\u00fa hat. a Testnevel\u00e9si \u00e9s Sporttudom\u00e1nyi Kar K\u00e9pz\u00e9sfejleszt\u00e9si Strat\u00e9gi\u00e1ja<\/a><\/p>\n<p><a href=\"https:\/\/semmelweis.hu\/rektori-hivatal\/files\/2012\/06\/40.-sz.-III.29._K\u00e9pz\u00e9sfejleszt\u00e9si-Strat\u00e9gia_Doktori-Iskola.docx.pdf\">40\/2012. (III. 29.) sz\u00e1m\u00fa hat. a Doktori Iskola K\u00e9pz\u00e9sfejleszt\u00e9si Strat\u00e9gi\u00e1ja<\/a><\/p>\n<p><a href=\"https:\/\/semmelweis.hu\/rektori-hivatal\/files\/2012\/06\/41.sz_.III_.29._dr.-univ.-c\u00edm\u00e9nek-visszavon\u00e1sa.docx.pdf\">41\/2012. (III. 29.) sz\u00e1m\u00fa hat. a dr. Schmitt P\u00e1l egyetemi tudom\u00e1nyos fokozat\u00e1nak (dr. univ. c\u00edm\u00e9nek) visszavon\u00e1s\u00e1r\u00f3l<\/a><\/p>\n","protected":false},"author":12,"featured_media":0,"parent":7842,"menu_order":3,"comment_status":"open","ping_status":"open","template":"","meta":{"_acf_changed":false,"footnotes":""},"categories":[1],"tags":[],"class_list":["post-512","page","type-page","status-publish","hentry","category-egyeb"],"acf":[],"_links":{"self":[{"href":"https:\/\/semmelweis.hu\/jogigfoig\/wp-json\/wp\/v2\/pages\/512","targetHints":{"allow":["GET"]}}],"collection":[{"href":"https:\/\/semmelweis.hu\/jogigfoig\/wp-json\/wp\/v2\/pages"}],"about":[{"href":"https:\/\/semmelweis.hu\/jogigfoig\/wp-json\/wp\/v2\/types\/page"}],"author":[{"embeddable":true,"href":"https:\/\/semmelweis.hu\/jogigfoig\/wp-json\/wp\/v2\/users\/12"}],"replies":[{"embeddable":true,"href":"https:\/\/semmelweis.hu\/jogigfoig\/wp-json\/wp\/v2\/comments?post=512"}],"version-history":[{"count":7,"href":"https:\/\/semmelweis.hu\/jogigfoig\/wp-json\/wp\/v2\/pages\/512\/revisions"}],"predecessor-version":[{"id":6243,"href":"https:\/\/semmelweis.hu\/jogigfoig\/wp-json\/wp\/v2\/pages\/512\/revisions\/6243"}],"up":[{"embeddable":true,"href":"https:\/\/semmelweis.hu\/jogigfoig\/wp-json\/wp\/v2\/pages\/7842"}],"wp:attachment":[{"href":"https:\/\/semmelweis.hu\/jogigfoig\/wp-json\/wp\/v2\/media?parent=512"}],"wp:term":[{"taxonomy":"category","embeddable":true,"href":"https:\/\/semmelweis.hu\/jogigfoig\/wp-json\/wp\/v2\/categories?post=512"},{"taxonomy":"post_tag","embeddable":true,"href":"https:\/\/semmelweis.hu\/jogigfoig\/wp-json\/wp\/v2\/tags?post=512"}],"curies":[{"name":"wp","href":"https:\/\/api.w.org\/{rel}","templated":true}]}}