{"id":4254,"date":"2016-01-29T11:32:39","date_gmt":"2016-01-29T10:32:39","guid":{"rendered":"http:\/\/semmelweis.hu\/jogigfoig\/?page_id=4254"},"modified":"2020-02-11T11:11:58","modified_gmt":"2020-02-11T10:11:58","slug":"2016-januar-28","status":"publish","type":"page","link":"https:\/\/semmelweis.hu\/jogigfoig\/testuletek\/szenatus\/2016-evi-szenatusi-hatarozatok\/2016-januar-28\/","title":{"rendered":"2016. janu\u00e1r 28."},"content":{"rendered":"<ul>\n<li style=\"text-align: justify\"><a href=\"https:\/\/semmelweis.hu\/jogigfoig\/files\/2016\/02\/N_I_28_Napirend_elfogadasarol.pdf\" target=\"_blank\" rel=\"noopener noreferrer\">N-I. 28.\/2016. sz\u00e1m\u00fa hat\u00e1rozat a szen\u00e1tusi \u00fcl\u00e9s napirendi pontjainak elfogad\u00e1s\u00e1r\u00f3l <\/a><\/li>\n<li style=\"text-align: justify\"><a href=\"https:\/\/semmelweis.hu\/jogigfoig\/files\/2016\/02\/1_sz_I_28_Munkaterv.pdf\" target=\"_blank\" rel=\"noopener noreferrer\">1\/2016. (I.28.) sz\u00e1m\u00fa hat\u00e1rozat a Szen\u00e1tus 2016. \u00e9v I. f\u00e9l\u00e9vi (tavaszi szemeszter) \u00fcl\u00e9s- \u00e9s munkaterv\u00e9nek elfogad\u00e1s\u00e1r\u00f3l <\/a><\/li>\n<li style=\"text-align: justify\"><a href=\"https:\/\/semmelweis.hu\/jogigfoig\/files\/2016\/02\/2_A_B_I_28_SZMSZ_egyes_rend_mod.pdf\" target=\"_blank\" rel=\"noopener noreferrer\">2\/A\/B\/2016. (I.28.) sz\u00e1m\u00fa hat\u00e1rozat a Szervezeti \u00e9s M\u0171k\u00f6d\u00e9si Szab\u00e1lyzat egyes rendelkez\u00e9seinek m\u00f3dos\u00edt\u00e1s\u00e1r\u00f3l <\/a><\/li>\n<li style=\"text-align: justify\"><a href=\"https:\/\/semmelweis.hu\/jogigfoig\/files\/2016\/01\/3_sz_I_28_FB_szemelyi_osszetetel.pdf\">3\/2016. (I.28.) sz\u00e1m\u00fa hat\u00e1rozat a Fel\u00fclb\u00edr\u00e1lati Bizotts\u00e1g szem\u00e9lyi \u00f6sszet\u00e9tel\u00e9nek v\u00e1ltoz\u00e1s\u00e1r\u00f3l<\/a><\/li>\n<li style=\"text-align: justify\"><a href=\"https:\/\/semmelweis.hu\/jogigfoig\/files\/2016\/01\/4_sz_I_28_DEI_egeszs_szerv_szakfelelos.pdf\">4\/2016. (I.28.) sz\u00e1m\u00fa hat\u00e1rozat a Digit\u00e1lis Eg\u00e9szs\u00e9gtudom\u00e1nyi Int\u00e9zet Eg\u00e9szs\u00e9g\u00fcgyi szervez\u0151 alapk\u00e9pz\u00e9si szak szakfelel\u0151s szem\u00e9ly\u00e9nek v\u00e1ltoz\u00e1s\u00e1r\u00f3l<\/a><\/li>\n<li style=\"text-align: justify\"><a href=\"https:\/\/semmelweis.hu\/jogigfoig\/files\/2016\/01\/5_sz_I_28_DEI_klinikai_vizsg_koord_szakfelelos.pdf\">5\/2016. (I.28.) sz\u00e1m\u00fa hat\u00e1rozat a Digit\u00e1lis Eg\u00e9szs\u00e9gtudom\u00e1nyi Int\u00e9zet Klinikai vizsg\u00e1lati koordin\u00e1tor (study nurse, study coordinator) szakir\u00e1ny\u00fa tov\u00e1bbk\u00e9pz\u00e9si szak szakfelel\u0151s szem\u00e9ly\u00e9nek v\u00e1ltoz\u00e1s\u00e1r\u00f3l<\/a><\/li>\n<li style=\"text-align: justify\"><a href=\"https:\/\/semmelweis.hu\/jogigfoig\/files\/2016\/01\/6_sz_I_28_MI_lelkigondozo_sztsz_szakfelelos.pdf\">6\/2016. (I.28.) sz\u00e1m\u00fa hat\u00e1rozat a Ment\u00e1lhigi\u00e9n\u00e9 Int\u00e9zet Ment\u00e1lhigi\u00e9n\u00e9s lelkigondoz\u00f3 szakir\u00e1ny\u00fa tov\u00e1bbk\u00e9pz\u00e9si szak szakfelel\u0151s szem\u00e9ly\u00e9nek v\u00e1ltoz\u00e1s\u00e1r\u00f3l<\/a><\/li>\n<li style=\"text-align: justify\"><a href=\"https:\/\/semmelweis.hu\/jogigfoig\/files\/2016\/01\/7_sz_I_28_EKK_Curr_Kredit_Okt_Bizotts.pdf\">7\/2016. (I.28.) sz\u00e1m\u00fa hat\u00e1rozat az Eg\u00e9szs\u00e9g\u00fcgyi K\u00f6zszolg\u00e1lati Kar Szen\u00e1tus \u00e1ltal l\u00e9trehozott Curriculum, Kredit\u00e1tviteli \u00e9s Oktat\u00e1si Bizotts\u00e1g szem\u00e9lyi \u00f6sszet\u00e9tel\u00e9nek meg\u00faj\u00edt\u00e1s\u00e1r\u00f3l<\/a><\/li>\n<li style=\"text-align: justify\"><a href=\"https:\/\/semmelweis.hu\/jogigfoig\/files\/2016\/02\/8_sz_I_28_kari_fegyelmi_bizottsagok_fegyelmi_\u00e9s-etikai_bizottsagga.pdf\" target=\"_blank\" rel=\"noopener noreferrer\">8\/2016. (I.28.) sz\u00e1m\u00fa hat\u00e1rozat a karokon m\u0171k\u00f6d\u0151 Fegyelmi Bizotts\u00e1gok Etikai \u00e9s Fegyelmi Bizotts\u00e1gg\u00e1 t\u00f6rt\u00e9n\u0151 \u00e1talak\u00edt\u00e1s\u00e1ra <\/a><\/li>\n<li style=\"text-align: justify\"><a href=\"https:\/\/semmelweis.hu\/jogigfoig\/files\/2016\/02\/9_sz_I_28_Varo_Elojegyzesi_Betegfogadasi_Szab_mod.pdf\" target=\"_blank\" rel=\"noopener noreferrer\">9\/2016. (I.28.) sz\u00e1m\u00fa hat\u00e1rozat a Semmelweis Egyetem V\u00e1r\u00f3-, El\u0151jegyz\u00e9si \u00e9s Betegfogad\u00e1si list\u00e1kra vonatkoz\u00f3 Szab\u00e1lyzat m\u00f3dos\u00edt\u00e1s\u00e1r\u00f3l<\/a><\/li>\n<li style=\"text-align: justify\"><a href=\"https:\/\/semmelweis.hu\/jogigfoig\/files\/2016\/02\/szabalyzatkeszites_mod_2016_02_09.pdf\" target=\"_blank\" rel=\"noopener noreferrer\">10\/2016. (I.28.) sz\u00e1m\u00fa hat\u00e1rozat a Szab\u00e1lyoz\u00f3 dokumentumok kezel\u00e9s\u00e9nek rendj\u00e9r\u0151l sz\u00f3l\u00f3 szab\u00e1lyzat m\u00f3dos\u00edt\u00e1s\u00e1r\u00f3l<\/a><\/li>\n<li style=\"text-align: justify\"><a href=\"https:\/\/semmelweis.hu\/jogigfoig\/files\/2016\/02\/11_sz_I_28_EKK_DEI_eu_szervezo_tanterv_mod.pdf\" target=\"_blank\" rel=\"noopener noreferrer\">11\/2016. (I.28.) sz\u00e1m\u00fa hat\u00e1rozat az Eg\u00e9szs\u00e9g\u00fcgyi K\u00f6zszolg\u00e1lati Kar Digit\u00e1lis Eg\u00e9szs\u00e9gtudom\u00e1nyi Int\u00e9zet Eg\u00e9szs\u00e9g\u00fcgyi szervez\u0151 alapk\u00e9pz\u00e9si szak tanterv\u00e9nek \u00e9s tant\u00e1rgyi programja m\u00f3dos\u00edt\u00e1s\u00e1nak j\u00f3v\u00e1hagy\u00e1s\u00e1r\u00f3l <\/a><\/li>\n<\/ul>\n","protected":false},"excerpt":{"rendered":"<p><a href=\"https:\/\/semmelweis.hu\/jogigfoig\/files\/2016\/02\/N_I_28_Napirend_elfogadasarol.pdf\" target=\"_blank\" rel=\"noopener noreferrer\">N-I. 28.\/2016. sz\u00e1m\u00fa hat\u00e1rozat a szen\u00e1tusi \u00fcl\u00e9s napirendi pontjainak elfogad\u00e1s\u00e1r\u00f3l <\/a><br \/>\n<a href=\"https:\/\/semmelweis.hu\/jogigfoig\/files\/2016\/02\/1_sz_I_28_Munkaterv.pdf\" target=\"_blank\" rel=\"noopener noreferrer\">1\/2016. (I.28.) sz\u00e1m\u00fa hat\u00e1rozat a Szen\u00e1tus 2016. \u00e9v I. f\u00e9l\u00e9vi (tavaszi szemeszter) \u00fcl\u00e9s- \u00e9s munkaterv\u00e9nek elfogad\u00e1s\u00e1r\u00f3l <\/a><br \/>\n<a href=\"https:\/\/semmelweis.hu\/jogigfoig\/files\/2016\/02\/2_A_B_I_28_SZMSZ_egyes_rend_mod.pdf\" target=\"_blank\" rel=\"noopener noreferrer\">2\/A\/B\/2016. (I.28.) sz\u00e1m\u00fa hat\u00e1rozat a Szervezeti \u00e9s M\u0171k\u00f6d\u00e9si Szab\u00e1lyzat egyes rendelkez\u00e9seinek m\u00f3dos\u00edt\u00e1s\u00e1r\u00f3l <\/a><br \/>\n<a href=\"https:\/\/semmelweis.hu\/jogigfoig\/files\/2016\/01\/3_sz_I_28_FB_szemelyi_osszetetel.pdf\">3\/2016. (I.28.) sz\u00e1m\u00fa hat\u00e1rozat a Fel\u00fclb\u00edr\u00e1lati Bizotts\u00e1g szem\u00e9lyi \u00f6sszet\u00e9tel\u00e9nek v\u00e1ltoz\u00e1s\u00e1r\u00f3l<\/a><br \/>\n<a href=\"https:\/\/semmelweis.hu\/jogigfoig\/files\/2016\/01\/4_sz_I_28_DEI_egeszs_szerv_szakfelelos.pdf\">4\/2016. (I.28.) sz\u00e1m\u00fa hat\u00e1rozat a Digit\u00e1lis Eg\u00e9szs\u00e9gtudom\u00e1nyi Int\u00e9zet Eg\u00e9szs\u00e9g\u00fcgyi szervez\u0151 alapk\u00e9pz\u00e9si szak szakfelel\u0151s szem\u00e9ly\u00e9nek v\u00e1ltoz\u00e1s\u00e1r\u00f3l<\/a><br \/>\n<a href=\"https:\/\/semmelweis.hu\/jogigfoig\/files\/2016\/01\/5_sz_I_28_DEI_klinikai_vizsg_koord_szakfelelos.pdf\">5\/2016. (I.28.) sz\u00e1m\u00fa hat\u00e1rozat a Digit\u00e1lis Eg\u00e9szs\u00e9gtudom\u00e1nyi Int\u00e9zet Klinikai vizsg\u00e1lati koordin\u00e1tor (study nurse, study coordinator) szakir\u00e1ny\u00fa tov\u00e1bbk\u00e9pz\u00e9si szak szakfelel\u0151s szem\u00e9ly\u00e9nek v\u00e1ltoz\u00e1s\u00e1r\u00f3l<\/a><br \/>\n<a href=\"https:\/\/semmelweis.hu\/jogigfoig\/files\/2016\/01\/6_sz_I_28_MI_lelkigondozo_sztsz_szakfelelos.pdf\">6\/2016. (I.28.) sz\u00e1m\u00fa hat\u00e1rozat a Ment\u00e1lhigi\u00e9n\u00e9 Int\u00e9zet Ment\u00e1lhigi\u00e9n\u00e9s lelkigondoz\u00f3 szakir\u00e1ny\u00fa tov\u00e1bbk\u00e9pz\u00e9si szak szakfelel\u0151s szem\u00e9ly\u00e9nek v\u00e1ltoz\u00e1s\u00e1r\u00f3l<\/a><br \/>\n<a href=\"https:\/\/semmelweis.hu\/jogigfoig\/files\/2016\/01\/7_sz_I_28_EKK_Curr_Kredit_Okt_Bizotts.pdf\">7\/2016. (I.28.) sz\u00e1m\u00fa hat\u00e1rozat az Eg\u00e9szs\u00e9g\u00fcgyi K\u00f6zszolg\u00e1lati Kar Szen\u00e1tus \u00e1ltal l\u00e9trehozott Curriculum, Kredit\u00e1tviteli \u00e9s Oktat\u00e1si Bizotts\u00e1g szem\u00e9lyi \u00f6sszet\u00e9tel\u00e9nek meg\u00faj\u00edt\u00e1s\u00e1r\u00f3l<\/a><br \/>\n<a href=\"https:\/\/semmelweis.hu\/jogigfoig\/files\/2016\/02\/8_sz_I_28_kari_fegyelmi_bizottsagok_fegyelmi_\u00e9s-etikai_bizottsagga.pdf\" target=\"_blank\" rel=\"noopener noreferrer\">8\/2016. (I.28.) sz\u00e1m\u00fa hat\u00e1rozat a karokon m\u0171k\u00f6d\u0151 Fegyelmi Bizotts\u00e1gok Etikai \u00e9s Fegyelmi Bizotts\u00e1gg\u00e1 t\u00f6rt\u00e9n\u0151 \u00e1talak\u00edt\u00e1s\u00e1ra <\/a><br \/>\n<a href=\"https:\/\/semmelweis.hu\/jogigfoig\/files\/2016\/02\/9_sz_I_28_Varo_Elojegyzesi_Betegfogadasi_Szab_mod.pdf\" target=\"_blank\" rel=\"noopener noreferrer\">9\/2016. (I.28.) sz\u00e1m\u00fa hat\u00e1rozat a Semmelweis Egyetem V\u00e1r\u00f3-, El\u0151jegyz\u00e9si \u00e9s Betegfogad\u00e1si list\u00e1kra vonatkoz\u00f3 Szab\u00e1lyzat m\u00f3dos\u00edt\u00e1s\u00e1r\u00f3l<\/a><br \/>\n<a href=\"https:\/\/semmelweis.hu\/jogigfoig\/files\/2016\/02\/szabalyzatkeszites_mod_2016_02_09.pdf\" target=\"_blank\" rel=\"noopener noreferrer\">10\/2016. (I.28.) sz\u00e1m\u00fa hat\u00e1rozat a Szab\u00e1lyoz\u00f3 dokumentumok kezel\u00e9s\u00e9nek rendj\u00e9r\u0151l sz\u00f3l\u00f3 szab\u00e1lyzat m\u00f3dos\u00edt\u00e1s\u00e1r\u00f3l<\/a><br \/>\n<a href=\"https:\/\/semmelweis.hu\/jogigfoig\/files\/2016\/02\/11_sz_I_28_EKK_DEI_eu_szervezo_tanterv_mod.pdf\" target=\"_blank\" rel=\"noopener noreferrer\">11\/2016. (I.28.) sz\u00e1m\u00fa hat\u00e1rozat az Eg\u00e9szs\u00e9g\u00fcgyi K\u00f6zszolg\u00e1lati Kar Digit\u00e1lis Eg\u00e9szs\u00e9gtudom\u00e1nyi Int\u00e9zet Eg\u00e9szs\u00e9g\u00fcgyi szervez\u0151 alapk\u00e9pz\u00e9si szak tanterv\u00e9nek \u00e9s tant\u00e1rgyi programja m\u00f3dos\u00edt\u00e1s\u00e1nak j\u00f3v\u00e1hagy\u00e1s\u00e1r\u00f3l <\/a><\/p>\n","protected":false},"author":12,"featured_media":0,"parent":7792,"menu_order":1,"comment_status":"closed","ping_status":"closed","template":"","meta":{"_acf_changed":false,"footnotes":""},"categories":[1],"tags":[],"class_list":["post-4254","page","type-page","status-publish","hentry","category-egyeb"],"acf":[],"_links":{"self":[{"href":"https:\/\/semmelweis.hu\/jogigfoig\/wp-json\/wp\/v2\/pages\/4254","targetHints":{"allow":["GET"]}}],"collection":[{"href":"https:\/\/semmelweis.hu\/jogigfoig\/wp-json\/wp\/v2\/pages"}],"about":[{"href":"https:\/\/semmelweis.hu\/jogigfoig\/wp-json\/wp\/v2\/types\/page"}],"author":[{"embeddable":true,"href":"https:\/\/semmelweis.hu\/jogigfoig\/wp-json\/wp\/v2\/users\/12"}],"replies":[{"embeddable":true,"href":"https:\/\/semmelweis.hu\/jogigfoig\/wp-json\/wp\/v2\/comments?post=4254"}],"version-history":[{"count":9,"href":"https:\/\/semmelweis.hu\/jogigfoig\/wp-json\/wp\/v2\/pages\/4254\/revisions"}],"predecessor-version":[{"id":7813,"href":"https:\/\/semmelweis.hu\/jogigfoig\/wp-json\/wp\/v2\/pages\/4254\/revisions\/7813"}],"up":[{"embeddable":true,"href":"https:\/\/semmelweis.hu\/jogigfoig\/wp-json\/wp\/v2\/pages\/7792"}],"wp:attachment":[{"href":"https:\/\/semmelweis.hu\/jogigfoig\/wp-json\/wp\/v2\/media?parent=4254"}],"wp:term":[{"taxonomy":"category","embeddable":true,"href":"https:\/\/semmelweis.hu\/jogigfoig\/wp-json\/wp\/v2\/categories?post=4254"},{"taxonomy":"post_tag","embeddable":true,"href":"https:\/\/semmelweis.hu\/jogigfoig\/wp-json\/wp\/v2\/tags?post=4254"}],"curies":[{"name":"wp","href":"https:\/\/api.w.org\/{rel}","templated":true}]}}