{"id":4165,"date":"2016-01-22T13:25:07","date_gmt":"2016-01-22T12:25:07","guid":{"rendered":"http:\/\/semmelweis.hu\/jogigfoig\/?page_id=4165"},"modified":"2020-02-11T11:27:52","modified_gmt":"2020-02-11T10:27:52","slug":"2015-december-17","status":"publish","type":"page","link":"https:\/\/semmelweis.hu\/jogigfoig\/testuletek\/szenatus\/2015-evi-szenatusi-hatarozatok\/2015-december-17\/","title":{"rendered":"2015. december 17."},"content":{"rendered":"<ul>\n<li style=\"text-align: justify\"><a href=\"https:\/\/semmelweis.hu\/jogigfoig\/files\/2016\/01\/141_A_B_XII_17_SZMSZ_egyes_rendelk_mod.pdf\" target=\"_blank\" rel=\"noopener noreferrer\">141\/A\/B\/2015. (XII.17.) sz\u00e1m\u00fa hat\u00e1rozat a Szervezeti \u00e9s M\u0171k\u00f6d\u00e9si Szab\u00e1lyzat egyes rendelkez\u00e9seinek m\u00f3dos\u00edt\u00e1s\u00e1r\u00f3l <\/a><\/li>\n<li style=\"text-align: justify\"><a href=\"https:\/\/semmelweis.hu\/jogigfoig\/files\/2016\/01\/142_sz_XII_17_konzisztorium_tagok.pdf\">142\/2015. (XII.17.) sz\u00e1m\u00fa hat\u00e1rozat Javaslat a Semmelweis Egyetemen m\u0171k\u00f6d\u0151 konziszt\u00f3rium deleg\u00e1lt tagjai vonatkoz\u00e1s\u00e1ban<\/a><\/li>\n<li style=\"text-align: justify\"><a href=\"https:\/\/semmelweis.hu\/jogigfoig\/files\/2016\/01\/143_sz_XII_17_AOK_dekan.pdf\">143\/2015. (XII.17.) sz\u00e1m\u00fa hat\u00e1rozat az \u00c1ltal\u00e1nos Orvostudom\u00e1nyi Kar d\u00e9k\u00e1ni megb\u00edz\u00e1s\u00e1ra be\u00e9rkezett p\u00e1ly\u00e1zatok v\u00e9lem\u00e9nyez\u00e9s\u00e9r\u0151l<\/a><\/li>\n<li style=\"text-align: justify\"><a href=\"https:\/\/semmelweis.hu\/jogigfoig\/files\/2016\/01\/144_sz_XII_17_ETK_dekan.pdf\">144\/2015. (XII.17.) sz\u00e1m\u00fa hat\u00e1rozat az Eg\u00e9szs\u00e9gtudom\u00e1nyi Kar d\u00e9k\u00e1ni megb\u00edz\u00e1s\u00e1ra be\u00e9rkezett p\u00e1ly\u00e1zat v\u00e9lem\u00e9nyez\u00e9s\u00e9r\u0151l<\/a><\/li>\n<li style=\"text-align: justify\"><a href=\"https:\/\/semmelweis.hu\/jogigfoig\/files\/2016\/01\/145_sz_XII_17_GYTK_dekan.pdf\">145\/2015. (XII.17.) sz\u00e1m\u00fa hat\u00e1rozat a Gy\u00f3gyszer\u00e9sztudom\u00e1nyi Kar d\u00e9k\u00e1ni megb\u00edz\u00e1s\u00e1ra be\u00e9rkezett p\u00e1ly\u00e1zat v\u00e9lem\u00e9nyez\u00e9s\u00e9r\u0151l<\/a><\/li>\n<li style=\"text-align: justify\"><a href=\"https:\/\/semmelweis.hu\/jogigfoig\/files\/2016\/01\/146_sz_XII_17_FOK_oktatasi_dekanhelyettes.pdf\">146\/2015. (XII.17.) sz\u00e1m\u00fa hat\u00e1rozat a Fogorvostudom\u00e1nyi Kar oktat\u00e1si d\u00e9k\u00e1nhelyettesi megb\u00edz\u00e1s\u00e1ra be\u00e9rkezett p\u00e1ly\u00e1zat v\u00e9lem\u00e9nyez\u00e9s\u00e9r\u0151l<\/a><\/li>\n<li style=\"text-align: justify\"><a href=\"https:\/\/semmelweis.hu\/jogigfoig\/files\/2016\/01\/147_sz_XII_17_ETK_Apolastan_tanszekvezetoi.pdf\">147\/2015. (XII.17.) sz\u00e1m\u00fa hat\u00e1rozat az Eg\u00e9szs\u00e9gtudom\u00e1nyi Kar, Alkalmazott Eg\u00e9szs\u00e9gtudom\u00e1nyi Int\u00e9zet, \u00c1pol\u00e1stan Tansz\u00e9k tansz\u00e9kvezet\u0151i megb\u00edz\u00e1s\u00e1ra be\u00e9rkezett p\u00e1ly\u00e1zat v\u00e9lem\u00e9nyez\u00e9s\u00e9r\u0151l<\/a><\/li>\n<li style=\"text-align: justify\"><a href=\"https:\/\/semmelweis.hu\/jogigfoig\/files\/2016\/01\/148_sz_XII_17_ETK_Alapozo_igazgatoi.pdf\">148\/2015. (XII.17.) sz\u00e1m\u00fa hat\u00e1rozat az Eg\u00e9szs\u00e9gtudom\u00e1nyi Kar Alapoz\u00f3 Eg\u00e9szs\u00e9gtudom\u00e1nyi Int\u00e9zet igazgat\u00f3i megb\u00edz\u00e1s\u00e1ra be\u00e9kezett p\u00e1ly\u00e1zat v\u00e9lem\u00e9nyez\u00e9s\u00e9r\u0151l<\/a><\/li>\n<li style=\"text-align: justify\"><a href=\"https:\/\/semmelweis.hu\/jogigfoig\/files\/2016\/01\/149_sz_XII_17_Anatomiai_Szovet_igazgatoi.pdf\">149\/2015. (XII.17.) sz\u00e1m\u00fa hat\u00e1rozat az \u00c1ltal\u00e1nos Orvostudom\u00e1nyi Kar, Anat\u00f3miai, Sz\u00f6vet- \u00e9s Fejl\u0151d\u00e9stani Int\u00e9zet igazgat\u00f3i megb\u00edz\u00e1s\u00e1ra be\u00e9rkezett p\u00e1ly\u00e1zat v\u00e9lem\u00e9nyez\u00e9s\u00e9r\u0151l<\/a><\/li>\n<li style=\"text-align: justify\"><a href=\"https:\/\/semmelweis.hu\/jogigfoig\/files\/2016\/01\/150_sz_XII_17_AOK_Pszich_Klinika_igazgatoi.pdf\">150\/2015. (XII.17.) sz\u00e1m\u00fa hat\u00e1rozat az \u00c1ltal\u00e1nos Orvostudom\u00e1nyi Kar, Pszichi\u00e1triai \u00e9s Pszichoter\u00e1pi\u00e1s Klinika igazgat\u00f3i megb\u00edz\u00e1s\u00e1ra be\u00e9rkezett p\u00e1ly\u00e1zat v\u00e9lem\u00e9nyez\u00e9s\u00e9r\u0151l<\/a><\/li>\n<li style=\"text-align: justify\"><a href=\"https:\/\/semmelweis.hu\/jogigfoig\/files\/2016\/01\/151_sz_XII_17_ETK_Kepalkoto_Diagnosztikai_tanszekvezetoi.pdf\">151\/2015. (XII.17.) sz\u00e1m\u00fa hat\u00e1rozat az Eg\u00e9szs\u00e9gtudom\u00e1nyi Kar, Eg\u00e9szs\u00e9g\u00fcgyi Diagnosztikai Int\u00e9zet, K\u00e9palkot\u00f3 Diagnosztikai Analitikus \u00e9s Orvostechnikai Tansz\u00e9k tansz\u00e9kvezet\u0151i megb\u00edz\u00e1s\u00e1ra be\u00e9rkezett p\u00e1ly\u00e1zat v\u00e9lem\u00e9nyez\u00e9s\u00e9r\u0151l<\/a><\/li>\n<li style=\"text-align: justify\"><a href=\"https:\/\/semmelweis.hu\/jogigfoig\/files\/2016\/01\/152_sz_XII_17_Szak_Tovabbkepzesi_Igazg_igazgatoi.pdf\">152\/2015. (XII.17.) sz\u00e1m\u00fa hat\u00e1rozat a Szak- \u00e9s Tov\u00e1bbk\u00e9pz\u00e9si Igazgat\u00f3s\u00e1g igazgat\u00f3i megb\u00edz\u00e1sra be\u00e9rkezett p\u00e1ly\u00e1zat v\u00e9lem\u00e9nyez\u00e9s\u00e9r\u0151l<\/a><\/li>\n<li style=\"text-align: justify\"><a href=\"https:\/\/semmelweis.hu\/jogigfoig\/files\/2016\/01\/153_sz_XII_17_Prof_Emeritus_cim.pdf\">153\/2015. (XII.17.) sz\u00e1m\u00fa hat\u00e1rozat &#8222;Professor Emeritus&#8221; c\u00edm adom\u00e1nyoz\u00e1s\u00e1r\u00f3l<\/a><\/li>\n<li style=\"text-align: justify\"><a href=\"https:\/\/semmelweis.hu\/jogigfoig\/files\/2016\/01\/154_sz_XII_17_AOK_TVB.pdf\">154\/2015. (XII.17.) sz\u00e1m\u00fa hat\u00e1rozat a Szen\u00e1tus \u00e1ltal l\u00e9trehozott \u00e9s az \u00c1ltal\u00e1nos Orvostudom\u00e1nyi Karon m\u0171k\u00f6d\u0151 Tanulm\u00e1nyi \u00e9s Vizsgabizotts\u00e1gba deleg\u00e1land\u00f3 hallgat\u00f3i tagokr\u00f3l<\/a><\/li>\n<li style=\"text-align: justify\"><a href=\"https:\/\/semmelweis.hu\/jogigfoig\/files\/2016\/01\/155_sz_XII_17_Pszichiatriai_Pszichoterapias.pdf\" target=\"_blank\" rel=\"noopener noreferrer\">155\/2015. (XII.17.) sz\u00e1m\u00fa hat\u00e1rozat a Semmelweis Egyetem pszichi\u00e1triai ell\u00e1t\u00f3rendszer\u00e9nek a fel\u00fclvizsg\u00e1lat\u00e1r\u00f3l- a Pszichi\u00e1triai \u00e9s Pszichoter\u00e1pi\u00e1s Klinika \u00e9s a Klinikai \u00e9s Kutat\u00e1si Ment\u00e1lhigi\u00e9n\u00e9s Oszt\u00e1ly \u00f6sszevon\u00e1s\u00e1r\u00f3l <\/a><\/li>\n<li style=\"text-align: justify\"><a href=\"https:\/\/semmelweis.hu\/jogigfoig\/files\/2016\/01\/Kollegiumok_Igazgatosaga_SzMR_2016_01_08.pdf\" target=\"_blank\" rel=\"noopener noreferrer\">156\/2015. (XII.17.) sz\u00e1m\u00fa hat\u00e1rozat a Koll\u00e9giumok Igazgat\u00f3s\u00e1ga Szervezeti \u00e9s M\u0171k\u00f6d\u00e9si Rendje szab\u00e1lyzat elfogad\u00e1s\u00e1r\u00f3l<\/a><\/li>\n<li style=\"text-align: justify\"><a href=\"https:\/\/semmelweis.hu\/jogigfoig\/files\/2016\/01\/TUKEB_ugyrend_2016_01_08.pdf\" target=\"_blank\" rel=\"noopener noreferrer\">157\/2015. (XII.17.) sz\u00e1m\u00fa hat\u00e1rozat a Region\u00e1lis, Int\u00e9zm\u00e9nyi, Tudom\u00e1nyos \u00e9s Kutat\u00e1setikai Bizotts\u00e1g (TUKEB) \u00dcgyrendj\u00e9nek elfogad\u00e1s\u00e1r\u00f3l<\/a><\/li>\n<li style=\"text-align: justify\"><a href=\"https:\/\/semmelweis.hu\/jogigfoig\/files\/2016\/01\/158_sz_XII_17_Beszamolo_bizottsagok.pdf\" target=\"_blank\" rel=\"noopener noreferrer\">158\/2015. (XII.17.) sz\u00e1m\u00fa hat\u00e1rozat Besz\u00e1mol\u00f3 a Szen\u00e1tus \u00e1ltal l\u00e9trehozott Karokon m\u0171k\u00f6d\u0151 \u00e1lland\u00f3 Bizotts\u00e1gok munk\u00e1j\u00e1r\u00f3l<\/a><\/li>\n<li style=\"text-align: justify\"><a href=\"https:\/\/semmelweis.hu\/jogigfoig\/files\/2016\/01\/Onko_team_2016_01_04.pdf\" target=\"_blank\" rel=\"noopener noreferrer\">159\/2015. (XII.17.) sz\u00e1m\u00fa hat\u00e1rozat az Onkol\u00f3giai Team Szab\u00e1lyzat elfogad\u00e1s\u00e1r\u00f3l<\/a><\/li>\n<li style=\"text-align: justify\"><a href=\"https:\/\/semmelweis.hu\/jogigfoig\/files\/2016\/01\/Katasztrofavedelmi_Szabalyzat_2016_01_08.pdf\" target=\"_blank\" rel=\"noopener noreferrer\">160\/2015. (XII.17.) sz\u00e1m\u00fa hat\u00e1rozat a Katasztr\u00f3fav\u00e9delmi \u00e9s Polg\u00e1ri v\u00e9delmi Szab\u00e1lyzat elfogad\u00e1s\u00e1r\u00f3l<\/a><\/li>\n<li style=\"text-align: justify\"><a href=\"https:\/\/semmelweis.hu\/jogigfoig\/files\/2016\/01\/161_A_B_XII_17_Teritesi_dij_szabalyzat.pdf\">161\/A\/B\/2015. (XII.17.) sz\u00e1m\u00fa hat\u00e1rozat a T\u00e9r\u00edt\u00e9si D\u00edj Szab\u00e1lyzat m\u00f3dos\u00edt\u00e1s\u00e1r\u00f3l<\/a><\/li>\n<li style=\"text-align: justify\"><a href=\"https:\/\/semmelweis.hu\/jogigfoig\/files\/2016\/01\/Innovacios_dij_2016_01_08.pdf\" target=\"_blank\" rel=\"noopener noreferrer\">162\/2015. (XII.17.) sz\u00e1m\u00fa hat\u00e1rozat a &#8222;Semmelweis Innov\u00e1ci\u00f3s D\u00edj adom\u00e1nyoz\u00e1s\u00e1nak rendje&#8221; c\u00edm\u0171 szab\u00e1lyzat elfogad\u00e1s\u00e1r\u00f3l<\/a><\/li>\n<li style=\"text-align: justify\"><a href=\"https:\/\/semmelweis.hu\/jogigfoig\/files\/2016\/01\/163_sz_XII_17_ETT_szemelyi_osszet.pdf\">163\/2015. (XII.17.) sz\u00e1m\u00fa hat\u00e1rozat az Egyetemi Tudom\u00e1nyos Tan\u00e1cs szem\u00e9lyi \u00f6sszet\u00e9tel\u00e9nek v\u00e1ltoz\u00e1s\u00e1r\u00f3l<\/a><\/li>\n<li style=\"text-align: justify\"><a href=\"https:\/\/semmelweis.hu\/jogigfoig\/files\/2016\/01\/164_XII_17_2015_Egyes_egyetemi_szab_deregulacios.pdf\" target=\"_blank\" rel=\"noopener noreferrer\">164\/2015. (XII.17.) sz\u00e1m\u00fa hat\u00e1rozat az Egyes egyetemi szab\u00e1lyzatok deregul\u00e1ci\u00f3s c\u00e9l\u00fa hat\u00e1lyon k\u00edv\u00fcl helyez\u00e9se c\u00edm\u0171 el\u0151terjeszt\u00e9s elfogad\u00e1s\u00e1r\u00f3l <\/a><\/li>\n<\/ul>\n<p>&nbsp;<\/p>\n","protected":false},"excerpt":{"rendered":"<p><a href=\"https:\/\/semmelweis.hu\/jogigfoig\/files\/2016\/01\/141_A_B_XII_17_SZMSZ_egyes_rendelk_mod.pdf\" target=\"_blank\" rel=\"noopener noreferrer\">141\/A\/B\/2015. (XII.17.) sz\u00e1m\u00fa hat\u00e1rozat a Szervezeti \u00e9s M\u0171k\u00f6d\u00e9si Szab\u00e1lyzat egyes rendelkez\u00e9seinek m\u00f3dos\u00edt\u00e1s\u00e1r\u00f3l <\/a><br \/>\n<a href=\"https:\/\/semmelweis.hu\/jogigfoig\/files\/2016\/01\/142_sz_XII_17_konzisztorium_tagok.pdf\">142\/2015. (XII.17.) sz\u00e1m\u00fa hat\u00e1rozat Javaslat a Semmelweis Egyetemen m\u0171k\u00f6d\u0151 konziszt\u00f3rium deleg\u00e1lt tagjai vonatkoz\u00e1s\u00e1ban<\/a><br \/>\n<a href=\"https:\/\/semmelweis.hu\/jogigfoig\/files\/2016\/01\/143_sz_XII_17_AOK_dekan.pdf\">143\/2015. (XII.17.) sz\u00e1m\u00fa hat\u00e1rozat az \u00c1ltal\u00e1nos Orvostudom\u00e1nyi Kar d\u00e9k\u00e1ni megb\u00edz\u00e1s\u00e1ra be\u00e9rkezett p\u00e1ly\u00e1zatok v\u00e9lem\u00e9nyez\u00e9s\u00e9r\u0151l<\/a><br \/>\n<a href=\"https:\/\/semmelweis.hu\/jogigfoig\/files\/2016\/01\/144_sz_XII_17_ETK_dekan.pdf\">144\/2015. (XII.17.) sz\u00e1m\u00fa hat\u00e1rozat az Eg\u00e9szs\u00e9gtudom\u00e1nyi Kar d\u00e9k\u00e1ni megb\u00edz\u00e1s\u00e1ra be\u00e9rkezett p\u00e1ly\u00e1zat v\u00e9lem\u00e9nyez\u00e9s\u00e9r\u0151l<\/a><br \/>\n<a href=\"https:\/\/semmelweis.hu\/jogigfoig\/files\/2016\/01\/145_sz_XII_17_GYTK_dekan.pdf\">145\/2015. (XII.17.) sz\u00e1m\u00fa hat\u00e1rozat a Gy\u00f3gyszer\u00e9sztudom\u00e1nyi Kar d\u00e9k\u00e1ni megb\u00edz\u00e1s\u00e1ra be\u00e9rkezett p\u00e1ly\u00e1zat v\u00e9lem\u00e9nyez\u00e9s\u00e9r\u0151l<\/a><br \/>\n<a href=\"https:\/\/semmelweis.hu\/jogigfoig\/files\/2016\/01\/146_sz_XII_17_FOK_oktatasi_dekanhelyettes.pdf\">146\/2015. (XII.17.) sz\u00e1m\u00fa hat\u00e1rozat a Fogorvostudom\u00e1nyi Kar oktat\u00e1si d\u00e9k\u00e1nhelyettesi megb\u00edz\u00e1s\u00e1ra be\u00e9rkezett p\u00e1ly\u00e1zat v\u00e9lem\u00e9nyez\u00e9s\u00e9r\u0151l<\/a><br \/>\n<a href=\"https:\/\/semmelweis.hu\/jogigfoig\/files\/2016\/01\/147_sz_XII_17_ETK_Apolastan_tanszekvezetoi.pdf\">147\/2015. (XII.17.) sz\u00e1m\u00fa hat\u00e1rozat az Eg\u00e9szs\u00e9gtudom\u00e1nyi Kar, Alkalmazott Eg\u00e9szs\u00e9gtudom\u00e1nyi Int\u00e9zet, \u00c1pol\u00e1stan Tansz\u00e9k tansz\u00e9kvezet\u0151i megb\u00edz\u00e1s\u00e1ra be\u00e9rkezett p\u00e1ly\u00e1zat v\u00e9lem\u00e9nyez\u00e9s\u00e9r\u0151l<\/a><br \/>\n<a href=\"https:\/\/semmelweis.hu\/jogigfoig\/files\/2016\/01\/148_sz_XII_17_ETK_Alapozo_igazgatoi.pdf\">148\/2015. (XII.17.) sz\u00e1m\u00fa hat\u00e1rozat az Eg\u00e9szs\u00e9gtudom\u00e1nyi Kar Alapoz\u00f3 Eg\u00e9szs\u00e9gtudom\u00e1nyi Int\u00e9zet igazgat\u00f3i megb\u00edz\u00e1s\u00e1ra be\u00e9kezett p\u00e1ly\u00e1zat v\u00e9lem\u00e9nyez\u00e9s\u00e9r\u0151l<\/a><br \/>\n<a href=\"https:\/\/semmelweis.hu\/jogigfoig\/files\/2016\/01\/149_sz_XII_17_Anatomiai_Szovet_igazgatoi.pdf\">149\/2015. (XII.17.) sz\u00e1m\u00fa hat\u00e1rozat az \u00c1ltal\u00e1nos Orvostudom\u00e1nyi Kar, Anat\u00f3miai, Sz\u00f6vet- \u00e9s Fejl\u0151d\u00e9stani Int\u00e9zet igazgat\u00f3i megb\u00edz\u00e1s\u00e1ra be\u00e9rkezett p\u00e1ly\u00e1zat v\u00e9lem\u00e9nyez\u00e9s\u00e9r\u0151l<\/a><br \/>\n<a href=\"https:\/\/semmelweis.hu\/jogigfoig\/files\/2016\/01\/150_sz_XII_17_AOK_Pszich_Klinika_igazgatoi.pdf\">150\/2015. (XII.17.) sz\u00e1m\u00fa hat\u00e1rozat az \u00c1ltal\u00e1nos Orvostudom\u00e1nyi Kar, Pszichi\u00e1triai \u00e9s Pszichoter\u00e1pi\u00e1s Klinika igazgat\u00f3i megb\u00edz\u00e1s\u00e1ra be\u00e9rkezett p\u00e1ly\u00e1zat v\u00e9lem\u00e9nyez\u00e9s\u00e9r\u0151l<\/a><br \/>\n<a href=\"https:\/\/semmelweis.hu\/jogigfoig\/files\/2016\/01\/151_sz_XII_17_ETK_Kepalkoto_Diagnosztikai_tanszekvezetoi.pdf\">151\/2015. (XII.17.) sz\u00e1m\u00fa hat\u00e1rozat az Eg\u00e9szs\u00e9gtudom\u00e1nyi Kar, Eg\u00e9szs\u00e9g\u00fcgyi Diagnosztikai Int\u00e9zet, K\u00e9palkot\u00f3 Diagnosztikai Analitikus \u00e9s Orvostechnikai Tansz\u00e9k tansz\u00e9kvezet\u0151i megb\u00edz\u00e1s\u00e1ra be\u00e9rkezett p\u00e1ly\u00e1zat v\u00e9lem\u00e9nyez\u00e9s\u00e9r\u0151l<\/a><br \/>\n<a href=\"https:\/\/semmelweis.hu\/jogigfoig\/files\/2016\/01\/152_sz_XII_17_Szak_Tovabbkepzesi_Igazg_igazgatoi.pdf\">152\/2015. (XII.17.) sz\u00e1m\u00fa hat\u00e1rozat a Szak- \u00e9s Tov\u00e1bbk\u00e9pz\u00e9si Igazgat\u00f3s\u00e1g igazgat\u00f3i megb\u00edz\u00e1sra be\u00e9rkezett p\u00e1ly\u00e1zat v\u00e9lem\u00e9nyez\u00e9s\u00e9r\u0151l<\/a><br \/>\n<a href=\"https:\/\/semmelweis.hu\/jogigfoig\/files\/2016\/01\/153_sz_XII_17_Prof_Emeritus_cim.pdf\">153\/2015. (XII.17.) sz\u00e1m\u00fa hat\u00e1rozat &#8222;Professor Emeritus&#8221; c\u00edm adom\u00e1nyoz\u00e1s\u00e1r\u00f3l<\/a><br \/>\n<a href=\"https:\/\/semmelweis.hu\/jogigfoig\/files\/2016\/01\/154_sz_XII_17_AOK_TVB.pdf\">154\/2015. (XII.17.) sz\u00e1m\u00fa hat\u00e1rozat a Szen\u00e1tus \u00e1ltal l\u00e9trehozott \u00e9s az \u00c1ltal\u00e1nos Orvostudom\u00e1nyi Karon m\u0171k\u00f6d\u0151 Tanulm\u00e1nyi \u00e9s Vizsgabizotts\u00e1gba deleg\u00e1land\u00f3 hallgat\u00f3i tagokr\u00f3l<\/a><br \/>\n<a href=\"https:\/\/semmelweis.hu\/jogigfoig\/files\/2016\/01\/155_sz_XII_17_Pszichiatriai_Pszichoterapias.pdf\" target=\"_blank\" rel=\"noopener noreferrer\">155\/2015. (XII.17.) sz\u00e1m\u00fa hat\u00e1rozat a Semmelweis Egyetem pszichi\u00e1triai ell\u00e1t\u00f3rendszer\u00e9nek a fel\u00fclvizsg\u00e1lat\u00e1r\u00f3l- a Pszichi\u00e1triai \u00e9s Pszichoter\u00e1pi\u00e1s Klinika \u00e9s a Klinikai \u00e9s Kutat\u00e1si Ment\u00e1lhigi\u00e9n\u00e9s Oszt\u00e1ly \u00f6sszevon\u00e1s\u00e1r\u00f3l <\/a><br \/>\n<a href=\"https:\/\/semmelweis.hu\/jogigfoig\/files\/2016\/01\/Kollegiumok_Igazgatosaga_SzMR_2016_01_08.pdf\" target=\"_blank\" rel=\"noopener noreferrer\">156\/2015. (XII.17.) sz\u00e1m\u00fa hat\u00e1rozat a Koll\u00e9giumok Igazgat\u00f3s\u00e1ga Szervezeti \u00e9s M\u0171k\u00f6d\u00e9si Rendje szab\u00e1lyzat elfogad\u00e1s\u00e1r\u00f3l<\/a><br \/>\n<a href=\"https:\/\/semmelweis.hu\/jogigfoig\/files\/2016\/01\/TUKEB_ugyrend_2016_01_08.pdf\" target=\"_blank\" rel=\"noopener noreferrer\">157\/2015. (XII.17.) sz\u00e1m\u00fa hat\u00e1rozat a Region\u00e1lis, Int\u00e9zm\u00e9nyi, Tudom\u00e1nyos \u00e9s Kutat\u00e1setikai Bizotts\u00e1g (TUKEB) \u00dcgyrendj\u00e9nek elfogad\u00e1s\u00e1r\u00f3l<\/a><br \/>\n<a href=\"https:\/\/semmelweis.hu\/jogigfoig\/files\/2016\/01\/158_sz_XII_17_Beszamolo_bizottsagok.pdf\" target=\"_blank\" rel=\"noopener noreferrer\">158\/2015. (XII.17.) sz\u00e1m\u00fa hat\u00e1rozat Besz\u00e1mol\u00f3 a Szen\u00e1tus \u00e1ltal l\u00e9trehozott Karokon m\u0171k\u00f6d\u0151 \u00e1lland\u00f3 Bizotts\u00e1gok munk\u00e1j\u00e1r\u00f3l<\/a><br \/>\n<a href=\"https:\/\/semmelweis.hu\/jogigfoig\/files\/2016\/01\/Onko_team_2016_01_04.pdf\" target=\"_blank\" rel=\"noopener noreferrer\">159\/2015. (XII.17.) sz\u00e1m\u00fa hat\u00e1rozat az Onkol\u00f3giai Team Szab\u00e1lyzat elfogad\u00e1s\u00e1r\u00f3l<\/a><br \/>\n<a href=\"https:\/\/semmelweis.hu\/jogigfoig\/files\/2016\/01\/Katasztrofavedelmi_Szabalyzat_2016_01_08.pdf\" target=\"_blank\" rel=\"noopener noreferrer\">160\/2015. (XII.17.) sz\u00e1m\u00fa hat\u00e1rozat a Katasztr\u00f3fav\u00e9delmi \u00e9s Polg\u00e1ri v\u00e9delmi Szab\u00e1lyzat elfogad\u00e1s\u00e1r\u00f3l<\/a><br \/>\n<a href=\"https:\/\/semmelweis.hu\/jogigfoig\/files\/2016\/01\/161_A_B_XII_17_Teritesi_dij_szabalyzat.pdf\">161\/A\/B\/2015. (XII.17.) sz\u00e1m\u00fa hat\u00e1rozat a T\u00e9r\u00edt\u00e9si D\u00edj Szab\u00e1lyzat m\u00f3dos\u00edt\u00e1s\u00e1r\u00f3l<\/a><br \/>\n<a href=\"https:\/\/semmelweis.hu\/jogigfoig\/files\/2016\/01\/Innovacios_dij_2016_01_08.pdf\" target=\"_blank\" rel=\"noopener noreferrer\">162\/2015. (XII.17.) sz\u00e1m\u00fa hat\u00e1rozat a &#8222;Semmelweis Innov\u00e1ci\u00f3s D\u00edj adom\u00e1nyoz\u00e1s\u00e1nak rendje&#8221; c\u00edm\u0171 szab\u00e1lyzat elfogad\u00e1s\u00e1r\u00f3l<\/a><br \/>\n<a href=\"https:\/\/semmelweis.hu\/jogigfoig\/files\/2016\/01\/163_sz_XII_17_ETT_szemelyi_osszet.pdf\">163\/2015. (XII.17.) sz\u00e1m\u00fa hat\u00e1rozat az Egyetemi Tudom\u00e1nyos Tan\u00e1cs szem\u00e9lyi \u00f6sszet\u00e9tel\u00e9nek v\u00e1ltoz\u00e1s\u00e1r\u00f3l<\/a><br \/>\n<a href=\"https:\/\/semmelweis.hu\/jogigfoig\/files\/2016\/01\/164_XII_17_2015_Egyes_egyetemi_szab_deregulacios.pdf\" target=\"_blank\" rel=\"noopener noreferrer\">164\/2015. (XII.17.) sz\u00e1m\u00fa hat\u00e1rozat az Egyes egyetemi szab\u00e1lyzatok deregul\u00e1ci\u00f3s c\u00e9l\u00fa hat\u00e1lyon k\u00edv\u00fcl helyez\u00e9se c\u00edm\u0171 el\u0151terjeszt\u00e9s elfogad\u00e1s\u00e1r\u00f3l <\/a><\/p>\n<p>&nbsp;<\/p>\n","protected":false},"author":12,"featured_media":0,"parent":7839,"menu_order":12,"comment_status":"closed","ping_status":"closed","template":"","meta":{"_acf_changed":false,"footnotes":""},"categories":[1],"tags":[],"class_list":["post-4165","page","type-page","status-publish","hentry","category-egyeb"],"acf":[],"_links":{"self":[{"href":"https:\/\/semmelweis.hu\/jogigfoig\/wp-json\/wp\/v2\/pages\/4165","targetHints":{"allow":["GET"]}}],"collection":[{"href":"https:\/\/semmelweis.hu\/jogigfoig\/wp-json\/wp\/v2\/pages"}],"about":[{"href":"https:\/\/semmelweis.hu\/jogigfoig\/wp-json\/wp\/v2\/types\/page"}],"author":[{"embeddable":true,"href":"https:\/\/semmelweis.hu\/jogigfoig\/wp-json\/wp\/v2\/users\/12"}],"replies":[{"embeddable":true,"href":"https:\/\/semmelweis.hu\/jogigfoig\/wp-json\/wp\/v2\/comments?post=4165"}],"version-history":[{"count":5,"href":"https:\/\/semmelweis.hu\/jogigfoig\/wp-json\/wp\/v2\/pages\/4165\/revisions"}],"predecessor-version":[{"id":7869,"href":"https:\/\/semmelweis.hu\/jogigfoig\/wp-json\/wp\/v2\/pages\/4165\/revisions\/7869"}],"up":[{"embeddable":true,"href":"https:\/\/semmelweis.hu\/jogigfoig\/wp-json\/wp\/v2\/pages\/7839"}],"wp:attachment":[{"href":"https:\/\/semmelweis.hu\/jogigfoig\/wp-json\/wp\/v2\/media?parent=4165"}],"wp:term":[{"taxonomy":"category","embeddable":true,"href":"https:\/\/semmelweis.hu\/jogigfoig\/wp-json\/wp\/v2\/categories?post=4165"},{"taxonomy":"post_tag","embeddable":true,"href":"https:\/\/semmelweis.hu\/jogigfoig\/wp-json\/wp\/v2\/tags?post=4165"}],"curies":[{"name":"wp","href":"https:\/\/api.w.org\/{rel}","templated":true}]}}