{"id":2959,"date":"2015-05-26T17:19:29","date_gmt":"2015-05-26T15:19:29","guid":{"rendered":"http:\/\/semmelweis.hu\/rektori-hivatal\/?page_id=2959"},"modified":"2020-02-11T11:26:40","modified_gmt":"2020-02-11T10:26:40","slug":"2015-marcius-12","status":"publish","type":"page","link":"https:\/\/semmelweis.hu\/jogigfoig\/testuletek\/szenatus\/2015-evi-szenatusi-hatarozatok\/2015-marcius-12\/","title":{"rendered":"2015. m\u00e1rcius 12."},"content":{"rendered":"<ul>\n<li style=\"text-align: justify\"><a href=\"https:\/\/semmelweis.hu\/rektori-hivatal\/files\/2015\/05\/N_III_12_2015_napirend_elfog.pdf\" target=\"_blank\" rel=\"noopener noreferrer\">N-III. 12.\/2015. sz. hat. a szen\u00e1tusi \u00fcl\u00e9s napirendi pontjainak elfogad\u00e1s\u00e1r\u00f3l <\/a><\/li>\n<li style=\"text-align: justify\"><a href=\"https:\/\/semmelweis.hu\/rektori-hivatal\/files\/2015\/05\/11_sz_III_12_2015_evi_kltgvetes.pdf\" target=\"_blank\" rel=\"noopener noreferrer\">11\/2015. (III.12.) sz. hat. a Semmelweis Egyetem 2015. \u00e9vi vezet\u0151i k\u00f6lts\u00e9gvet\u00e9s\u00e9r\u0151l<\/a><\/li>\n<li style=\"text-align: justify\"><a href=\"https:\/\/semmelweis.hu\/jogigfoig\/files\/2015\/05\/12_sz_III_12_Jotanulo_josportolo.pdf\" target=\"_blank\" rel=\"noopener noreferrer\">12\/2015. (III.12.) sz\u00e1m\u00fa hat\u00e1rozat a &#8222;J\u00f3 tanul\u00f3 j\u00f3 sportol\u00f3&#8221; kit\u00fcntet\u0151 c\u00edmek oda\u00edt\u00e9l\u00e9s\u00e9r\u0151l<\/a><\/li>\n<li style=\"text-align: justify\"><a href=\"https:\/\/semmelweis.hu\/rektori-hivatal\/files\/2015\/05\/13_sz_III_12_Biobank_szab_mod.pdf\" target=\"_blank\" rel=\"noopener noreferrer\">13\/2015. (III.12.) sz. hat. Semmelweis Egyetem Biobank h\u00e1l\u00f3zat\u00e1ra vonatkoz\u00f3 szab\u00e1lyzat m\u00f3dos\u00edt\u00e1sa<\/a> &#8211; <a href=\"https:\/\/semmelweis.hu\/rektori-hivatal\/files\/2015\/05\/13_sz_III_Biobank_mukodesi_rend_2015_III_12.pdf\" target=\"_blank\" rel=\"noopener noreferrer\">A Semmelweis Egyetem Biobank h\u00e1l\u00f3zat\u00e1nak m\u0171k\u00f6d\u00e9si rendje 2015. m\u00e1rcius <\/a><\/li>\n<li style=\"text-align: justify\"><a href=\"https:\/\/semmelweis.hu\/rektori-hivatal\/files\/2015\/05\/14_a_sz_III_12_Kotelezettsegvallalasi_Szabalyzat.pdf\" target=\"_blank\" rel=\"noopener noreferrer\">14\/A\/2015. (III.12.) sz. hat. a K\u00f6telezetts\u00e9gv\u00e1llal\u00e1si Szab\u00e1lyzat elfogad\u00e1s\u00e1r\u00f3l <\/a><\/li>\n<li style=\"text-align: justify\"><a href=\"https:\/\/semmelweis.hu\/rektori-hivatal\/files\/2015\/05\/14_b_sz_III_12_Kotelezettsegvallalasi_Szabalyzat.pdf\" target=\"_blank\" rel=\"noopener noreferrer\">14\/B\/2015. (III.12.) sz. hat. A Semmelweis Egyetem K\u00f6telezetts\u00e9gv\u00e1llal\u00e1si Szab\u00e1lyzata <\/a><\/li>\n<li style=\"text-align: justify\"><a href=\"https:\/\/semmelweis.hu\/rektori-hivatal\/files\/2015\/05\/15_sz_III_12_Ifjusag_egeszsegvedelem_mesterszak_letes_indit.pdf\" target=\"_blank\" rel=\"noopener noreferrer\">15\/2015. (III.12.) sz. hat. Ifj\u00fas\u00e1g-eg\u00e9szs\u00e9gv\u00e9delem mesterk\u00e9pz\u00e9si szak l\u00e9tes\u00edt\u00e9s\u00e9r\u0151l \u00e9s ind\u00edt\u00e1s\u00e1r\u00f3l az Eg\u00e9szs\u00e9gtudom\u00e1nyi Karon<\/a><\/li>\n<li style=\"text-align: justify\"><a href=\"https:\/\/semmelweis.hu\/rektori-hivatal\/files\/2015\/05\/16_sz_III_12_rektorjelolt_valaszt_elj_rend.pdf\" target=\"_blank\" rel=\"noopener noreferrer\">16\/2015. (III.12.) sz. hat. a Semmelweis Egyetem 2015. \u00e1prilis 8-ai rektorjel\u00f6lt-v\u00e1laszt\u00e1shoz javasolt elj\u00e1r\u00e1srendj\u00e9r\u0151l<\/a><\/li>\n<\/ul>\n","protected":false},"excerpt":{"rendered":"<p><a href=\"https:\/\/semmelweis.hu\/rektori-hivatal\/files\/2015\/05\/N_III_12_2015_napirend_elfog.pdf\" target=\"_blank\" rel=\"noopener noreferrer\">N-III. 12.\/2015. sz. hat. a szen\u00e1tusi \u00fcl\u00e9s napirendi pontjainak elfogad\u00e1s\u00e1r\u00f3l <\/a><br \/>\n<a href=\"https:\/\/semmelweis.hu\/rektori-hivatal\/files\/2015\/05\/11_sz_III_12_2015_evi_kltgvetes.pdf\" target=\"_blank\" rel=\"noopener noreferrer\">11\/2015. (III.12.) sz. hat. a Semmelweis Egyetem 2015. \u00e9vi vezet\u0151i k\u00f6lts\u00e9gvet\u00e9s\u00e9r\u0151l<\/a><br \/>\n<a href=\"https:\/\/semmelweis.hu\/jogigfoig\/files\/2015\/05\/12_sz_III_12_Jotanulo_josportolo.pdf\" target=\"_blank\" rel=\"noopener noreferrer\">12\/2015. (III.12.) sz\u00e1m\u00fa hat\u00e1rozat a &#8222;J\u00f3 tanul\u00f3 j\u00f3 sportol\u00f3&#8221; kit\u00fcntet\u0151 c\u00edmek oda\u00edt\u00e9l\u00e9s\u00e9r\u0151l<\/a><br \/>\n<a href=\"https:\/\/semmelweis.hu\/rektori-hivatal\/files\/2015\/05\/13_sz_III_12_Biobank_szab_mod.pdf\" target=\"_blank\" rel=\"noopener noreferrer\">13\/2015. (III.12.) sz. hat. Semmelweis Egyetem Biobank h\u00e1l\u00f3zat\u00e1ra vonatkoz\u00f3 szab\u00e1lyzat m\u00f3dos\u00edt\u00e1sa<\/a> &#8211; <a href=\"https:\/\/semmelweis.hu\/rektori-hivatal\/files\/2015\/05\/13_sz_III_Biobank_mukodesi_rend_2015_III_12.pdf\" target=\"_blank\" rel=\"noopener noreferrer\">A Semmelweis Egyetem Biobank h\u00e1l\u00f3zat\u00e1nak m\u0171k\u00f6d\u00e9si rendje 2015. m\u00e1rcius <\/a><br \/>\n<a href=\"https:\/\/semmelweis.hu\/rektori-hivatal\/files\/2015\/05\/14_a_sz_III_12_Kotelezettsegvallalasi_Szabalyzat.pdf\" target=\"_blank\" rel=\"noopener noreferrer\">14\/A\/2015. (III.12.) sz. hat. a K\u00f6telezetts\u00e9gv\u00e1llal\u00e1si Szab\u00e1lyzat elfogad\u00e1s\u00e1r\u00f3l <\/a><br \/>\n<a href=\"https:\/\/semmelweis.hu\/rektori-hivatal\/files\/2015\/05\/14_b_sz_III_12_Kotelezettsegvallalasi_Szabalyzat.pdf\" target=\"_blank\" rel=\"noopener noreferrer\">14\/B\/2015. (III.12.) sz. hat. A Semmelweis Egyetem K\u00f6telezetts\u00e9gv\u00e1llal\u00e1si Szab\u00e1lyzata <\/a><br \/>\n<a href=\"https:\/\/semmelweis.hu\/rektori-hivatal\/files\/2015\/05\/15_sz_III_12_Ifjusag_egeszsegvedelem_mesterszak_letes_indit.pdf\" target=\"_blank\" rel=\"noopener noreferrer\">15\/2015. (III.12.) sz. hat. Ifj\u00fas\u00e1g-eg\u00e9szs\u00e9gv\u00e9delem mesterk\u00e9pz\u00e9si szak l\u00e9tes\u00edt\u00e9s\u00e9r\u0151l \u00e9s ind\u00edt\u00e1s\u00e1r\u00f3l az Eg\u00e9szs\u00e9gtudom\u00e1nyi Karon<\/a><br \/>\n<a href=\"https:\/\/semmelweis.hu\/rektori-hivatal\/files\/2015\/05\/16_sz_III_12_rektorjelolt_valaszt_elj_rend.pdf\" target=\"_blank\" rel=\"noopener noreferrer\">16\/2015. (III.12.) sz. hat. a Semmelweis Egyetem 2015. \u00e1prilis 8-ai rektorjel\u00f6lt-v\u00e1laszt\u00e1shoz javasolt elj\u00e1r\u00e1srendj\u00e9r\u0151l<\/a><\/p>\n","protected":false},"author":12,"featured_media":0,"parent":7839,"menu_order":3,"comment_status":"open","ping_status":"open","template":"","meta":{"_acf_changed":false,"footnotes":""},"categories":[1],"tags":[],"class_list":["post-2959","page","type-page","status-publish","hentry","category-egyeb"],"acf":[],"_links":{"self":[{"href":"https:\/\/semmelweis.hu\/jogigfoig\/wp-json\/wp\/v2\/pages\/2959","targetHints":{"allow":["GET"]}}],"collection":[{"href":"https:\/\/semmelweis.hu\/jogigfoig\/wp-json\/wp\/v2\/pages"}],"about":[{"href":"https:\/\/semmelweis.hu\/jogigfoig\/wp-json\/wp\/v2\/types\/page"}],"author":[{"embeddable":true,"href":"https:\/\/semmelweis.hu\/jogigfoig\/wp-json\/wp\/v2\/users\/12"}],"replies":[{"embeddable":true,"href":"https:\/\/semmelweis.hu\/jogigfoig\/wp-json\/wp\/v2\/comments?post=2959"}],"version-history":[{"count":5,"href":"https:\/\/semmelweis.hu\/jogigfoig\/wp-json\/wp\/v2\/pages\/2959\/revisions"}],"predecessor-version":[{"id":7877,"href":"https:\/\/semmelweis.hu\/jogigfoig\/wp-json\/wp\/v2\/pages\/2959\/revisions\/7877"}],"up":[{"embeddable":true,"href":"https:\/\/semmelweis.hu\/jogigfoig\/wp-json\/wp\/v2\/pages\/7839"}],"wp:attachment":[{"href":"https:\/\/semmelweis.hu\/jogigfoig\/wp-json\/wp\/v2\/media?parent=2959"}],"wp:term":[{"taxonomy":"category","embeddable":true,"href":"https:\/\/semmelweis.hu\/jogigfoig\/wp-json\/wp\/v2\/categories?post=2959"},{"taxonomy":"post_tag","embeddable":true,"href":"https:\/\/semmelweis.hu\/jogigfoig\/wp-json\/wp\/v2\/tags?post=2959"}],"curies":[{"name":"wp","href":"https:\/\/api.w.org\/{rel}","templated":true}]}}