{"id":2799,"date":"2015-01-07T15:59:46","date_gmt":"2015-01-07T14:59:46","guid":{"rendered":"http:\/\/semmelweis.hu\/rektori-hivatal\/?page_id=2799"},"modified":"2020-02-12T08:49:31","modified_gmt":"2020-02-12T07:49:31","slug":"2014-december-18","status":"publish","type":"page","link":"https:\/\/semmelweis.hu\/jogigfoig\/testuletek\/szenatus\/2014-evi-szenatusi-hatarozatok\/2014-december-18\/","title":{"rendered":"2014. december 18."},"content":{"rendered":"<ul>\n<li style=\"text-align: justify\"><a href=\"https:\/\/semmelweis.hu\/rektori-hivatal\/files\/2015\/01\/N_XII_18_Napirend-elfogadasarol.pdf\" target=\"_blank\" rel=\"noopener noreferrer\">N-XII. 18.\/2014. sz. hat. a szen\u00e1tusi \u00fcl\u00e9s napirendi pontjainak elfogad\u00e1s\u00e1r\u00f3l<\/a><\/li>\n<li style=\"text-align: justify\"><a href=\"https:\/\/semmelweis.hu\/rektori-hivatal\/files\/2015\/01\/151_a_XII_18_Bizotts\u00e1gok_SZMSZ.pdf\" target=\"_blank\" rel=\"noopener noreferrer\">151\/A\/2014. (XII.18.) sz. hat. a Semmelweis Egyetem Szervezeti \u00e9s M\u0171k\u00f6d\u00e9si Szab\u00e1lyzat\u00e1nak m\u00f3dos\u00edt\u00e1s\u00e1r\u00f3l<\/a><\/li>\n<li style=\"text-align: justify\"><a href=\"https:\/\/semmelweis.hu\/jogigfoig\/files\/2015\/01\/152_sz_XII_18_EKK_Bizottsagok.pdf\" target=\"_blank\" rel=\"noopener noreferrer\">152\/2014. (XII.18.) sz\u00e1m\u00fa hat\u00e1rozat Eg\u00e9szs\u00e9g\u00fcgyi K\u00f6zszolg\u00e1lati Kar Szen\u00e1tus \u00e1ltal l\u00e9trehozott \u00e1lland\u00f3 kari bizotts\u00e1gai szem\u00e9lyi \u00f6sszet\u00e9tel\u00e9nek meg\u00faj\u00edt\u00e1s\u00e1r\u00f3l<\/a><\/li>\n<li style=\"text-align: justify\"><a href=\"https:\/\/semmelweis.hu\/jogigfoig\/files\/2015\/01\/153_sz_XII_18_EKK_igazgatoi_megbizas.pdf\" target=\"_blank\" rel=\"noopener noreferrer\">153\/2014. (XII.18.) sz\u00e1m\u00fa hat\u00e1rozat Az Eg\u00e9szs\u00e9g\u00fcgyi K\u00f6zszolg\u00e1lati Kar Eg\u00e9szs\u00e9g\u00fcgyi Menedzserk\u00e9pz\u0151 Int\u00e9zet 2014. \u00e9vre meghirdetett igazgat\u00f3i megb\u00edz\u00e1s\u00e1ra be\u00e9rkezett p\u00e1ly\u00e1zatr\u00f3l<\/a><\/li>\n<li style=\"text-align: justify\"><a href=\"https:\/\/semmelweis.hu\/jogigfoig\/files\/2015\/01\/154_sz_XII_18_TDK.pdf\" target=\"_blank\" rel=\"noopener noreferrer\">154\/2014. (XII.18.) sz\u00e1m\u00fa hat\u00e1rozat a &#8222;Semmelweis Egyetem Kiv\u00e1l\u00f3 Tudom\u00e1nyos Di\u00e1kk\u00f6ri Nevel\u0151je&#8221; kit\u00fcntet\u0151 c\u00edm adom\u00e1nyoz\u00e1s\u00e1r\u00f3l<\/a><\/li>\n<li style=\"text-align: justify\"><a href=\"https:\/\/semmelweis.hu\/rektori-hivatal\/files\/2015\/01\/155_XII_18_Beszamolo.pdf\" target=\"_blank\" rel=\"noopener noreferrer\">155\/2014. (XII.18.) sz. hat. Besz\u00e1mol\u00f3 a Szen\u00e1tus \u00e1ltal l\u00e9trehozott Bizotts\u00e1gok munk\u00e1j\u00e1r\u00f3l<\/a><\/li>\n<li style=\"text-align: justify\"><a href=\"https:\/\/semmelweis.hu\/rektori-hivatal\/files\/2015\/01\/156_a_b_XII_18_SZMSZ_rendezveny.pdf\" target=\"_blank\" rel=\"noopener noreferrer\">156\/A\/2014. (XII.18.) sz. hat. \u00e9s 156\/B\/2014. (XII.18.) sz. hat.\u00a0 a Semmelweis Egyetem Szervezeti \u00e9s M\u0171k\u00f6d\u00e9si Szab\u00e1lyzat\u00e1nak m\u00f3dos\u00edt\u00e1s\u00e1r\u00f3l<\/a><\/li>\n<li style=\"text-align: justify\"><a href=\"https:\/\/semmelweis.hu\/rektori-hivatal\/files\/2015\/01\/157_XII_18_Tumorbiologai-tanszeki-csoport.pdf\" target=\"_blank\" rel=\"noopener noreferrer\">157\/2014. (XII.18.) sz. hat. az Orsz\u00e1gos Kor\u00e1nyi TBC \u00e9s Pulmonol\u00f3giai Int\u00e9zet b\u00e1zis\u00e1n, a Mellkasseb\u00e9szeti Klinik\u00e1hoz rendelten m\u0171k\u00f6d\u0151 kutat\u00f3r\u00e9szleg &#8211; Tumorbiol\u00f3gia Tansz\u00e9ki Csoport elnevez\u00e9ssel &#8211; tansz\u00e9ki csoportt\u00e1 t\u00f6rt\u00e9n\u0151 min\u0151s\u00edt\u00e9se<\/a><\/li>\n<li style=\"text-align: justify\"><a href=\"https:\/\/semmelweis.hu\/rektori-hivatal\/files\/2015\/01\/158_XII_18_EIFTI_egeszs_szervezo-alapszak-mintaterv.pdf\" target=\"_blank\" rel=\"noopener noreferrer\">158\/2014. (XII.18.) sz. hat. az Eg\u00e9szs\u00e9g\u00fcgyi Informatikai Fejleszt\u0151 \u00e9s Tov\u00e1bbk\u00e9pz\u0151 Int\u00e9zet Eg\u00e9szs\u00e9g\u00fcgyi szervez\u0151 alapk\u00e9pz\u00e9si szak mintaterv\u00e9nek m\u00f3dos\u00edt\u00e1s\u00e1r\u00f3l<\/a><\/li>\n<li style=\"text-align: justify\"><a href=\"https:\/\/semmelweis.hu\/rektori-hivatal\/files\/2015\/01\/159_XII_18_Eu_i-szervezo-alapszak-mintaterv.pdf\" target=\"_blank\" rel=\"noopener noreferrer\">159\/2014. (XII.18.) sz. hat. az Eg\u00e9szs\u00e9g\u00fcgyi Menedzserk\u00e9pz\u0151 K\u00f6zpont Eg\u00e9szs\u00e9g\u00fcgyi menedzser mesterk\u00e9pz\u00e9si szak mintaterv\u00e9nek m\u00f3dos\u00edt\u00e1s\u00e1r\u00f3l<\/a><\/li>\n<li style=\"text-align: justify\"><a href=\"https:\/\/semmelweis.hu\/rektori-hivatal\/files\/2015\/01\/160_a_XII_18_Onkologiai-Team-szabalyzat.pdf\" target=\"_blank\" rel=\"noopener noreferrer\">160\/a\/2014. (XII.18.) sz. hat. az Onkol\u00f3giai Team szab\u00e1lyzatr\u00f3l<\/a><\/li>\n<li style=\"text-align: justify\"><a href=\"https:\/\/semmelweis.hu\/rektori-hivatal\/files\/2015\/01\/160_b_XII_18_Onkologiai-Team-szabalyzat.pdf\" target=\"_blank\" rel=\"noopener noreferrer\">160\/b\/2014. (XII.18.) sz. hat. Semmelweis Egyetem Onkol\u00f3giai Team szab\u00e1lyzata<\/a><\/li>\n<li style=\"text-align: justify\"><a href=\"https:\/\/semmelweis.hu\/rektori-hivatal\/files\/2015\/01\/161_XII_18_Klinikus_kutatoi_osztondij.pdf\" target=\"_blank\" rel=\"noopener noreferrer\">161\/2014. (XII.18.) sz. hat. a &#8222;Semmelweis\u00a0 Klinikai Kutat\u00f3 \u00d6szt\u00f6nd\u00edj&#8221; megalap\u00edt\u00e1s\u00e1r\u00f3l<\/a><\/li>\n<li style=\"text-align: justify\"><a href=\"https:\/\/semmelweis.hu\/rektori-hivatal\/files\/2015\/01\/162_XII_18_augusztusi_vizsgaeredm\u00e9nyek.pdf\" target=\"_blank\" rel=\"noopener noreferrer\">162\/2014. (XII.18.) sz. hat. Statisztikai \u00f6sszegz\u00e9s az augusztusi vizsgaid\u0151szakban felvett \u00e9s teljes\u00edtett vizsg\u00e1kr\u00f3l a Tanulm\u00e1nyi \u00e9s Vizsgaszab\u00e1lyzat fel\u00fclvizsg\u00e1lata k\u00f6r\u00e9ben v\u00e9gzett t\u00e1j\u00e9koztat\u00f3r\u00f3l<\/a><\/li>\n<li style=\"text-align: justify\"><a href=\"https:\/\/semmelweis.hu\/rektori-hivatal\/files\/2015\/01\/163_XII_18_SZMSZ_mod_21\u00a7.pdf\" target=\"_blank\" rel=\"noopener noreferrer\">163\/2014. (XII.18.) sz. hat. a Semmelweis Egyetem Szervezeti \u00e9s M\u0171k\u00f6d\u00e9si Szab\u00e1lyzat 21. \u00a7 (1) bekezd\u00e9s i) ponttal val\u00f3 kieg\u00e9sz\u00edt\u00e9s\u00e9r\u0151l<\/a><\/li>\n<\/ul>\n","protected":false},"excerpt":{"rendered":"<p><a href=\"https:\/\/semmelweis.hu\/rektori-hivatal\/files\/2015\/01\/N_XII_18_Napirend-elfogadasarol.pdf\" target=\"_blank\" rel=\"noopener noreferrer\">N-XII. 18.\/2014. sz. hat. a szen\u00e1tusi \u00fcl\u00e9s napirendi pontjainak elfogad\u00e1s\u00e1r\u00f3l<\/a><br \/>\n<a href=\"https:\/\/semmelweis.hu\/rektori-hivatal\/files\/2015\/01\/151_a_XII_18_Bizotts\u00e1gok_SZMSZ.pdf\" target=\"_blank\" rel=\"noopener noreferrer\">151\/A\/2014. (XII.18.) sz. hat. a Semmelweis Egyetem Szervezeti \u00e9s M\u0171k\u00f6d\u00e9si Szab\u00e1lyzat\u00e1nak m\u00f3dos\u00edt\u00e1s\u00e1r\u00f3l<\/a><br \/>\n<a href=\"https:\/\/semmelweis.hu\/jogigfoig\/files\/2015\/01\/152_sz_XII_18_EKK_Bizottsagok.pdf\" target=\"_blank\" rel=\"noopener noreferrer\">152\/2014. (XII.18.) sz\u00e1m\u00fa hat\u00e1rozat Eg\u00e9szs\u00e9g\u00fcgyi K\u00f6zszolg\u00e1lati Kar Szen\u00e1tus \u00e1ltal l\u00e9trehozott \u00e1lland\u00f3 kari bizotts\u00e1gai szem\u00e9lyi \u00f6sszet\u00e9tel\u00e9nek meg\u00faj\u00edt\u00e1s\u00e1r\u00f3l<\/a><br \/>\n<a href=\"https:\/\/semmelweis.hu\/jogigfoig\/files\/2015\/01\/153_sz_XII_18_EKK_igazgatoi_megbizas.pdf\" target=\"_blank\" rel=\"noopener noreferrer\">153\/2014. (XII.18.) sz\u00e1m\u00fa hat\u00e1rozat Az Eg\u00e9szs\u00e9g\u00fcgyi K\u00f6zszolg\u00e1lati Kar Eg\u00e9szs\u00e9g\u00fcgyi Menedzserk\u00e9pz\u0151 Int\u00e9zet 2014. \u00e9vre meghirdetett igazgat\u00f3i megb\u00edz\u00e1s\u00e1ra be\u00e9rkezett p\u00e1ly\u00e1zatr\u00f3l<\/a><br \/>\n<a href=\"https:\/\/semmelweis.hu\/jogigfoig\/files\/2015\/01\/154_sz_XII_18_TDK.pdf\" target=\"_blank\" rel=\"noopener noreferrer\">154\/2014. (XII.18.) sz\u00e1m\u00fa hat\u00e1rozat a &#8222;Semmelweis Egyetem Kiv\u00e1l\u00f3 Tudom\u00e1nyos Di\u00e1kk\u00f6ri Nevel\u0151je&#8221; kit\u00fcntet\u0151 c\u00edm adom\u00e1nyoz\u00e1s\u00e1r\u00f3l<\/a><br \/>\n<a href=\"https:\/\/semmelweis.hu\/rektori-hivatal\/files\/2015\/01\/155_XII_18_Beszamolo.pdf\" target=\"_blank\" rel=\"noopener noreferrer\">155\/2014. (XII.18.) sz. hat. Besz\u00e1mol\u00f3 a Szen\u00e1tus \u00e1ltal l\u00e9trehozott Bizotts\u00e1gok munk\u00e1j\u00e1r\u00f3l<\/a><br \/>\n<a href=\"https:\/\/semmelweis.hu\/rektori-hivatal\/files\/2015\/01\/156_a_b_XII_18_SZMSZ_rendezveny.pdf\" target=\"_blank\" rel=\"noopener noreferrer\">156\/A\/2014. (XII.18.) sz. hat. \u00e9s 156\/B\/2014. (XII.18.) sz. hat.\u00a0 a Semmelweis Egyetem Szervezeti \u00e9s M\u0171k\u00f6d\u00e9si Szab\u00e1lyzat\u00e1nak m\u00f3dos\u00edt\u00e1s\u00e1r\u00f3l<\/a><br \/>\n<a href=\"https:\/\/semmelweis.hu\/rektori-hivatal\/files\/2015\/01\/157_XII_18_Tumorbiologai-tanszeki-csoport.pdf\" target=\"_blank\" rel=\"noopener noreferrer\">157\/2014. (XII.18.) sz. hat. az Orsz\u00e1gos Kor\u00e1nyi TBC \u00e9s Pulmonol\u00f3giai Int\u00e9zet b\u00e1zis\u00e1n, a Mellkasseb\u00e9szeti Klinik\u00e1hoz rendelten m\u0171k\u00f6d\u0151 kutat\u00f3r\u00e9szleg &#8211; Tumorbiol\u00f3gia Tansz\u00e9ki Csoport elnevez\u00e9ssel &#8211; tansz\u00e9ki csoportt\u00e1 t\u00f6rt\u00e9n\u0151 min\u0151s\u00edt\u00e9se<\/a><br \/>\n<a href=\"https:\/\/semmelweis.hu\/rektori-hivatal\/files\/2015\/01\/158_XII_18_EIFTI_egeszs_szervezo-alapszak-mintaterv.pdf\" target=\"_blank\" rel=\"noopener noreferrer\">158\/2014. (XII.18.) sz. hat. az Eg\u00e9szs\u00e9g\u00fcgyi Informatikai Fejleszt\u0151 \u00e9s Tov\u00e1bbk\u00e9pz\u0151 Int\u00e9zet Eg\u00e9szs\u00e9g\u00fcgyi szervez\u0151 alapk\u00e9pz\u00e9si szak mintaterv\u00e9nek m\u00f3dos\u00edt\u00e1s\u00e1r\u00f3l<\/a><br \/>\n<a href=\"https:\/\/semmelweis.hu\/rektori-hivatal\/files\/2015\/01\/159_XII_18_Eu_i-szervezo-alapszak-mintaterv.pdf\" target=\"_blank\" rel=\"noopener noreferrer\">159\/2014. (XII.18.) sz. hat. az Eg\u00e9szs\u00e9g\u00fcgyi Menedzserk\u00e9pz\u0151 K\u00f6zpont Eg\u00e9szs\u00e9g\u00fcgyi menedzser mesterk\u00e9pz\u00e9si szak mintaterv\u00e9nek m\u00f3dos\u00edt\u00e1s\u00e1r\u00f3l<\/a><br \/>\n<a href=\"https:\/\/semmelweis.hu\/rektori-hivatal\/files\/2015\/01\/160_a_XII_18_Onkologiai-Team-szabalyzat.pdf\" target=\"_blank\" rel=\"noopener noreferrer\">160\/a\/2014. (XII.18.) sz. hat. az Onkol\u00f3giai Team szab\u00e1lyzatr\u00f3l<\/a><br \/>\n<a href=\"https:\/\/semmelweis.hu\/rektori-hivatal\/files\/2015\/01\/160_b_XII_18_Onkologiai-Team-szabalyzat.pdf\" target=\"_blank\" rel=\"noopener noreferrer\">160\/b\/2014. (XII.18.) sz. hat. Semmelweis Egyetem Onkol\u00f3giai Team szab\u00e1lyzata<\/a><br \/>\n<a href=\"https:\/\/semmelweis.hu\/rektori-hivatal\/files\/2015\/01\/161_XII_18_Klinikus_kutatoi_osztondij.pdf\" target=\"_blank\" rel=\"noopener noreferrer\">161\/2014. (XII.18.) sz. hat. a &#8222;Semmelweis\u00a0 Klinikai Kutat\u00f3 \u00d6szt\u00f6nd\u00edj&#8221; megalap\u00edt\u00e1s\u00e1r\u00f3l<\/a><br \/>\n<a href=\"https:\/\/semmelweis.hu\/rektori-hivatal\/files\/2015\/01\/162_XII_18_augusztusi_vizsgaeredm\u00e9nyek.pdf\" target=\"_blank\" rel=\"noopener noreferrer\">162\/2014. (XII.18.) sz. hat. Statisztikai \u00f6sszegz\u00e9s az augusztusi vizsgaid\u0151szakban felvett \u00e9s teljes\u00edtett vizsg\u00e1kr\u00f3l a Tanulm\u00e1nyi \u00e9s Vizsgaszab\u00e1lyzat fel\u00fclvizsg\u00e1lata k\u00f6r\u00e9ben v\u00e9gzett t\u00e1j\u00e9koztat\u00f3r\u00f3l<\/a><br \/>\n<a href=\"https:\/\/semmelweis.hu\/rektori-hivatal\/files\/2015\/01\/163_XII_18_SZMSZ_mod_21\u00a7.pdf\" target=\"_blank\" rel=\"noopener noreferrer\">163\/2014. (XII.18.) sz. hat. a Semmelweis Egyetem Szervezeti \u00e9s M\u0171k\u00f6d\u00e9si Szab\u00e1lyzat 21. \u00a7 (1) bekezd\u00e9s i) ponttal val\u00f3 kieg\u00e9sz\u00edt\u00e9s\u00e9r\u0151l<\/a><\/p>\n","protected":false},"author":12,"featured_media":0,"parent":7840,"menu_order":23,"comment_status":"open","ping_status":"open","template":"","meta":{"_acf_changed":false,"footnotes":""},"categories":[1],"tags":[],"class_list":["post-2799","page","type-page","status-publish","hentry","category-egyeb"],"acf":[],"_links":{"self":[{"href":"https:\/\/semmelweis.hu\/jogigfoig\/wp-json\/wp\/v2\/pages\/2799","targetHints":{"allow":["GET"]}}],"collection":[{"href":"https:\/\/semmelweis.hu\/jogigfoig\/wp-json\/wp\/v2\/pages"}],"about":[{"href":"https:\/\/semmelweis.hu\/jogigfoig\/wp-json\/wp\/v2\/types\/page"}],"author":[{"embeddable":true,"href":"https:\/\/semmelweis.hu\/jogigfoig\/wp-json\/wp\/v2\/users\/12"}],"replies":[{"embeddable":true,"href":"https:\/\/semmelweis.hu\/jogigfoig\/wp-json\/wp\/v2\/comments?post=2799"}],"version-history":[{"count":9,"href":"https:\/\/semmelweis.hu\/jogigfoig\/wp-json\/wp\/v2\/pages\/2799\/revisions"}],"predecessor-version":[{"id":7880,"href":"https:\/\/semmelweis.hu\/jogigfoig\/wp-json\/wp\/v2\/pages\/2799\/revisions\/7880"}],"up":[{"embeddable":true,"href":"https:\/\/semmelweis.hu\/jogigfoig\/wp-json\/wp\/v2\/pages\/7840"}],"wp:attachment":[{"href":"https:\/\/semmelweis.hu\/jogigfoig\/wp-json\/wp\/v2\/media?parent=2799"}],"wp:term":[{"taxonomy":"category","embeddable":true,"href":"https:\/\/semmelweis.hu\/jogigfoig\/wp-json\/wp\/v2\/categories?post=2799"},{"taxonomy":"post_tag","embeddable":true,"href":"https:\/\/semmelweis.hu\/jogigfoig\/wp-json\/wp\/v2\/tags?post=2799"}],"curies":[{"name":"wp","href":"https:\/\/api.w.org\/{rel}","templated":true}]}}