{"id":2754,"date":"2014-12-04T12:24:36","date_gmt":"2014-12-04T11:24:36","guid":{"rendered":"http:\/\/semmelweis.hu\/rektori-hivatal\/?page_id=2754"},"modified":"2020-02-12T08:49:23","modified_gmt":"2020-02-12T07:49:23","slug":"2014-december-02-elektronikus-szavazas","status":"publish","type":"page","link":"https:\/\/semmelweis.hu\/jogigfoig\/testuletek\/szenatus\/2014-evi-szenatusi-hatarozatok\/2014-december-02-elektronikus-szavazas\/","title":{"rendered":"2014. december 02. (elektronikus szavaz\u00e1s)"},"content":{"rendered":"<ul>\n<li style=\"text-align: justify\"><a href=\"https:\/\/semmelweis.hu\/rektori-hivatal\/files\/2014\/12\/150_a_XII_02_2014-Szen\u00e1tusi-hat\u00e1rozat-SzMSz-m\u00f3dos\u00edt\u00e1s.pdf\" target=\"_blank\" rel=\"noopener noreferrer\">150\/a\/2014. (XII.02.) sz. hat. a Semmelweis Egyetem Szervezeti \u00e9s M\u0171k\u00f6d\u00e9si Szab\u00e1lyzat\u00e1nak \u00e9s a Szen\u00e1tus \u00e1ltal alkotott szab\u00e1lyzatoknak a deregul\u00e1ci\u00f3s c\u00e9l\u00fa m\u00f3dos\u00edt\u00e1s\u00e1r\u00f3l, tov\u00e1bb\u00e1 a Semmelweis Egyetem Szervezeti \u00e9s M\u0171k\u00f6d\u00e9si Szab\u00e1lyzat\u00e1nak a szervezeti v\u00e1ltoz\u00e1sok miatt sz\u00fcks\u00e9gess\u00e9 v\u00e1l\u00f3 ideiglenes m\u00f3dos\u00edt\u00e1s\u00e1r\u00f3l \u00e9s \u00e1tmeneti szab\u00e1lyok megalkot\u00e1s\u00e1r\u00f3l <\/a><\/li>\n<li style=\"text-align: justify\"><a href=\"https:\/\/semmelweis.hu\/rektori-hivatal\/files\/2014\/12\/150_b_XII_02_2014-Szen\u00e1tusi-hat\u00e1rozat-SzMSz-m\u00f3dos\u00edt\u00e1s.pdf\" target=\"_blank\" rel=\"noopener noreferrer\">150\/b\/2014. (XII.02.) sz. hat. a Semmelweis Egyetem Szervezeti \u00e9s M\u0171k\u00f6d\u00e9si Szab\u00e1lyzat\u00e1nak \u00e9s a Szen\u00e1tus \u00e1ltal alkotott szab\u00e1lyzatoknak a deregul\u00e1ci\u00f3s c\u00e9l\u00fa m\u00f3dos\u00edt\u00e1s\u00e1r\u00f3l, tov\u00e1bb\u00e1 a Semmelweis Egyetem Szervezeti \u00e9s M\u0171k\u00f6d\u00e9si Szab\u00e1lyzat\u00e1nak a szervezeti v\u00e1ltoz\u00e1sok miatt sz\u00fcks\u00e9gess\u00e9 v\u00e1l\u00f3 ideiglenes m\u00f3dos\u00edt\u00e1s\u00e1r\u00f3l \u00e9s \u00e1tmeneti szab\u00e1lyok megalkot\u00e1s\u00e1r\u00f3l <\/a><\/li>\n<\/ul>\n","protected":false},"excerpt":{"rendered":"<p><a href=\"https:\/\/semmelweis.hu\/rektori-hivatal\/files\/2014\/12\/150_a_XII_02_2014-Szen\u00e1tusi-hat\u00e1rozat-SzMSz-m\u00f3dos\u00edt\u00e1s.pdf\" target=\"_blank\" rel=\"noopener noreferrer\">150\/a\/2014. (XII.02.) sz. hat. a Semmelweis Egyetem Szervezeti \u00e9s M\u0171k\u00f6d\u00e9si Szab\u00e1lyzat\u00e1nak \u00e9s a Szen\u00e1tus \u00e1ltal alkotott szab\u00e1lyzatoknak a deregul\u00e1ci\u00f3s c\u00e9l\u00fa m\u00f3dos\u00edt\u00e1s\u00e1r\u00f3l, tov\u00e1bb\u00e1 a Semmelweis Egyetem Szervezeti \u00e9s M\u0171k\u00f6d\u00e9si Szab\u00e1lyzat\u00e1nak a szervezeti v\u00e1ltoz\u00e1sok miatt sz\u00fcks\u00e9gess\u00e9 v\u00e1l\u00f3 ideiglenes m\u00f3dos\u00edt\u00e1s\u00e1r\u00f3l \u00e9s \u00e1tmeneti szab\u00e1lyok megalkot\u00e1s\u00e1r\u00f3l <\/a><br \/>\n<a href=\"https:\/\/semmelweis.hu\/rektori-hivatal\/files\/2014\/12\/150_b_XII_02_2014-Szen\u00e1tusi-hat\u00e1rozat-SzMSz-m\u00f3dos\u00edt\u00e1s.pdf\" target=\"_blank\" rel=\"noopener noreferrer\">150\/b\/2014. (XII.02.) sz. hat. a Semmelweis Egyetem Szervezeti \u00e9s M\u0171k\u00f6d\u00e9si Szab\u00e1lyzat\u00e1nak \u00e9s a Szen\u00e1tus \u00e1ltal alkotott szab\u00e1lyzatoknak a deregul\u00e1ci\u00f3s c\u00e9l\u00fa m\u00f3dos\u00edt\u00e1s\u00e1r\u00f3l, tov\u00e1bb\u00e1 a Semmelweis Egyetem Szervezeti \u00e9s M\u0171k\u00f6d\u00e9si Szab\u00e1lyzat\u00e1nak a szervezeti v\u00e1ltoz\u00e1sok miatt sz\u00fcks\u00e9gess\u00e9 v\u00e1l\u00f3 ideiglenes m\u00f3dos\u00edt\u00e1s\u00e1r\u00f3l \u00e9s \u00e1tmeneti szab\u00e1lyok megalkot\u00e1s\u00e1r\u00f3l <\/a><\/p>\n","protected":false},"author":12,"featured_media":0,"parent":7840,"menu_order":22,"comment_status":"open","ping_status":"open","template":"","meta":{"_acf_changed":false,"footnotes":""},"categories":[1],"tags":[],"class_list":["post-2754","page","type-page","status-publish","hentry","category-egyeb"],"acf":[],"_links":{"self":[{"href":"https:\/\/semmelweis.hu\/jogigfoig\/wp-json\/wp\/v2\/pages\/2754","targetHints":{"allow":["GET"]}}],"collection":[{"href":"https:\/\/semmelweis.hu\/jogigfoig\/wp-json\/wp\/v2\/pages"}],"about":[{"href":"https:\/\/semmelweis.hu\/jogigfoig\/wp-json\/wp\/v2\/types\/page"}],"author":[{"embeddable":true,"href":"https:\/\/semmelweis.hu\/jogigfoig\/wp-json\/wp\/v2\/users\/12"}],"replies":[{"embeddable":true,"href":"https:\/\/semmelweis.hu\/jogigfoig\/wp-json\/wp\/v2\/comments?post=2754"}],"version-history":[{"count":4,"href":"https:\/\/semmelweis.hu\/jogigfoig\/wp-json\/wp\/v2\/pages\/2754\/revisions"}],"predecessor-version":[{"id":7881,"href":"https:\/\/semmelweis.hu\/jogigfoig\/wp-json\/wp\/v2\/pages\/2754\/revisions\/7881"}],"up":[{"embeddable":true,"href":"https:\/\/semmelweis.hu\/jogigfoig\/wp-json\/wp\/v2\/pages\/7840"}],"wp:attachment":[{"href":"https:\/\/semmelweis.hu\/jogigfoig\/wp-json\/wp\/v2\/media?parent=2754"}],"wp:term":[{"taxonomy":"category","embeddable":true,"href":"https:\/\/semmelweis.hu\/jogigfoig\/wp-json\/wp\/v2\/categories?post=2754"},{"taxonomy":"post_tag","embeddable":true,"href":"https:\/\/semmelweis.hu\/jogigfoig\/wp-json\/wp\/v2\/tags?post=2754"}],"curies":[{"name":"wp","href":"https:\/\/api.w.org\/{rel}","templated":true}]}}