{"id":2173,"date":"2014-01-15T09:05:40","date_gmt":"2014-01-15T09:05:40","guid":{"rendered":"http:\/\/semmelweis.hu\/rektori-hivatal\/?page_id=2173"},"modified":"2020-02-13T09:46:04","modified_gmt":"2020-02-13T08:46:04","slug":"2013-december-19","status":"publish","type":"page","link":"https:\/\/semmelweis.hu\/jogigfoig\/testuletek\/szenatus\/2013-evi-szenatusi-hatarozatok\/2013-december-19\/","title":{"rendered":"2013. december 19."},"content":{"rendered":"<ul>\n<li style=\"text-align: justify\">\u00a0<a href=\"https:\/\/semmelweis.hu\/rektori-hivatal\/files\/2014\/01\/N-XII_19_napirend_elfog.pdf\" target=\"_blank\" rel=\"noopener noreferrer\">N-XII. 19.\/2013. sz. hat. a szen\u00e1tusi \u00fcl\u00e9s napirendi pontjainak elfogad\u00e1s\u00e1r\u00f3l <\/a><\/li>\n<li style=\"text-align: justify\"><a href=\"https:\/\/semmelweis.hu\/rektori-hivatal\/files\/2014\/01\/156_EKK_Ment\u00e1lhigi\u00e9n\u00e9_szakir\u00e1ny\u00fa_k\u00e9pz.ter\u00fclet_m\u00f3d.pdf\" target=\"_blank\" rel=\"noopener noreferrer\">156\/2013. (XII.19.) sz. hat. Az Eg\u00e9szs\u00e9g\u00fcgyi K\u00f6zszolg\u00e1lati Kar Ment\u00e1lhigi\u00e9n\u00e9 Int\u00e9zet &#8222;Ment\u00e1lhigi\u00e9n\u00e9s \u00e9s szervezetfejleszt\u0151 szakir\u00e1ny\u00fa tov\u00e1bbk\u00e9pz\u00e9si szak&#8221; k\u00e9pz\u00e9si ter\u00fclet besorol\u00e1s\u00e1nak m\u00f3dos\u00edt\u00e1s\u00e1r\u00f3l<\/a><\/li>\n<li style=\"text-align: justify\"><a href=\"https:\/\/semmelweis.hu\/jogigfoig\/files\/2014\/01\/157_XII_19_ETK_bizottsagok_szemelyiosszetet.pdf\">157\/2013. (XII.19.) sz\u00e1m\u00fa hat\u00e1rozat Az Eg\u00e9szs\u00e9gtudom\u00e1nyi Karon m\u0171k\u00f6d\u0151 bizotts\u00e1gok szem\u00e9lyi \u00f6sszet\u00e9tel\u00e9nek m\u00f3dos\u00edt\u00e1s\u00e1r\u00f3l<\/a><\/li>\n<li style=\"text-align: justify\"><a href=\"https:\/\/semmelweis.hu\/jogigfoig\/files\/2014\/01\/158_sz_XII_19_EKK_allandobizottsagok.pdf\">158\/2013. (XII.19.) sz\u00e1m\u00fa hat\u00e1rozat Az Eg\u00e9szs\u00e9g\u00fcgyi K\u00f6zszolg\u00e1lati Kar Szen\u00e1tus \u00e1ltal l\u00e9trehozott \u00e1lland\u00f3 bizotts\u00e1gai szem\u00e9lyi \u00f6sszet\u00e9tel\u00e9nek meg\u00faj\u00edt\u00e1s\u00e1r\u00f3l<\/a><\/li>\n<li style=\"text-align: justify\"><a href=\"https:\/\/semmelweis.hu\/jogigfoig\/files\/2014\/01\/159_XII_19_TSK_KAB_TVBtagok.pdf\">159\/2013. (XII.19.) sz\u00e1m\u00fa hat\u00e1rozat A Testnevel\u00e9si \u00e9s Sporttudom\u00e1nyi Kar Szen\u00e1tus \u00e1ltal l\u00e9trehozott Kredit\u00e1tviteli Bizotts\u00e1g \u00e9s Tanulm\u00e1nyi \u00e9s Vizsgabizotts\u00e1g tagj\u00e1nak megv\u00e1laszt\u00e1s\u00e1r\u00f3l<\/a><\/li>\n<li style=\"text-align: justify\"><a href=\"https:\/\/semmelweis.hu\/rektori-hivatal\/files\/2014\/01\/160_XII_19_FB_szem\u00e9lyi-\u00f6szzet\u00e9tel.pdf\" target=\"_blank\" rel=\"noopener noreferrer\">160\/2013. (XII.19.) sz. hat. Fel\u00fclb\u00edr\u00e1lati Bizotts\u00e1g szem\u00e9lyi \u00f6sszet\u00e9tel\u00e9r\u0151l <\/a><\/li>\n<li style=\"text-align: justify\"><a href=\"https:\/\/semmelweis.hu\/rektori-hivatal\/files\/2014\/01\/161_XII_19_bizotts\u00e1gok_besz\u00e1m.pdf\" target=\"_blank\" rel=\"noopener noreferrer\">161\/2013. (XII.19.) sz. hat. A Szen\u00e1tus \u00e1ltal l\u00e9trehozott Bizotts\u00e1gok munk\u00e1j\u00e1r\u00f3l sz\u00f3l\u00f3 besz\u00e1mol\u00f3 elfogad\u00e1s\u00e1r\u00f3l <\/a><\/li>\n<li style=\"text-align: justify\"><a href=\"https:\/\/semmelweis.hu\/rektori-hivatal\/files\/2014\/01\/162_XII_19_ETK_egy\u00fcttm.me\u00e1llap.pdf\" target=\"_blank\" rel=\"noopener noreferrer\">162\/2013. (XII.19.) sz. hat. Az Eg\u00e9szs\u00e9gtudom\u00e1nyi Karon megk\u00f6tend\u0151 egy\u00fcttm\u0171k\u00f6d\u00e9si meg\u00e1llapod\u00e1sok j\u00f3v\u00e1hagy\u00e1s\u00e1r\u00f3l <\/a><\/li>\n<li style=\"text-align: justify\"><a href=\"https:\/\/semmelweis.hu\/rektori-hivatal\/files\/2014\/01\/163_XII_19_Mellkasseb\u00e9szet_docensi\u00e1ll\u00e1shelyek.pdf\" target=\"_blank\" rel=\"noopener noreferrer\">163\/2013. (XII.19.) sz. hat. A 2014. \u00e9vre meghirdetni tervezett egyetemi docensi \u00e1ll\u00e1shelyek l\u00e9trehoz\u00e1s\u00e1r\u00f3l <\/a><\/li>\n<li style=\"text-align: justify\"><a href=\"https:\/\/semmelweis.hu\/rektori-hivatal\/files\/2014\/01\/164_XII_19_I_Sz_Gyermekklinika_egyetemitan\u00e1ri_\u00e1ll\u00e1shely.pdf\" target=\"_blank\" rel=\"noopener noreferrer\">164\/2013. (XII.19.) sz. hat. A 2014. \u00e9vre meghirdetni tervezett egyetemi tan\u00e1ri \u00e1ll\u00e1shely l\u00e9trehoz\u00e1s\u00e1r\u00f3l <\/a><\/li>\n<\/ul>\n","protected":false},"excerpt":{"rendered":"<p>\u00a0<a href=\"https:\/\/semmelweis.hu\/rektori-hivatal\/files\/2014\/01\/N-XII_19_napirend_elfog.pdf\" target=\"_blank\" rel=\"noopener noreferrer\">N-XII. 19.\/2013. sz. hat. a szen\u00e1tusi \u00fcl\u00e9s napirendi pontjainak elfogad\u00e1s\u00e1r\u00f3l <\/a><br \/>\n<a href=\"https:\/\/semmelweis.hu\/rektori-hivatal\/files\/2014\/01\/156_EKK_Ment\u00e1lhigi\u00e9n\u00e9_szakir\u00e1ny\u00fa_k\u00e9pz.ter\u00fclet_m\u00f3d.pdf\" target=\"_blank\" rel=\"noopener noreferrer\">156\/2013. (XII.19.) sz. hat. Az Eg\u00e9szs\u00e9g\u00fcgyi K\u00f6zszolg\u00e1lati Kar Ment\u00e1lhigi\u00e9n\u00e9 Int\u00e9zet &#8222;Ment\u00e1lhigi\u00e9n\u00e9s \u00e9s szervezetfejleszt\u0151 szakir\u00e1ny\u00fa tov\u00e1bbk\u00e9pz\u00e9si szak&#8221; k\u00e9pz\u00e9si ter\u00fclet besorol\u00e1s\u00e1nak m\u00f3dos\u00edt\u00e1s\u00e1r\u00f3l<\/a><br \/>\n<a href=\"https:\/\/semmelweis.hu\/jogigfoig\/files\/2014\/01\/157_XII_19_ETK_bizottsagok_szemelyiosszetet.pdf\">157\/2013. (XII.19.) sz\u00e1m\u00fa hat\u00e1rozat Az Eg\u00e9szs\u00e9gtudom\u00e1nyi Karon m\u0171k\u00f6d\u0151 bizotts\u00e1gok szem\u00e9lyi \u00f6sszet\u00e9tel\u00e9nek m\u00f3dos\u00edt\u00e1s\u00e1r\u00f3l<\/a><br \/>\n<a href=\"https:\/\/semmelweis.hu\/jogigfoig\/files\/2014\/01\/158_sz_XII_19_EKK_allandobizottsagok.pdf\">158\/2013. (XII.19.) sz\u00e1m\u00fa hat\u00e1rozat Az Eg\u00e9szs\u00e9g\u00fcgyi K\u00f6zszolg\u00e1lati Kar Szen\u00e1tus \u00e1ltal l\u00e9trehozott \u00e1lland\u00f3 bizotts\u00e1gai szem\u00e9lyi \u00f6sszet\u00e9tel\u00e9nek meg\u00faj\u00edt\u00e1s\u00e1r\u00f3l<\/a><br \/>\n<a href=\"https:\/\/semmelweis.hu\/jogigfoig\/files\/2014\/01\/159_XII_19_TSK_KAB_TVBtagok.pdf\">159\/2013. (XII.19.) sz\u00e1m\u00fa hat\u00e1rozat A Testnevel\u00e9si \u00e9s Sporttudom\u00e1nyi Kar Szen\u00e1tus \u00e1ltal l\u00e9trehozott Kredit\u00e1tviteli Bizotts\u00e1g \u00e9s Tanulm\u00e1nyi \u00e9s Vizsgabizotts\u00e1g tagj\u00e1nak megv\u00e1laszt\u00e1s\u00e1r\u00f3l<\/a><br \/>\n<a href=\"https:\/\/semmelweis.hu\/rektori-hivatal\/files\/2014\/01\/160_XII_19_FB_szem\u00e9lyi-\u00f6szzet\u00e9tel.pdf\" target=\"_blank\" rel=\"noopener noreferrer\">160\/2013. (XII.19.) sz. hat. Fel\u00fclb\u00edr\u00e1lati Bizotts\u00e1g szem\u00e9lyi \u00f6sszet\u00e9tel\u00e9r\u0151l <\/a><br \/>\n<a href=\"https:\/\/semmelweis.hu\/rektori-hivatal\/files\/2014\/01\/161_XII_19_bizotts\u00e1gok_besz\u00e1m.pdf\" target=\"_blank\" rel=\"noopener noreferrer\">161\/2013. (XII.19.) sz. hat. A Szen\u00e1tus \u00e1ltal l\u00e9trehozott Bizotts\u00e1gok munk\u00e1j\u00e1r\u00f3l sz\u00f3l\u00f3 besz\u00e1mol\u00f3 elfogad\u00e1s\u00e1r\u00f3l <\/a><br \/>\n<a href=\"https:\/\/semmelweis.hu\/rektori-hivatal\/files\/2014\/01\/162_XII_19_ETK_egy\u00fcttm.me\u00e1llap.pdf\" target=\"_blank\" rel=\"noopener noreferrer\">162\/2013. (XII.19.) sz. hat. Az Eg\u00e9szs\u00e9gtudom\u00e1nyi Karon megk\u00f6tend\u0151 egy\u00fcttm\u0171k\u00f6d\u00e9si meg\u00e1llapod\u00e1sok j\u00f3v\u00e1hagy\u00e1s\u00e1r\u00f3l <\/a><br \/>\n<a href=\"https:\/\/semmelweis.hu\/rektori-hivatal\/files\/2014\/01\/163_XII_19_Mellkasseb\u00e9szet_docensi\u00e1ll\u00e1shelyek.pdf\" target=\"_blank\" rel=\"noopener noreferrer\">163\/2013. (XII.19.) sz. hat. A 2014. \u00e9vre meghirdetni tervezett egyetemi docensi \u00e1ll\u00e1shelyek l\u00e9trehoz\u00e1s\u00e1r\u00f3l <\/a><br \/>\n<a href=\"https:\/\/semmelweis.hu\/rektori-hivatal\/files\/2014\/01\/164_XII_19_I_Sz_Gyermekklinika_egyetemitan\u00e1ri_\u00e1ll\u00e1shely.pdf\" target=\"_blank\" rel=\"noopener noreferrer\">164\/2013. (XII.19.) sz. hat. A 2014. \u00e9vre meghirdetni tervezett egyetemi tan\u00e1ri \u00e1ll\u00e1shely l\u00e9trehoz\u00e1s\u00e1r\u00f3l <\/a><\/p>\n","protected":false},"author":12,"featured_media":0,"parent":7841,"menu_order":12,"comment_status":"open","ping_status":"open","template":"","meta":{"_acf_changed":false,"footnotes":""},"categories":[1],"tags":[],"class_list":["post-2173","page","type-page","status-publish","hentry","category-egyeb"],"acf":[],"_links":{"self":[{"href":"https:\/\/semmelweis.hu\/jogigfoig\/wp-json\/wp\/v2\/pages\/2173","targetHints":{"allow":["GET"]}}],"collection":[{"href":"https:\/\/semmelweis.hu\/jogigfoig\/wp-json\/wp\/v2\/pages"}],"about":[{"href":"https:\/\/semmelweis.hu\/jogigfoig\/wp-json\/wp\/v2\/types\/page"}],"author":[{"embeddable":true,"href":"https:\/\/semmelweis.hu\/jogigfoig\/wp-json\/wp\/v2\/users\/12"}],"replies":[{"embeddable":true,"href":"https:\/\/semmelweis.hu\/jogigfoig\/wp-json\/wp\/v2\/comments?post=2173"}],"version-history":[{"count":8,"href":"https:\/\/semmelweis.hu\/jogigfoig\/wp-json\/wp\/v2\/pages\/2173\/revisions"}],"predecessor-version":[{"id":75392,"href":"https:\/\/semmelweis.hu\/jogigfoig\/wp-json\/wp\/v2\/pages\/2173\/revisions\/75392"}],"up":[{"embeddable":true,"href":"https:\/\/semmelweis.hu\/jogigfoig\/wp-json\/wp\/v2\/pages\/7841"}],"wp:attachment":[{"href":"https:\/\/semmelweis.hu\/jogigfoig\/wp-json\/wp\/v2\/media?parent=2173"}],"wp:term":[{"taxonomy":"category","embeddable":true,"href":"https:\/\/semmelweis.hu\/jogigfoig\/wp-json\/wp\/v2\/categories?post=2173"},{"taxonomy":"post_tag","embeddable":true,"href":"https:\/\/semmelweis.hu\/jogigfoig\/wp-json\/wp\/v2\/tags?post=2173"}],"curies":[{"name":"wp","href":"https:\/\/api.w.org\/{rel}","templated":true}]}}