{"id":1892,"date":"2013-09-11T14:32:47","date_gmt":"2013-09-11T14:32:47","guid":{"rendered":"http:\/\/semmelweis-egyetem.hu\/rektori-hivatal\/?page_id=1892"},"modified":"2024-07-25T10:54:48","modified_gmt":"2024-07-25T08:54:48","slug":"2013-augusztus-29","status":"publish","type":"page","link":"https:\/\/semmelweis.hu\/jogigfoig\/testuletek\/szenatus\/2013-evi-szenatusi-hatarozatok\/2013-augusztus-29\/","title":{"rendered":"2013. augusztus 29."},"content":{"rendered":"<ul>\n<li style=\"text-align: justify\"><a href=\"https:\/\/semmelweis.hu\/jogigfoig\/files\/2013\/09\/102_VIII_29_sz_hat_TSK_TVBelnok.pdf\">102\/2013. (VII.4.) sz\u00e1m\u00fa hat\u00e1rozat a Testnevel\u00e9si \u00e9s Sporttudom\u00e1nyi Kar Szen\u00e1tus \u00e1ltal l\u00e9trehozott Tanulm\u00e1nyi \u00e9s Vizsgabizotts\u00e1ga eln\u00f6k\u00e9nek megv\u00e1laszt\u00e1s\u00e1r\u00f3l<\/a><\/li>\n<li style=\"text-align: justify\"><a href=\"https:\/\/semmelweis.hu\/jogigfoig\/files\/2024\/07\/103_a_b_VIII_29_TVSZ_fotitkari_tajekoztato.pdf\">103\/a\/2013. (VIII. 29.) sz. hat. a Semmelweis Egyetem Tanulm\u00e1nyi \u00e9s Vizsgaszab\u00e1lyzatr\u00f3l, 103\/b\/2013. (VIII. 29.) sz. hat. a Semmelweis Egyetem Tanulm\u00e1nyi \u00e9s Vizsgaszab\u00e1lyzatr\u00f3l, F\u0151titk\u00e1ri t\u00e1j\u00e9koztat\u00f3<\/a><\/li>\n<li style=\"text-align: justify\"><a href=\"https:\/\/semmelweis.hu\/rektori-hivatal\/files\/2013\/09\/103_a_b_VIII_29_TVSZ_f\u0151titk\u00e1ri_k\u00f6zlem\u00e9ny.pdf\" target=\"_blank\" rel=\"noopener noreferrer\">F\u0151titk\u00e1ri k\u00f6zlem\u00e9ny a\u00a0 Semmelweis Egyetem Szen\u00e1tus\u00e1nak 103\/b\/2013. (VIII.29.) sz. hat\u00e1rozat\u00e1val elfogadott Tanulm\u00e1nyi \u00e9s Vizsgaszab\u00e1lyzattal kapcsolatban<\/a><\/li>\n<li style=\"text-align: justify\"><a href=\"https:\/\/semmelweis.hu\/jogigfoig\/files\/2013\/09\/N_VIII_29_napirendelf.pdf\">N-VIII.29.\/2013. sz\u00e1m\u00fa hat\u00e1rozat a szen\u00e1tusi \u00fcl\u00e9s napirendi pontjainak elfogad\u00e1s\u00e1r\u00f3l<\/a><\/li>\n<\/ul>\n","protected":false},"excerpt":{"rendered":"<p><a href=\"https:\/\/semmelweis.hu\/jogigfoig\/files\/2013\/09\/102_VIII_29_sz_hat_TSK_TVBelnok.pdf\">102\/2013. (VII.4.) sz\u00e1m\u00fa hat\u00e1rozat a Testnevel\u00e9si \u00e9s Sporttudom\u00e1nyi Kar Szen\u00e1tus \u00e1ltal l\u00e9trehozott Tanulm\u00e1nyi \u00e9s Vizsgabizotts\u00e1ga eln\u00f6k\u00e9nek megv\u00e1laszt\u00e1s\u00e1r\u00f3l<\/a><br \/>\n<a href=\"https:\/\/semmelweis.hu\/jogigfoig\/files\/2024\/07\/103_a_b_VIII_29_TVSZ_fotitkari_tajekoztato.pdf\">103\/a\/2013. (VIII. 29.) sz. hat. a Semmelweis Egyetem Tanulm\u00e1nyi \u00e9s Vizsgaszab\u00e1lyzatr\u00f3l, 103\/b\/2013. (VIII. 29.) sz. hat. a Semmelweis Egyetem Tanulm\u00e1nyi \u00e9s Vizsgaszab\u00e1lyzatr\u00f3l, F\u0151titk\u00e1ri t\u00e1j\u00e9koztat\u00f3<\/a><br \/>\n<a href=\"https:\/\/semmelweis.hu\/rektori-hivatal\/files\/2013\/09\/103_a_b_VIII_29_TVSZ_f\u0151titk\u00e1ri_k\u00f6zlem\u00e9ny.pdf\" target=\"_blank\" rel=\"noopener noreferrer\">F\u0151titk\u00e1ri k\u00f6zlem\u00e9ny a\u00a0 Semmelweis Egyetem Szen\u00e1tus\u00e1nak 103\/b\/2013. (VIII.29.) sz. hat\u00e1rozat\u00e1val elfogadott Tanulm\u00e1nyi \u00e9s Vizsgaszab\u00e1lyzattal kapcsolatban<\/a><br \/>\n<a href=\"https:\/\/semmelweis.hu\/jogigfoig\/files\/2013\/09\/N_VIII_29_napirendelf.pdf\">N-VIII.29.\/2013. sz\u00e1m\u00fa hat\u00e1rozat a szen\u00e1tusi \u00fcl\u00e9s napirendi pontjainak elfogad\u00e1s\u00e1r\u00f3l<\/a><\/p>\n","protected":false},"author":12,"featured_media":0,"parent":7841,"menu_order":12,"comment_status":"open","ping_status":"open","template":"","meta":{"_acf_changed":false,"footnotes":""},"categories":[1],"tags":[],"class_list":["post-1892","page","type-page","status-publish","hentry","category-egyeb"],"acf":[],"_links":{"self":[{"href":"https:\/\/semmelweis.hu\/jogigfoig\/wp-json\/wp\/v2\/pages\/1892","targetHints":{"allow":["GET"]}}],"collection":[{"href":"https:\/\/semmelweis.hu\/jogigfoig\/wp-json\/wp\/v2\/pages"}],"about":[{"href":"https:\/\/semmelweis.hu\/jogigfoig\/wp-json\/wp\/v2\/types\/page"}],"author":[{"embeddable":true,"href":"https:\/\/semmelweis.hu\/jogigfoig\/wp-json\/wp\/v2\/users\/12"}],"replies":[{"embeddable":true,"href":"https:\/\/semmelweis.hu\/jogigfoig\/wp-json\/wp\/v2\/comments?post=1892"}],"version-history":[{"count":10,"href":"https:\/\/semmelweis.hu\/jogigfoig\/wp-json\/wp\/v2\/pages\/1892\/revisions"}],"predecessor-version":[{"id":91047,"href":"https:\/\/semmelweis.hu\/jogigfoig\/wp-json\/wp\/v2\/pages\/1892\/revisions\/91047"}],"up":[{"embeddable":true,"href":"https:\/\/semmelweis.hu\/jogigfoig\/wp-json\/wp\/v2\/pages\/7841"}],"wp:attachment":[{"href":"https:\/\/semmelweis.hu\/jogigfoig\/wp-json\/wp\/v2\/media?parent=1892"}],"wp:term":[{"taxonomy":"category","embeddable":true,"href":"https:\/\/semmelweis.hu\/jogigfoig\/wp-json\/wp\/v2\/categories?post=1892"},{"taxonomy":"post_tag","embeddable":true,"href":"https:\/\/semmelweis.hu\/jogigfoig\/wp-json\/wp\/v2\/tags?post=1892"}],"curies":[{"name":"wp","href":"https:\/\/api.w.org\/{rel}","templated":true}]}}