{"id":1262,"date":"2013-03-13T11:08:05","date_gmt":"2013-03-13T11:08:05","guid":{"rendered":"http:\/\/semmelweis-egyetem.hu\/rektori-hivatal\/?page_id=1262"},"modified":"2020-02-13T09:40:35","modified_gmt":"2020-02-13T08:40:35","slug":"2013-februar-28","status":"publish","type":"page","link":"https:\/\/semmelweis.hu\/jogigfoig\/testuletek\/szenatus\/2013-evi-szenatusi-hatarozatok\/2013-februar-28\/","title":{"rendered":"2013. febru\u00e1r 28."},"content":{"rendered":"<ul>\n<li style=\"text-align: justify\"><a href=\"https:\/\/semmelweis.hu\/rektori-hivatal\/files\/2013\/03\/N_II.28_napirendelf.pdf\">N-II. 28\/2013 sz. hat. a szen\u00e1tusi \u00fcl\u00e9s napirendi pontjainak elfogad\u00e1s\u00e1r\u00f3l<\/a><\/li>\n<li style=\"text-align: justify\"><a href=\"https:\/\/semmelweis.hu\/rektori-hivatal\/files\/2013\/03\/12_sz_II_28_2012_\u00e9vi_gazd_besz\u00e1m.pdf\" target=\"_blank\" rel=\"noopener noreferrer\">12\/2013. (II.28.) sz. hat. a Semmelweis Egyetem 2012. \u00e9vi gazd\u00e1lkod\u00e1s\u00e1r\u00f3l el\u0151terjesztett besz\u00e1mol\u00f3 elfogad\u00e1s\u00e1r\u00f3l<\/a><\/li>\n<li style=\"text-align: justify\"><a href=\"https:\/\/semmelweis.hu\/rektori-hivatal\/files\/2013\/03\/13_sz_II_28_2013_\u00e9vi_vezet\u0151ik\u00f6lts\u00e9gv.pdf\" target=\"_blank\" rel=\"noopener noreferrer\">13\/2013. (II.28.) sz. hat. a Semmelweis Egyetem 2013. \u00e9vi vezet\u0151i k\u00f6lts\u00e9gvet\u00e9s\u00e9nek elfogad\u00e1s\u00e1r\u00f3l <\/a><\/li>\n<li style=\"text-align: justify\"><a href=\"https:\/\/semmelweis.hu\/rektori-hivatal\/files\/2013\/03\/14_a_sz_II_28_Kerezsi_n\u00e9vv\u00e1lt.pdf\" target=\"_blank\" rel=\"noopener noreferrer\">14\/a\/2013. (II.28.) sz. hat. a Kerezsi Endre Szakkoll\u00e9gium elnevez\u00e9s\u00e9nek m\u00f3dos\u00edt\u00e1s\u00e1r\u00f3l<\/a><\/li>\n<li style=\"text-align: justify\"><a href=\"https:\/\/semmelweis.hu\/rektori-hivatal\/files\/2013\/03\/14_b_sz_II_28_Kereszi_n\u00e9vv\u00e1lt.pdf\" target=\"_blank\" rel=\"noopener noreferrer\">14\/b\/2013. (II.28.) sz. hat. a Kerezsi Endre Szakkoll\u00e9gium\u00a0 elnevez\u00e9s\u00e9nek m\u00f3dos\u00edt\u00e1s\u00e1r\u00f3l<\/a><\/li>\n<li style=\"text-align: justify\"><a href=\"https:\/\/semmelweis.hu\/jogigfoig\/files\/2013\/03\/15_sz_II_28_AllatkiserletiBiz_kieg.pdf\" target=\"_blank\" rel=\"noopener noreferrer\">15\/2013. (II.28.) sz\u00e1m\u00fa hat\u00e1rozata az \u00c1llatk\u00eds\u00e9rleti Bizotts\u00e1g szem\u00e9lyi \u00f6sszet\u00e9tel\u00e9nek kieg\u00e9sz\u00edt\u00e9s\u00e9r\u0151l<\/a><\/li>\n<li style=\"text-align: justify\"><a href=\"https:\/\/semmelweis.hu\/jogigfoig\/files\/2013\/03\/16_sz_II_28_egyetemitanari.pdf\" target=\"_blank\" rel=\"noopener noreferrer\">16\/2013. (II.28.) sz\u00e1m\u00fa hat\u00e1rozata a 2013. \u00e9vben a Morfol\u00f3giai \u00e9s Fiziol\u00f3giai Tansz\u00e9kre meghirdetett egyetemi tan\u00e1ri \u00e1ll\u00e1shelyre be\u00e9rkezett p\u00e1ly\u00e1zat v\u00e9lem\u00e9nyez\u00e9s\u00e9r\u0151l<\/a><\/li>\n<li style=\"text-align: justify\"><a href=\"https:\/\/semmelweis.hu\/rektori-hivatal\/files\/2013\/03\/17_sz_II_28_z\u00e1r\u00f3vizsg_nyelvvizsg.pdf\" target=\"_blank\" rel=\"noopener noreferrer\">17\/2013. (II.28.) sz. hat. a z\u00e1r\u00f3vizsg\u00e1t tett, de nyelvvizsg\u00e1t nem szerzett hallgat\u00f3k oklevel\u00e9nek k\u00e9rd\u00e9s\u00e9r\u0151l<\/a><\/li>\n<li style=\"text-align: justify\"><a href=\"https:\/\/semmelweis.hu\/rektori-hivatal\/files\/2013\/03\/18_a_II_28_K\u00f6telezetts\u00e9gv\u00e1llal\u00e1siSzab.pdf\" target=\"_blank\" rel=\"noopener noreferrer\">18\/a\/2013. (II. 28.) sz. hat. a K\u00f6telezetts\u00e9gv\u00e1llal\u00e1si szab\u00e1lyzat m\u00f3dos\u00edt\u00e1s\u00e1r\u00f3l<\/a><\/li>\n<li style=\"text-align: justify\"><a href=\"https:\/\/semmelweis.hu\/rektori-hivatal\/files\/2013\/03\/18_b_II_28_K\u00f6telezetts\u00e9gv\u00e1llSzab.pdf\" target=\"_blank\" rel=\"noopener noreferrer\">18\/b\/2013. (II.28.) sz.\u00a0 hat. a Semmelweis Egyetem K\u00f6telezetts\u00e9gv\u00e1llal\u00e1si Szab\u00e1lyzat\u00e1r\u00f3l<\/a><\/li>\n<li style=\"text-align: justify\"><a href=\"https:\/\/semmelweis.hu\/rektori-hivatal\/files\/2013\/03\/19_a_II_28_L\u00e9tes\u00edtm\u00e9nygazdSzab.pdf\" target=\"_blank\" rel=\"noopener noreferrer\">19\/a\/2013. (II.28.) sz. hat. a L\u00e9tes\u00edtm\u00e9nygazd\u00e1lkod\u00e1si szab\u00e1lyzat m\u00f3dos\u00edt\u00e1s\u00e1r\u00f3l<\/a><\/li>\n<li style=\"text-align: justify\"><a href=\"https:\/\/semmelweis.hu\/rektori-hivatal\/files\/2013\/03\/19_b_II_28_L\u00e9tes\u00edtm\u00e9nygazdSzab.pdf\" target=\"_blank\" rel=\"noopener noreferrer\">19\/b\/2013. (II.28.) sz. hat. a Semmelweis Egyetem L\u00e9tes\u00edtm\u00e9nygazd\u00e1lkod\u00e1si szab\u00e1lyzat m\u00f3dos\u00edt\u00e1s\u00e1r\u00f3l<\/a><\/li>\n<li style=\"text-align: justify\"><a href=\"https:\/\/semmelweis.hu\/rektori-hivatal\/files\/2013\/03\/20_a_II_28_Munkav\u00e9delmiSzab.pdf\" target=\"_blank\" rel=\"noopener noreferrer\">20\/a\/2013. (II.28.) sz. hat. a Semmelweis Egyetem Munkav\u00e9delmi Szab\u00e1lyzat\u00e1r\u00f3l<\/a><\/li>\n<li style=\"text-align: justify\"><a href=\"https:\/\/semmelweis.hu\/rektori-hivatal\/files\/2013\/03\/20_b_sz__II_28__Munkav\u00e9delmiSzab.pdf\" target=\"_blank\" rel=\"noopener noreferrer\">20\/b\/2013. (II.28.) sz. hat. a Semmelweis Egyetem Munkav\u00e9delmi Szab\u00e1lyzat\u00e1r\u00f3l<\/a><\/li>\n<li style=\"text-align: justify\"><a href=\"https:\/\/semmelweis.hu\/rektori-hivatal\/files\/2013\/03\/21_a_II_28_ETK_TVSZ.pdf\" target=\"_blank\" rel=\"noopener noreferrer\">21\/a\/2013. (II.28.) sz. hat. a Semmelweis Egyetem Eg\u00e9szs\u00e9gtudom\u00e1nyi Kar Tanulm\u00e1nyi \u00e9s Vizsgaszab\u00e1lyzat\u00e1nak m\u00f3dos\u00edt\u00e1s\u00e1r\u00f3l<\/a><\/li>\n<li style=\"text-align: justify\"><a href=\"https:\/\/semmelweis.hu\/rektori-hivatal\/files\/2013\/03\/21_b__II_28_ETK_TVSZ.pdf\" target=\"_blank\" rel=\"noopener noreferrer\">21\/b\/2013. (II.28.) sz. hat. a Semmelweis Egyetem Eg\u00e9szs\u00e9gtudom\u00e1nyi Kar Tanulm\u00e1nyi \u00e9s Vizsgaszab\u00e1lyzat\u00e1nak m\u00f3dos\u00edt\u00e1s\u00e1r\u00f3l<\/a><\/li>\n<li style=\"text-align: justify\"><a href=\"https:\/\/semmelweis.hu\/rektori-hivatal\/files\/2013\/03\/22_sz_II_28_ETK_egy\u00fcttm_meg\u00e1llap.pdf\" target=\"_blank\" rel=\"noopener noreferrer\">22\/2013. (II.28.) sz. hat. az Eg\u00e9szs\u00e9gtudom\u00e1nyi Karon megk\u00f6tend\u0151 egy\u00fcttm\u0171k\u00f6d\u00e9si meg\u00e1llapod\u00e1sok j\u00f3v\u00e1hagy\u00e1s\u00e1r\u00f3l<\/a><\/li>\n<li style=\"text-align: justify\"><a href=\"https:\/\/semmelweis.hu\/rektori-hivatal\/files\/2013\/03\/23_sz_II_28_eg\u00e9szs\u00e9gturizmus_szervez\u0151.pdf\" target=\"_blank\" rel=\"noopener noreferrer\">23\/2013. (II.28.) sz. hat. Eg\u00e9szs\u00e9g\u00fcgyi szervez\u0151 alapszak eg\u00e9szs\u00e9gturizumus-szervez\u0151 szakir\u00e1ny ind\u00edt\u00e1s\u00e1r\u00f3l az Eg\u00e9szs\u00e9gtudom\u00e1nyi Karon<\/a><\/li>\n<li style=\"text-align: justify\"><a href=\"https:\/\/semmelweis.hu\/rektori-hivatal\/files\/2013\/03\/24_sz_II_28_vezet\u0151\u00f3vodapedag\u00f3gus.pdf\" target=\"_blank\" rel=\"noopener noreferrer\">24\/2013. (II.28.) sz. hat. Vezet\u0151 \u00f3vodapedag\u00f3gus szakter\u00fcleten pedag\u00f3gus szakvizsg\u00e1ra felk\u00e9sz\u00edt\u0151 szakir\u00e1ny\u00fa tov\u00e1bbk\u00e9pz\u00e9s ind\u00edt\u00e1s\u00e1r\u00f3l az Eg\u00e9szs\u00e9gtudom\u00e1nyi Karon<\/a><\/li>\n<li style=\"text-align: justify\"><a href=\"https:\/\/semmelweis.hu\/rektori-hivatal\/files\/2013\/03\/25_sz_II_28_Ment\u00e1lhigi\u00e9n\u00e9s_mesterszak.pdf\" target=\"_blank\" rel=\"noopener noreferrer\">25\/2013. (II.28.) sz. hat. az Eg\u00e9szs\u00e9g\u00fcgyi K\u00f6zszolg\u00e1lati Kar Ment\u00e1lhigi\u00e9n\u00e9 Int\u00e9zet &#8222;Ment\u00e1lhigi\u00e9n\u00e9s csal\u00e1dtudom\u00e1nyi \u00e9s csal\u00e1dter\u00e1pi\u00e1s mesterk\u00e9pz\u00e9si szak&#8221; k\u00e9pz\u00e9s ind\u00edt\u00e1si akkredit\u00e1ci\u00f3j\u00e1r\u00f3l<\/a><\/li>\n<li style=\"text-align: justify\"><a href=\"https:\/\/semmelweis.hu\/rektori-hivatal\/files\/2013\/03\/26_sz_II_28_Ment\u00e1lhigi\u00e9n\u00e9_ped.szakvizsg_szair\u00e1ny\u00fatovk\u00e9pz.pdf\" target=\"_blank\" rel=\"noopener noreferrer\">26\/2013. (II.28.) sz. hat. &#8222;Ment\u00e1lhigi\u00e9n\u00e9 ter\u00fclet\u00e9n pedag\u00f3gus szakvizsg\u00e1ra felk\u00e9sz\u00edt\u0151 szakir\u00e1ny\u00fa tov\u00e1bbk\u00e9pz\u00e9si szak&#8221; tanterv\u00e9nek \u00e9s tant\u00e1rgyprogramjainak akkredit\u00e1ci\u00f3j\u00e1r\u00f3l<\/a><\/li>\n<li style=\"text-align: justify\"><a href=\"https:\/\/semmelweis.hu\/rektori-hivatal\/files\/2013\/03\/27_a_sz_II_28_P\u00e9nzkezel\u00e9siSzab.pdf\" target=\"_blank\" rel=\"noopener noreferrer\">27\/a\/2013. (II.28.) sz. hat. a P\u00e9nzkezel\u00e9si szab\u00e1lyzat mell\u00e9kletei m\u00f3dos\u00edt\u00e1s\u00e1r\u00f3l<\/a><\/li>\n<li style=\"text-align: justify\"><a href=\"https:\/\/semmelweis.hu\/rektori-hivatal\/files\/2013\/03\/27_b_sz_P\u00e9nzkezel\u00e9siSzab.pdf\" target=\"_blank\" rel=\"noopener noreferrer\">27\/b\/2013. (II.28.) sz. hat. a Semmelweis Egyetem P\u00e9nzkezel\u00e9si szab\u00e1lyzat m\u00f3dos\u00edt\u00e1s\u00e1r\u00f3l<\/a><\/li>\n<li style=\"text-align: justify\"><a href=\"https:\/\/semmelweis.hu\/jogigfoig\/files\/2013\/03\/28_sz_II_28_Heviz_Nemesbuk.pdf\" target=\"_blank\" rel=\"noopener noreferrer\">28\/2013. (II.28.) sz\u00e1m\u00fa hat\u00e1rozata a H\u00e9v\u00edz-Nemesb\u00fck Projektr\u0151l sz\u00f3l\u00f3 szindik\u00e1tusi meg\u00e1llapod\u00e1sr\u00f3l<\/a><\/li>\n<\/ul>\n<p>&nbsp;<\/p>\n","protected":false},"excerpt":{"rendered":"<p><a href=\"https:\/\/semmelweis.hu\/rektori-hivatal\/files\/2013\/03\/N_II.28_napirendelf.pdf\">N-II. 28\/2013 sz. hat. a szen\u00e1tusi \u00fcl\u00e9s napirendi pontjainak elfogad\u00e1s\u00e1r\u00f3l<\/a><br \/>\n<a href=\"https:\/\/semmelweis.hu\/rektori-hivatal\/files\/2013\/03\/12_sz_II_28_2012_\u00e9vi_gazd_besz\u00e1m.pdf\" target=\"_blank\" rel=\"noopener noreferrer\">12\/2013. (II.28.) sz. hat. a Semmelweis Egyetem 2012. \u00e9vi gazd\u00e1lkod\u00e1s\u00e1r\u00f3l el\u0151terjesztett besz\u00e1mol\u00f3 elfogad\u00e1s\u00e1r\u00f3l<\/a><br \/>\n<a href=\"https:\/\/semmelweis.hu\/rektori-hivatal\/files\/2013\/03\/13_sz_II_28_2013_\u00e9vi_vezet\u0151ik\u00f6lts\u00e9gv.pdf\" target=\"_blank\" rel=\"noopener noreferrer\">13\/2013. (II.28.) sz. hat. a Semmelweis Egyetem 2013. \u00e9vi vezet\u0151i k\u00f6lts\u00e9gvet\u00e9s\u00e9nek elfogad\u00e1s\u00e1r\u00f3l <\/a><br \/>\n<a href=\"https:\/\/semmelweis.hu\/rektori-hivatal\/files\/2013\/03\/14_a_sz_II_28_Kerezsi_n\u00e9vv\u00e1lt.pdf\" target=\"_blank\" rel=\"noopener noreferrer\">14\/a\/2013. (II.28.) sz. hat. a Kerezsi Endre Szakkoll\u00e9gium elnevez\u00e9s\u00e9nek m\u00f3dos\u00edt\u00e1s\u00e1r\u00f3l<\/a><br \/>\n<a href=\"https:\/\/semmelweis.hu\/rektori-hivatal\/files\/2013\/03\/14_b_sz_II_28_Kereszi_n\u00e9vv\u00e1lt.pdf\" target=\"_blank\" rel=\"noopener noreferrer\">14\/b\/2013. (II.28.) sz. hat. a Kerezsi Endre Szakkoll\u00e9gium\u00a0 elnevez\u00e9s\u00e9nek m\u00f3dos\u00edt\u00e1s\u00e1r\u00f3l<\/a><br \/>\n<a href=\"https:\/\/semmelweis.hu\/jogigfoig\/files\/2013\/03\/15_sz_II_28_AllatkiserletiBiz_kieg.pdf\" target=\"_blank\" rel=\"noopener noreferrer\">15\/2013. (II.28.) sz\u00e1m\u00fa hat\u00e1rozata az \u00c1llatk\u00eds\u00e9rleti Bizotts\u00e1g szem\u00e9lyi \u00f6sszet\u00e9tel\u00e9nek kieg\u00e9sz\u00edt\u00e9s\u00e9r\u0151l<\/a><br \/>\n<a href=\"https:\/\/semmelweis.hu\/jogigfoig\/files\/2013\/03\/16_sz_II_28_egyetemitanari.pdf\" target=\"_blank\" rel=\"noopener noreferrer\">16\/2013. (II.28.) sz\u00e1m\u00fa hat\u00e1rozata a 2013. \u00e9vben a Morfol\u00f3giai \u00e9s Fiziol\u00f3giai Tansz\u00e9kre meghirdetett egyetemi tan\u00e1ri \u00e1ll\u00e1shelyre be\u00e9rkezett p\u00e1ly\u00e1zat v\u00e9lem\u00e9nyez\u00e9s\u00e9r\u0151l<\/a><br \/>\n<a href=\"https:\/\/semmelweis.hu\/rektori-hivatal\/files\/2013\/03\/17_sz_II_28_z\u00e1r\u00f3vizsg_nyelvvizsg.pdf\" target=\"_blank\" rel=\"noopener noreferrer\">17\/2013. (II.28.) sz. hat. a z\u00e1r\u00f3vizsg\u00e1t tett, de nyelvvizsg\u00e1t nem szerzett hallgat\u00f3k oklevel\u00e9nek k\u00e9rd\u00e9s\u00e9r\u0151l<\/a><br \/>\n<a href=\"https:\/\/semmelweis.hu\/rektori-hivatal\/files\/2013\/03\/18_a_II_28_K\u00f6telezetts\u00e9gv\u00e1llal\u00e1siSzab.pdf\" target=\"_blank\" rel=\"noopener noreferrer\">18\/a\/2013. (II. 28.) sz. hat. a K\u00f6telezetts\u00e9gv\u00e1llal\u00e1si szab\u00e1lyzat m\u00f3dos\u00edt\u00e1s\u00e1r\u00f3l<\/a><br \/>\n<a href=\"https:\/\/semmelweis.hu\/rektori-hivatal\/files\/2013\/03\/18_b_II_28_K\u00f6telezetts\u00e9gv\u00e1llSzab.pdf\" target=\"_blank\" rel=\"noopener noreferrer\">18\/b\/2013. (II.28.) sz.\u00a0 hat. a Semmelweis Egyetem K\u00f6telezetts\u00e9gv\u00e1llal\u00e1si Szab\u00e1lyzat\u00e1r\u00f3l<\/a><br \/>\n<a href=\"https:\/\/semmelweis.hu\/rektori-hivatal\/files\/2013\/03\/19_a_II_28_L\u00e9tes\u00edtm\u00e9nygazdSzab.pdf\" target=\"_blank\" rel=\"noopener noreferrer\">19\/a\/2013. (II.28.) sz. hat. a L\u00e9tes\u00edtm\u00e9nygazd\u00e1lkod\u00e1si szab\u00e1lyzat m\u00f3dos\u00edt\u00e1s\u00e1r\u00f3l<\/a><br \/>\n<a href=\"https:\/\/semmelweis.hu\/rektori-hivatal\/files\/2013\/03\/19_b_II_28_L\u00e9tes\u00edtm\u00e9nygazdSzab.pdf\" target=\"_blank\" rel=\"noopener noreferrer\">19\/b\/2013. (II.28.) sz. hat. a Semmelweis Egyetem L\u00e9tes\u00edtm\u00e9nygazd\u00e1lkod\u00e1si szab\u00e1lyzat m\u00f3dos\u00edt\u00e1s\u00e1r\u00f3l<\/a><br \/>\n<a href=\"https:\/\/semmelweis.hu\/rektori-hivatal\/files\/2013\/03\/20_a_II_28_Munkav\u00e9delmiSzab.pdf\" target=\"_blank\" rel=\"noopener noreferrer\">20\/a\/2013. (II.28.) sz. hat. a Semmelweis Egyetem Munkav\u00e9delmi Szab\u00e1lyzat\u00e1r\u00f3l<\/a><br \/>\n<a href=\"https:\/\/semmelweis.hu\/rektori-hivatal\/files\/2013\/03\/20_b_sz__II_28__Munkav\u00e9delmiSzab.pdf\" target=\"_blank\" rel=\"noopener noreferrer\">20\/b\/2013. (II.28.) sz. hat. a Semmelweis Egyetem Munkav\u00e9delmi Szab\u00e1lyzat\u00e1r\u00f3l<\/a><br \/>\n<a href=\"https:\/\/semmelweis.hu\/rektori-hivatal\/files\/2013\/03\/21_a_II_28_ETK_TVSZ.pdf\" target=\"_blank\" rel=\"noopener noreferrer\">21\/a\/2013. (II.28.) sz. hat. a Semmelweis Egyetem Eg\u00e9szs\u00e9gtudom\u00e1nyi Kar Tanulm\u00e1nyi \u00e9s Vizsgaszab\u00e1lyzat\u00e1nak m\u00f3dos\u00edt\u00e1s\u00e1r\u00f3l<\/a><br \/>\n<a href=\"https:\/\/semmelweis.hu\/rektori-hivatal\/files\/2013\/03\/21_b__II_28_ETK_TVSZ.pdf\" target=\"_blank\" rel=\"noopener noreferrer\">21\/b\/2013. (II.28.) sz. hat. a Semmelweis Egyetem Eg\u00e9szs\u00e9gtudom\u00e1nyi Kar Tanulm\u00e1nyi \u00e9s Vizsgaszab\u00e1lyzat\u00e1nak m\u00f3dos\u00edt\u00e1s\u00e1r\u00f3l<\/a><br \/>\n<a href=\"https:\/\/semmelweis.hu\/rektori-hivatal\/files\/2013\/03\/22_sz_II_28_ETK_egy\u00fcttm_meg\u00e1llap.pdf\" target=\"_blank\" rel=\"noopener noreferrer\">22\/2013. (II.28.) sz. hat. az Eg\u00e9szs\u00e9gtudom\u00e1nyi Karon megk\u00f6tend\u0151 egy\u00fcttm\u0171k\u00f6d\u00e9si meg\u00e1llapod\u00e1sok j\u00f3v\u00e1hagy\u00e1s\u00e1r\u00f3l<\/a><br \/>\n<a href=\"https:\/\/semmelweis.hu\/rektori-hivatal\/files\/2013\/03\/23_sz_II_28_eg\u00e9szs\u00e9gturizmus_szervez\u0151.pdf\" target=\"_blank\" rel=\"noopener noreferrer\">23\/2013. (II.28.) sz. hat. Eg\u00e9szs\u00e9g\u00fcgyi szervez\u0151 alapszak eg\u00e9szs\u00e9gturizumus-szervez\u0151 szakir\u00e1ny ind\u00edt\u00e1s\u00e1r\u00f3l az Eg\u00e9szs\u00e9gtudom\u00e1nyi Karon<\/a><br \/>\n<a href=\"https:\/\/semmelweis.hu\/rektori-hivatal\/files\/2013\/03\/24_sz_II_28_vezet\u0151\u00f3vodapedag\u00f3gus.pdf\" target=\"_blank\" rel=\"noopener noreferrer\">24\/2013. (II.28.) sz. hat. Vezet\u0151 \u00f3vodapedag\u00f3gus szakter\u00fcleten pedag\u00f3gus szakvizsg\u00e1ra felk\u00e9sz\u00edt\u0151 szakir\u00e1ny\u00fa tov\u00e1bbk\u00e9pz\u00e9s ind\u00edt\u00e1s\u00e1r\u00f3l az Eg\u00e9szs\u00e9gtudom\u00e1nyi Karon<\/a><br \/>\n<a href=\"https:\/\/semmelweis.hu\/rektori-hivatal\/files\/2013\/03\/25_sz_II_28_Ment\u00e1lhigi\u00e9n\u00e9s_mesterszak.pdf\" target=\"_blank\" rel=\"noopener noreferrer\">25\/2013. (II.28.) sz. hat. az Eg\u00e9szs\u00e9g\u00fcgyi K\u00f6zszolg\u00e1lati Kar Ment\u00e1lhigi\u00e9n\u00e9 Int\u00e9zet &#8222;Ment\u00e1lhigi\u00e9n\u00e9s csal\u00e1dtudom\u00e1nyi \u00e9s csal\u00e1dter\u00e1pi\u00e1s mesterk\u00e9pz\u00e9si szak&#8221; k\u00e9pz\u00e9s ind\u00edt\u00e1si akkredit\u00e1ci\u00f3j\u00e1r\u00f3l<\/a><br \/>\n<a href=\"https:\/\/semmelweis.hu\/rektori-hivatal\/files\/2013\/03\/26_sz_II_28_Ment\u00e1lhigi\u00e9n\u00e9_ped.szakvizsg_szair\u00e1ny\u00fatovk\u00e9pz.pdf\" target=\"_blank\" rel=\"noopener noreferrer\">26\/2013. (II.28.) sz. hat. &#8222;Ment\u00e1lhigi\u00e9n\u00e9 ter\u00fclet\u00e9n pedag\u00f3gus szakvizsg\u00e1ra felk\u00e9sz\u00edt\u0151 szakir\u00e1ny\u00fa tov\u00e1bbk\u00e9pz\u00e9si szak&#8221; tanterv\u00e9nek \u00e9s tant\u00e1rgyprogramjainak akkredit\u00e1ci\u00f3j\u00e1r\u00f3l<\/a><br \/>\n<a href=\"https:\/\/semmelweis.hu\/rektori-hivatal\/files\/2013\/03\/27_a_sz_II_28_P\u00e9nzkezel\u00e9siSzab.pdf\" target=\"_blank\" rel=\"noopener noreferrer\">27\/a\/2013. (II.28.) sz. hat. a P\u00e9nzkezel\u00e9si szab\u00e1lyzat mell\u00e9kletei m\u00f3dos\u00edt\u00e1s\u00e1r\u00f3l<\/a><br \/>\n<a href=\"https:\/\/semmelweis.hu\/rektori-hivatal\/files\/2013\/03\/27_b_sz_P\u00e9nzkezel\u00e9siSzab.pdf\" target=\"_blank\" rel=\"noopener noreferrer\">27\/b\/2013. (II.28.) sz. hat. a Semmelweis Egyetem P\u00e9nzkezel\u00e9si szab\u00e1lyzat m\u00f3dos\u00edt\u00e1s\u00e1r\u00f3l<\/a><br \/>\n<a href=\"https:\/\/semmelweis.hu\/jogigfoig\/files\/2013\/03\/28_sz_II_28_Heviz_Nemesbuk.pdf\" target=\"_blank\" rel=\"noopener noreferrer\">28\/2013. (II.28.) sz\u00e1m\u00fa hat\u00e1rozata a H\u00e9v\u00edz-Nemesb\u00fck Projektr\u0151l sz\u00f3l\u00f3 szindik\u00e1tusi meg\u00e1llapod\u00e1sr\u00f3l<\/a><\/p>\n<p>&nbsp;<\/p>\n","protected":false},"author":12,"featured_media":0,"parent":7841,"menu_order":2,"comment_status":"open","ping_status":"open","template":"","meta":{"_acf_changed":false,"footnotes":""},"categories":[1],"tags":[],"class_list":["post-1262","page","type-page","status-publish","hentry","category-egyeb"],"acf":[],"_links":{"self":[{"href":"https:\/\/semmelweis.hu\/jogigfoig\/wp-json\/wp\/v2\/pages\/1262","targetHints":{"allow":["GET"]}}],"collection":[{"href":"https:\/\/semmelweis.hu\/jogigfoig\/wp-json\/wp\/v2\/pages"}],"about":[{"href":"https:\/\/semmelweis.hu\/jogigfoig\/wp-json\/wp\/v2\/types\/page"}],"author":[{"embeddable":true,"href":"https:\/\/semmelweis.hu\/jogigfoig\/wp-json\/wp\/v2\/users\/12"}],"replies":[{"embeddable":true,"href":"https:\/\/semmelweis.hu\/jogigfoig\/wp-json\/wp\/v2\/comments?post=1262"}],"version-history":[{"count":11,"href":"https:\/\/semmelweis.hu\/jogigfoig\/wp-json\/wp\/v2\/pages\/1262\/revisions"}],"predecessor-version":[{"id":7916,"href":"https:\/\/semmelweis.hu\/jogigfoig\/wp-json\/wp\/v2\/pages\/1262\/revisions\/7916"}],"up":[{"embeddable":true,"href":"https:\/\/semmelweis.hu\/jogigfoig\/wp-json\/wp\/v2\/pages\/7841"}],"wp:attachment":[{"href":"https:\/\/semmelweis.hu\/jogigfoig\/wp-json\/wp\/v2\/media?parent=1262"}],"wp:term":[{"taxonomy":"category","embeddable":true,"href":"https:\/\/semmelweis.hu\/jogigfoig\/wp-json\/wp\/v2\/categories?post=1262"},{"taxonomy":"post_tag","embeddable":true,"href":"https:\/\/semmelweis.hu\/jogigfoig\/wp-json\/wp\/v2\/tags?post=1262"}],"curies":[{"name":"wp","href":"https:\/\/api.w.org\/{rel}","templated":true}]}}