{"id":106030,"date":"2026-03-31T12:34:22","date_gmt":"2026-03-31T10:34:22","guid":{"rendered":"https:\/\/semmelweis.hu\/jogigfoig\/?page_id=106030"},"modified":"2026-04-01T10:32:51","modified_gmt":"2026-04-01T08:32:51","slug":"2026-marcius-25","status":"publish","type":"page","link":"https:\/\/semmelweis.hu\/jogigfoig\/testuletek\/szenatus\/2026-evi-szenatusi-hatarozatok\/2026-marcius-25\/","title":{"rendered":"2026. m\u00e1rcius 25."},"content":{"rendered":"<p style=\"text-align: justify\"><a href=\"https:\/\/semmelweis.hu\/jogigfoig\/files\/2026\/03\/20_2026_Pharma-MBA_mintatanterv-modositas.pdf\">A Semmelweis Egyetem Szen\u00e1tus\u00e1nak 20\/2026. (III.25.) sz\u00e1m\u00fa hat\u00e1rozata a Gy\u00f3gyszeripari innov\u00e1ci\u00f3 \u00e9s \u00fczleti menedzsment\/ Pharmaceutical Innovation and Business Administration mesterk\u00e9pz\u00e9si szak mintatanterv\u00e9nek m\u00f3dos\u00edt\u00e1s\u00e1r\u00f3l<\/a><\/p>\n<p style=\"text-align: justify\"><a href=\"https:\/\/semmelweis.hu\/jogigfoig\/files\/2026\/03\/20_2026_melleklet_PharmaMBA_mintatanterv.pdf\">A Semmelweis Egyetem Szen\u00e1tus\u00e1nak 20\/2026. (III.25.) sz\u00e1m\u00fa hat\u00e1rozata a Gy\u00f3gyszeripari innov\u00e1ci\u00f3 \u00e9s \u00fczleti menedzsment\/ Pharmaceutical Innovation and Business Administration mesterk\u00e9pz\u00e9si szak mintatanterv\u00e9nek m\u00f3dos\u00edt\u00e1s\u00e1r\u00f3l &#8211; 1. sz. mell\u00e9klet- mintatanterv<\/a><\/p>\n<p style=\"text-align: justify\"><a href=\"https:\/\/semmelweis.hu\/jogigfoig\/files\/2026\/03\/21_2026_NOIKK-letrehozasa.pdf\">A Semmelweis Egyetem Szen\u00e1tus\u00e1nak 21\/2026. (III.25.) sz\u00e1m\u00fa hat\u00e1rozata a Nemzeti Orvosi Innov\u00e1ci\u00f3s K\u00e9pz\u0151 K\u00f6zpont (NOIKK) \u00e9s ir\u00e1ny\u00edt\u00f3test\u00fclete l\u00e9trehoz\u00e1s\u00e1r\u00f3l<\/a><\/p>\n<p style=\"text-align: justify\"><a href=\"https:\/\/semmelweis.hu\/jogigfoig\/files\/2026\/03\/21_2026_1-sz-melleklet.pdf\">A Semmelweis Egyetem Szen\u00e1tus\u00e1nak 21\/2026. (III.25.) sz\u00e1m\u00fa hat\u00e1rozata a Nemzeti Orvosi Innov\u00e1ci\u00f3s K\u00e9pz\u0151 K\u00f6zpont (NOIKK) \u00e9s ir\u00e1ny\u00edt\u00f3test\u00fclete l\u00e9trehoz\u00e1s\u00e1r\u00f3l &#8211; 1. sz\u00e1m\u00fa mell\u00e9klet<\/a><\/p>\n<p style=\"text-align: justify\"><a href=\"https:\/\/semmelweis.hu\/jogigfoig\/files\/2026\/03\/22_2026_Szent-Rokus.pdf\">A Semmelweis Egyetem Szen\u00e1tus\u00e1nak 22\/2026. (III.25.) sz\u00e1m\u00fa hat\u00e1rozata a Semmelweis Egyetem Szakrendel\u0151 Int\u00e9zet elnevez\u00e9s\u00e9nek m\u00f3dos\u00edt\u00e1s\u00e1r\u00f3l<\/a><\/p>\n<p style=\"text-align: justify\"><a href=\"https:\/\/semmelweis.hu\/jogigfoig\/files\/2026\/03\/23_2026_godolloi-epuletek.pdf\">A Semmelweis Egyetem Szen\u00e1tus\u00e1nak 23\/2026. (III.25.) sz\u00e1m\u00fa hat\u00e1rozata a G\u00f6d\u00f6ll\u0151i Semmelweis Eg\u00e9szs\u00e9gk\u00f6zpont \u00e9p\u00fcleteinek elnevez\u00e9s\u00e9r\u0151l<\/a><\/p>\n<p style=\"text-align: justify\"><a href=\"https:\/\/semmelweis.hu\/jogigfoig\/files\/2026\/03\/24_2026_GYTB_IAB-szemelyi-osszetetelenek-modositasa.pdf\">A Semmelweis Egyetem Szen\u00e1tus\u00e1nak 24\/2026. (III.25.) sz\u00e1m\u00fa hat\u00e1rozata a Gy\u00f3gyszerter\u00e1pi\u00e1s, Antibiotikum \u00e9s Infekci\u00f3kontroll Bizotts\u00e1g (GYTB-AIB) szem\u00e9lyi \u00f6sszet\u00e9tel\u00e9nek a v\u00e1ltoz\u00e1s\u00e1r\u00f3l<\/a><\/p>\n<p style=\"text-align: justify\"><a href=\"https:\/\/semmelweis.hu\/jogigfoig\/files\/2026\/03\/25_2026_EKK-kari-SzMR-modositas.pdf\">A Semmelweis Egyetem Szen\u00e1tus\u00e1nak 25\/2026. (III.25.) sz\u00e1m\u00fa hat\u00e1rozata az Eg\u00e9szs\u00e9g\u00fcgyi K\u00f6zszolg\u00e1lati Kar Kari Szervezeti \u00e9s M\u0171k\u00f6d\u00e9si Rendj\u00e9nek m\u00f3dos\u00edt\u00e1s\u00e1r\u00f3l<\/a><\/p>\n<p style=\"text-align: justify\"><a href=\"https:\/\/semmelweis.hu\/jogigfoig\/files\/2026\/03\/25_2026_1-sz-melleklet.pdf\">A Semmelweis Egyetem Szen\u00e1tus\u00e1nak 25\/2026. (III.25.) sz\u00e1m\u00fa hat\u00e1rozata az Eg\u00e9szs\u00e9g\u00fcgyi K\u00f6zszolg\u00e1lati Kar Kari Szervezeti \u00e9s M\u0171k\u00f6d\u00e9si Rendj\u00e9nek m\u00f3dos\u00edt\u00e1s\u00e1r\u00f3l &#8211; 1. sz\u00e1m\u00fa mell\u00e9klet<\/a><\/p>\n<p style=\"text-align: justify\"><a href=\"https:\/\/semmelweis.hu\/jogigfoig\/files\/2026\/03\/26_2026_Adatstrategia_Egeszsegugyi-adatok-felhasznalasaa_MI-utemterv.pdf\">A Semmelweis Egyetem Szen\u00e1tus\u00e1nak 26\/2026. (III.25.) sz\u00e1m\u00fa hat\u00e1rozata a Semmelweis Egyetem Adatstrat\u00e9gi\u00e1j\u00e1nak, valamint az Eg\u00e9szs\u00e9g\u00fcgyi adatok m\u00e1sodlagos felhaszn\u00e1l\u00e1s\u00e1r\u00f3l sz\u00f3l\u00f3 szab\u00e1lyzat\u00e1nak, tov\u00e1bb\u00e1 a Semmelweis Egyetem Mesters\u00e9ges Intelligenci\u00e1val kapcsolatos szab\u00e1lyoz\u00e1s dokument\u00e1l\u00e1si el\u0151\u00edr\u00e1s\u00e1nak \u00e9s \u00fctemterv\u00e9nek elfogad\u00e1s\u00e1r\u00f3l<\/a><\/p>\n<p style=\"text-align: justify\"><a href=\"https:\/\/semmelweis.hu\/jogigfoig\/files\/2026\/03\/26_2026_melleklet-1_Adatstrategia.pdf\">A Semmelweis Egyetem Szen\u00e1tus\u00e1nak 26\/2026. (III.25.) sz\u00e1m\u00fa hat\u00e1rozata a Semmelweis Egyetem Adatstrat\u00e9gi\u00e1j\u00e1nak, valamint az Eg\u00e9szs\u00e9g\u00fcgyi adatok m\u00e1sodlagos felhaszn\u00e1l\u00e1s\u00e1r\u00f3l sz\u00f3l\u00f3 szab\u00e1lyzat\u00e1nak, tov\u00e1bb\u00e1 a Semmelweis Egyetem Mesters\u00e9ges Intelligenci\u00e1val kapcsolatos szab\u00e1lyoz\u00e1s dokument\u00e1l\u00e1si el\u0151\u00edr\u00e1s\u00e1nak \u00e9s \u00fctemterv\u00e9nek elfogad\u00e1s\u00e1r\u00f3l &#8211; 1. sz\u00e1m\u00fa mell\u00e9klet &#8211; Adatstrat\u00e9gia<\/a><\/p>\n<p style=\"text-align: justify\"><a href=\"https:\/\/semmelweis.hu\/jogigfoig\/files\/2026\/03\/26_2026_melleklet-2_Adathasznositasi-Szabalyzat.pdf\">A Semmelweis Egyetem Szen\u00e1tus\u00e1nak 26\/2026. (III.25.) sz\u00e1m\u00fa hat\u00e1rozata a Semmelweis Egyetem Adatstrat\u00e9gi\u00e1j\u00e1nak, valamint az Eg\u00e9szs\u00e9g\u00fcgyi adatok m\u00e1sodlagos felhaszn\u00e1l\u00e1s\u00e1r\u00f3l sz\u00f3l\u00f3 szab\u00e1lyzat\u00e1nak, tov\u00e1bb\u00e1 a Semmelweis Egyetem Mesters\u00e9ges Intelligenci\u00e1val kapcsolatos szab\u00e1lyoz\u00e1s dokument\u00e1l\u00e1si el\u0151\u00edr\u00e1s\u00e1nak \u00e9s \u00fctemterv\u00e9nek elfogad\u00e1s\u00e1r\u00f3l &#8211; 2. sz\u00e1m\u00fa mell\u00e9klet &#8211; Adathasznos\u00edt\u00e1si Szab\u00e1lyzat<\/a><\/p>\n<p style=\"text-align: justify\"><a href=\"https:\/\/semmelweis.hu\/jogigfoig\/files\/2026\/03\/26_2026_melleklet-3_MI-szabalyozas-dokumentalasi-eloirasok-es-utemterv.pdf\">A Semmelweis Egyetem Szen\u00e1tus\u00e1nak 26\/2026. (III.25.) sz\u00e1m\u00fa hat\u00e1rozata a Semmelweis Egyetem Adatstrat\u00e9gi\u00e1j\u00e1nak, valamint az Eg\u00e9szs\u00e9g\u00fcgyi adatok m\u00e1sodlagos felhaszn\u00e1l\u00e1s\u00e1r\u00f3l sz\u00f3l\u00f3 szab\u00e1lyzat\u00e1nak, tov\u00e1bb\u00e1 a Semmelweis Egyetem Mesters\u00e9ges Intelligenci\u00e1val kapcsolatos szab\u00e1lyoz\u00e1s dokument\u00e1l\u00e1si el\u0151\u00edr\u00e1s\u00e1nak \u00e9s \u00fctemterv\u00e9nek elfogad\u00e1s\u00e1r\u00f3l &#8211; 3. sz\u00e1m\u00fa mell\u00e9klet &#8211; MI szab\u00e1lyoz\u00e1si el\u0151\u00edr\u00e1sok \u00e9s \u00fctemterv<\/a><\/p>\n<p style=\"text-align: justify\"><a href=\"https:\/\/semmelweis.hu\/jogigfoig\/files\/2026\/03\/27_2026_karokon-mukodo-bizottsagok-beszamoloi.pdf\">A Semmelweis Egyetem Szen\u00e1tus\u00e1nak 27\/2026. (III.25.) sz\u00e1m\u00fa hat\u00e1rozata a Szen\u00e1tus \u00e1ltal l\u00e9trehozott, karokon m\u0171k\u00f6d\u0151 bizotts\u00e1gok munk\u00e1j\u00e1r\u00f3l sz\u00f3l\u00f3 besz\u00e1mol\u00f3 elfogad\u00e1s\u00e1r\u00f3l<\/a><\/p>\n<p style=\"text-align: justify\"><a href=\"https:\/\/semmelweis.hu\/jogigfoig\/files\/2026\/03\/28_2026_kituntetesi-szabalyzat-modositasa.pdf\">A Semmelweis Egyetem Szen\u00e1tus\u00e1nak 28\/2026. (III. 25.) sz\u00e1m\u00fa hat\u00e1rozata a Kit\u00fcntet\u00e9sek \u00e9s d\u00edjak adom\u00e1nyoz\u00e1s\u00e1r\u00f3l sz\u00f3l\u00f3 szab\u00e1lyzat m\u00f3dos\u00edt\u00e1s\u00e1r\u00f3l<\/a><\/p>\n<p><a href=\"https:\/\/semmelweis.hu\/jogigfoig\/files\/2026\/04\/28_2026_1-sz-melleklet.pdf\">A Semmelweis Egyetem Szen\u00e1tus\u00e1nak 28\/2026. (III. 25.) sz\u00e1m\u00fa hat\u00e1rozata a Kit\u00fcntet\u00e9sek \u00e9s d\u00edjak adom\u00e1nyoz\u00e1s\u00e1r\u00f3l sz\u00f3l\u00f3 szab\u00e1lyzat m\u00f3dos\u00edt\u00e1s\u00e1r\u00f3l &#8211; 1. sz\u00e1m\u00fa mell\u00e9klet<\/a><\/p>\n<p style=\"text-align: justify\"><a href=\"https:\/\/semmelweis.hu\/jogigfoig\/files\/2026\/03\/29_A_2026_SzMSz-egyes-rendelkezeseinek-modositasa_SERVITII_cim_letrehozasa.pdf\">A Semmelweis Egyetem Szen\u00e1tus\u00e1nak 29\/A\/2026. (III. 25.) sz\u00e1m\u00fa hat\u00e1rozata a Szervezeti \u00e9s M\u0171k\u00f6d\u00e9si Szab\u00e1lyzat egyes rendelkez\u00e9seinek m\u00f3dos\u00edt\u00e1s\u00e1r\u00f3l<\/a><\/p>\n<p><a href=\"https:\/\/semmelweis.hu\/jogigfoig\/files\/2026\/04\/29_A_2026_1-sz-melleklet.pdf\">A Semmelweis Egyetem Szen\u00e1tus\u00e1nak 29\/A\/2026. (III. 25.) sz\u00e1m\u00fa hat\u00e1rozata a Szervezeti \u00e9s M\u0171k\u00f6d\u00e9si Szab\u00e1lyzat egyes rendelkez\u00e9seinek m\u00f3dos\u00edt\u00e1s\u00e1r\u00f3l &#8211; 1. sz\u00e1m\u00fa mell\u00e9klet<\/a><\/p>\n<p style=\"text-align: justify\"><a href=\"https:\/\/semmelweis.hu\/jogigfoig\/files\/2026\/03\/29_B_2026_SERVITII_cim_adomanyozasa_Gerle_Janos.pdf\">A Semmelweis Egyetem Szen\u00e1tus\u00e1nak 29\/B\/2026. (III. 25.) sz\u00e1m\u00fa hat\u00e1rozata Professor Educationis et Servitii c\u00edm adom\u00e1nyoz\u00e1s\u00e1r\u00f3l<\/a><\/p>\n<p style=\"text-align: justify\"><a href=\"https:\/\/semmelweis.hu\/jogigfoig\/files\/2026\/03\/30_2026_aktualis-szemelyi-kerdesek-velemenyezeserol.pdf\">A Semmelweis Egyetem Szen\u00e1tus\u00e1nak 30\/2026. (III.25.) sz\u00e1m\u00fa hat\u00e1rozata az aktu\u00e1lis szem\u00e9lyi k\u00e9rd\u00e9sek v\u00e9lem\u00e9nyez\u00e9s\u00e9r\u0151l<\/a><\/p>\n<p><a href=\"https:\/\/semmelweis.hu\/jogigfoig\/files\/2026\/04\/31_2026_egyes-szabalyzatok-modositasarol.pdf\">A Semmelweis Egyetem Szen\u00e1tus\u00e1nak 31\/2026. (III.25.) sz\u00e1m\u00fa hat\u00e1rozata az egyes szab\u00e1lyzatok m\u00f3dos\u00edt\u00e1s\u00e1r\u00f3l<\/a><\/p>\n<p>&nbsp;<\/p>\n<p>&nbsp;<\/p>\n<p>&nbsp;<\/p>\n<p>&nbsp;<\/p>\n<p>&nbsp;<\/p>\n<p>&nbsp;<\/p>\n<p>&nbsp;<\/p>\n<p>&nbsp;<\/p>\n<p>&nbsp;<\/p>\n","protected":false},"excerpt":{"rendered":"<p><a href=\"https:\/\/semmelweis.hu\/jogigfoig\/files\/2026\/03\/20_2026_Pharma-MBA_mintatanterv-modositas.pdf\">A Semmelweis Egyetem Szen\u00e1tus\u00e1nak 20\/2026. (III.25.) sz\u00e1m\u00fa hat\u00e1rozata a Gy\u00f3gyszeripari innov\u00e1ci\u00f3 \u00e9s \u00fczleti menedzsment\/ Pharmaceutical Innovation and Business Administration mesterk\u00e9pz\u00e9si szak mintatanterv\u00e9nek m\u00f3dos\u00edt\u00e1s\u00e1r\u00f3l<\/a><br \/>\n<a href=\"https:\/\/semmelweis.hu\/jogigfoig\/files\/2026\/03\/20_2026_melleklet_PharmaMBA_mintatanterv.pdf\">A Semmelweis Egyetem Szen\u00e1tus\u00e1nak 20\/2026. (III.25.) sz\u00e1m\u00fa hat\u00e1rozata a Gy\u00f3gyszeripari innov\u00e1ci\u00f3 \u00e9s \u00fczleti menedzsment\/ Pharmaceutical Innovation and Business Administration mesterk\u00e9pz\u00e9si szak mintatanterv\u00e9nek m\u00f3dos\u00edt\u00e1s\u00e1r\u00f3l &#8211; 1. sz. mell\u00e9klet- mintatanterv<\/a><br \/>\n<a href=\"https:\/\/semmelweis.hu\/jogigfoig\/files\/2026\/03\/21_2026_NOIKK-letrehozasa.pdf\">A Semmelweis Egyetem Szen\u00e1tus\u00e1nak 21\/2026. (III.25.) sz\u00e1m\u00fa hat\u00e1rozata a Nemzeti Orvosi Innov\u00e1ci\u00f3s K\u00e9pz\u0151 K\u00f6zpont (NOIKK) \u00e9s ir\u00e1ny\u00edt\u00f3test\u00fclete l\u00e9trehoz\u00e1s\u00e1r\u00f3l<\/a><br \/>\n<a href=\"https:\/\/semmelweis.hu\/jogigfoig\/files\/2026\/03\/21_2026_1-sz-melleklet.pdf\">A Semmelweis Egyetem Szen\u00e1tus\u00e1nak 21\/2026. (III.25.) sz\u00e1m\u00fa hat\u00e1rozata a Nemzeti Orvosi Innov\u00e1ci\u00f3s K\u00e9pz\u0151 K\u00f6zpont (NOIKK) \u00e9s ir\u00e1ny\u00edt\u00f3test\u00fclete l\u00e9trehoz\u00e1s\u00e1r\u00f3l &#8211; 1. sz\u00e1m\u00fa mell\u00e9klet<\/a><br \/>\n<a href=\"https:\/\/semmelweis.hu\/jogigfoig\/files\/2026\/03\/22_2026_Szent-Rokus.pdf\">A Semmelweis Egyetem Szen\u00e1tus\u00e1nak 22\/2026. (III.25.) sz\u00e1m\u00fa hat\u00e1rozata a Semmelweis Egyetem Szakrendel\u0151 Int\u00e9zet elnevez\u00e9s\u00e9nek m\u00f3dos\u00edt\u00e1s\u00e1r\u00f3l<\/a><br \/>\n<a href=\"https:\/\/semmelweis.hu\/jogigfoig\/files\/2026\/03\/23_2026_godolloi-epuletek.pdf\">A Semmelweis Egyetem Szen\u00e1tus\u00e1nak 23\/2026. (III.25.) sz\u00e1m\u00fa hat\u00e1rozata a G\u00f6d\u00f6ll\u0151i Semmelweis Eg\u00e9szs\u00e9gk\u00f6zpont \u00e9p\u00fcleteinek elnevez\u00e9s\u00e9r\u0151l<\/a><br \/>\n<a href=\"https:\/\/semmelweis.hu\/jogigfoig\/files\/2026\/03\/24_2026_GYTB_IAB-szemelyi-osszetetelenek-modositasa.pdf\">A Semmelweis Egyetem Szen\u00e1tus\u00e1nak 24\/2026. (III.25.) sz\u00e1m\u00fa hat\u00e1rozata a Gy\u00f3gyszerter\u00e1pi\u00e1s, Antibiotikum \u00e9s Infekci\u00f3kontroll Bizotts\u00e1g (GYTB-AIB) szem\u00e9lyi \u00f6sszet\u00e9tel\u00e9nek a v\u00e1ltoz\u00e1s\u00e1r\u00f3l<\/a><br \/>\n<a href=\"https:\/\/semmelweis.hu\/jogigfoig\/files\/2026\/03\/25_2026_EKK-kari-SzMR-modositas.pdf\">A Semmelweis Egyetem Szen\u00e1tus\u00e1nak 25\/2026. (III.25.) sz\u00e1m\u00fa hat\u00e1rozata az Eg\u00e9szs\u00e9g\u00fcgyi K\u00f6zszolg\u00e1lati Kar Kari Szervezeti \u00e9s M\u0171k\u00f6d\u00e9si Rendj\u00e9nek m\u00f3dos\u00edt\u00e1s\u00e1r\u00f3l<\/a><br \/>\n<a href=\"https:\/\/semmelweis.hu\/jogigfoig\/files\/2026\/03\/25_2026_1-sz-melleklet.pdf\">A Semmelweis Egyetem Szen\u00e1tus\u00e1nak 25\/2026. (III.25.) sz\u00e1m\u00fa hat\u00e1rozata az Eg\u00e9szs\u00e9g\u00fcgyi K\u00f6zszolg\u00e1lati Kar Kari Szervezeti \u00e9s M\u0171k\u00f6d\u00e9si Rendj\u00e9nek m\u00f3dos\u00edt\u00e1s\u00e1r\u00f3l &#8211; 1. sz\u00e1m\u00fa mell\u00e9klet<\/a><br \/>\n<a href=\"https:\/\/semmelweis.hu\/jogigfoig\/files\/2026\/03\/26_2026_Adatstrategia_Egeszsegugyi-adatok-felhasznalasaa_MI-utemterv.pdf\">A Semmelweis Egyetem Szen\u00e1tus\u00e1nak 26\/2026. (III.25.) sz\u00e1m\u00fa hat\u00e1rozata a Semmelweis Egyetem Adatstrat\u00e9gi\u00e1j\u00e1nak, valamint az Eg\u00e9szs\u00e9g\u00fcgyi adatok m\u00e1sodlagos felhaszn\u00e1l\u00e1s\u00e1r\u00f3l sz\u00f3l\u00f3 szab\u00e1lyzat\u00e1nak, tov\u00e1bb\u00e1 a Semmelweis Egyetem Mesters\u00e9ges Intelligenci\u00e1val kapcsolatos szab\u00e1lyoz\u00e1s dokument\u00e1l\u00e1si el\u0151\u00edr\u00e1s\u00e1nak \u00e9s \u00fctemterv\u00e9nek elfogad\u00e1s\u00e1r\u00f3l<\/a><br \/>\n<a href=\"https:\/\/semmelweis.hu\/jogigfoig\/files\/2026\/03\/26_2026_melleklet-1_Adatstrategia.pdf\">A Semmelweis Egyetem Szen\u00e1tus\u00e1nak 26\/2026. (III.25.) sz\u00e1m\u00fa hat\u00e1rozata a Semmelweis Egyetem Adatstrat\u00e9gi\u00e1j\u00e1nak, valamint az Eg\u00e9szs\u00e9g\u00fcgyi adatok m\u00e1sodlagos felhaszn\u00e1l\u00e1s\u00e1r\u00f3l sz\u00f3l\u00f3 szab\u00e1lyzat\u00e1nak, tov\u00e1bb\u00e1 a Semmelweis Egyetem Mesters\u00e9ges Intelligenci\u00e1val kapcsolatos szab\u00e1lyoz\u00e1s dokument\u00e1l\u00e1si el\u0151\u00edr\u00e1s\u00e1nak \u00e9s \u00fctemterv\u00e9nek elfogad\u00e1s\u00e1r\u00f3l &#8211; 1. sz\u00e1m\u00fa mell\u00e9klet &#8211; Adatstrat\u00e9gia<\/a><br \/>\n<a href=\"https:\/\/semmelweis.hu\/jogigfoig\/files\/2026\/03\/26_2026_melleklet-2_Adathasznositasi-Szabalyzat.pdf\">A Semmelweis Egyetem Szen\u00e1tus\u00e1nak 26\/2026. (III.25.) sz\u00e1m\u00fa hat\u00e1rozata a Semmelweis Egyetem Adatstrat\u00e9gi\u00e1j\u00e1nak, valamint az Eg\u00e9szs\u00e9g\u00fcgyi adatok m\u00e1sodlagos felhaszn\u00e1l\u00e1s\u00e1r\u00f3l sz\u00f3l\u00f3 szab\u00e1lyzat\u00e1nak, tov\u00e1bb\u00e1 a Semmelweis Egyetem Mesters\u00e9ges Intelligenci\u00e1val kapcsolatos szab\u00e1lyoz\u00e1s dokument\u00e1l\u00e1si el\u0151\u00edr\u00e1s\u00e1nak \u00e9s \u00fctemterv\u00e9nek elfogad\u00e1s\u00e1r\u00f3l &#8211; 2. sz\u00e1m\u00fa mell\u00e9klet &#8211; Adathasznos\u00edt\u00e1si Szab\u00e1lyzat<\/a><br \/>\n<a href=\"https:\/\/semmelweis.hu\/jogigfoig\/files\/2026\/03\/26_2026_melleklet-3_MI-szabalyozas-dokumentalasi-eloirasok-es-utemterv.pdf\">A Semmelweis Egyetem Szen\u00e1tus\u00e1nak 26\/2026. (III.25.) sz\u00e1m\u00fa hat\u00e1rozata a Semmelweis Egyetem Adatstrat\u00e9gi\u00e1j\u00e1nak, valamint az Eg\u00e9szs\u00e9g\u00fcgyi adatok m\u00e1sodlagos felhaszn\u00e1l\u00e1s\u00e1r\u00f3l sz\u00f3l\u00f3 szab\u00e1lyzat\u00e1nak, tov\u00e1bb\u00e1 a Semmelweis Egyetem Mesters\u00e9ges Intelligenci\u00e1val kapcsolatos szab\u00e1lyoz\u00e1s dokument\u00e1l\u00e1si el\u0151\u00edr\u00e1s\u00e1nak \u00e9s \u00fctemterv\u00e9nek elfogad\u00e1s\u00e1r\u00f3l &#8211; 3. sz\u00e1m\u00fa mell\u00e9klet &#8211; MI szab\u00e1lyoz\u00e1si el\u0151\u00edr\u00e1sok \u00e9s \u00fctemterv<\/a><br \/>\n<a href=\"https:\/\/semmelweis.hu\/jogigfoig\/files\/2026\/03\/27_2026_karokon-mukodo-bizottsagok-beszamoloi.pdf\">A Semmelweis Egyetem Szen\u00e1tus\u00e1nak 27\/2026. (III.25.) sz\u00e1m\u00fa hat\u00e1rozata a Szen\u00e1tus \u00e1ltal l\u00e9trehozott, karokon m\u0171k\u00f6d\u0151 bizotts\u00e1gok munk\u00e1j\u00e1r\u00f3l sz\u00f3l\u00f3 besz\u00e1mol\u00f3 elfogad\u00e1s\u00e1r\u00f3l<\/a><br \/>\n<a href=\"https:\/\/semmelweis.hu\/jogigfoig\/files\/2026\/03\/28_2026_kituntetesi-szabalyzat-modositasa.pdf\">A Semmelweis Egyetem Szen\u00e1tus\u00e1nak 28\/2026. (III. 25.) sz\u00e1m\u00fa hat\u00e1rozata a Kit\u00fcntet\u00e9sek \u00e9s d\u00edjak adom\u00e1nyoz\u00e1s\u00e1r\u00f3l sz\u00f3l\u00f3 szab\u00e1lyzat m\u00f3dos\u00edt\u00e1s\u00e1r\u00f3l<\/a><br \/>\n<a href=\"https:\/\/semmelweis.hu\/jogigfoig\/files\/2026\/04\/28_2026_1-sz-melleklet.pdf\">A Semmelweis Egyetem Szen\u00e1tus\u00e1nak 28\/2026. (III. 25.) sz\u00e1m\u00fa hat\u00e1rozata a Kit\u00fcntet\u00e9sek \u00e9s d\u00edjak adom\u00e1nyoz\u00e1s\u00e1r\u00f3l sz\u00f3l\u00f3 szab\u00e1lyzat m\u00f3dos\u00edt\u00e1s\u00e1r\u00f3l &#8211; 1. sz\u00e1m\u00fa mell\u00e9klet<\/a><br \/>\n<a href=\"https:\/\/semmelweis.hu\/jogigfoig\/files\/2026\/03\/29_A_2026_SzMSz-egyes-rendelkezeseinek-modositasa_SERVITII_cim_letrehozasa.pdf\">A Semmelweis Egyetem Szen\u00e1tus\u00e1nak 29\/A\/2026. (III. 25.) sz\u00e1m\u00fa hat\u00e1rozata a Szervezeti \u00e9s M\u0171k\u00f6d\u00e9si Szab\u00e1lyzat egyes rendelkez\u00e9seinek m\u00f3dos\u00edt\u00e1s\u00e1r\u00f3l<\/a><br \/>\n<a href=\"https:\/\/semmelweis.hu\/jogigfoig\/files\/2026\/04\/29_A_2026_1-sz-melleklet.pdf\">A Semmelweis Egyetem Szen\u00e1tus\u00e1nak 29\/A\/2026. (III. 25.) sz\u00e1m\u00fa hat\u00e1rozata a Szervezeti \u00e9s M\u0171k\u00f6d\u00e9si Szab\u00e1lyzat egyes rendelkez\u00e9seinek m\u00f3dos\u00edt\u00e1s\u00e1r\u00f3l &#8211; 1. sz\u00e1m\u00fa mell\u00e9klet<\/a><br \/>\n<a href=\"https:\/\/semmelweis.hu\/jogigfoig\/files\/2026\/03\/29_B_2026_SERVITII_cim_adomanyozasa_Gerle_Janos.pdf\">A Semmelweis Egyetem Szen\u00e1tus\u00e1nak 29\/B\/2026. (III. 25.) sz\u00e1m\u00fa hat\u00e1rozata Professor Educationis et Servitii c\u00edm adom\u00e1nyoz\u00e1s\u00e1r\u00f3l<\/a><br \/>\n<a href=\"https:\/\/semmelweis.hu\/jogigfoig\/files\/2026\/03\/30_2026_aktualis-szemelyi-kerdesek-velemenyezeserol.pdf\">A Semmelweis Egyetem Szen\u00e1tus\u00e1nak 30\/2026. (III.25.) sz\u00e1m\u00fa hat\u00e1rozata az aktu\u00e1lis szem\u00e9lyi k\u00e9rd\u00e9sek v\u00e9lem\u00e9nyez\u00e9s\u00e9r\u0151l<\/a><br \/>\n<a href=\"https:\/\/semmelweis.hu\/jogigfoig\/files\/2026\/04\/31_2026_egyes-szabalyzatok-modositasarol.pdf\">A Semmelweis Egyetem Szen\u00e1tus\u00e1nak 31\/2026. (III.25.) sz\u00e1m\u00fa hat\u00e1rozata az egyes szab\u00e1lyzatok m\u00f3dos\u00edt\u00e1s\u00e1r\u00f3l<\/a><br \/>\n&nbsp;<br \/>\n&nbsp;<br \/>\n&nbsp;<br \/>\n&nbsp;<br \/>\n&nbsp;<br \/>\n&nbsp;<br \/>\n&nbsp;<br \/>\n&nbsp;<br \/>\n&nbsp;<\/p>\n","protected":false},"author":102029,"featured_media":0,"parent":103886,"menu_order":148,"comment_status":"closed","ping_status":"closed","template":"","meta":{"_acf_changed":false,"footnotes":""},"categories":[],"tags":[],"class_list":["post-106030","page","type-page","status-publish","hentry"],"acf":[],"_links":{"self":[{"href":"https:\/\/semmelweis.hu\/jogigfoig\/wp-json\/wp\/v2\/pages\/106030","targetHints":{"allow":["GET"]}}],"collection":[{"href":"https:\/\/semmelweis.hu\/jogigfoig\/wp-json\/wp\/v2\/pages"}],"about":[{"href":"https:\/\/semmelweis.hu\/jogigfoig\/wp-json\/wp\/v2\/types\/page"}],"author":[{"embeddable":true,"href":"https:\/\/semmelweis.hu\/jogigfoig\/wp-json\/wp\/v2\/users\/102029"}],"replies":[{"embeddable":true,"href":"https:\/\/semmelweis.hu\/jogigfoig\/wp-json\/wp\/v2\/comments?post=106030"}],"version-history":[{"count":4,"href":"https:\/\/semmelweis.hu\/jogigfoig\/wp-json\/wp\/v2\/pages\/106030\/revisions"}],"predecessor-version":[{"id":106082,"href":"https:\/\/semmelweis.hu\/jogigfoig\/wp-json\/wp\/v2\/pages\/106030\/revisions\/106082"}],"up":[{"embeddable":true,"href":"https:\/\/semmelweis.hu\/jogigfoig\/wp-json\/wp\/v2\/pages\/103886"}],"wp:attachment":[{"href":"https:\/\/semmelweis.hu\/jogigfoig\/wp-json\/wp\/v2\/media?parent=106030"}],"wp:term":[{"taxonomy":"category","embeddable":true,"href":"https:\/\/semmelweis.hu\/jogigfoig\/wp-json\/wp\/v2\/categories?post=106030"},{"taxonomy":"post_tag","embeddable":true,"href":"https:\/\/semmelweis.hu\/jogigfoig\/wp-json\/wp\/v2\/tags?post=106030"}],"curies":[{"name":"wp","href":"https:\/\/api.w.org\/{rel}","templated":true}]}}