{"id":103460,"date":"2025-12-13T09:10:35","date_gmt":"2025-12-13T08:10:35","guid":{"rendered":"https:\/\/semmelweis.hu\/jogigfoig\/?page_id=103460"},"modified":"2025-12-13T09:13:35","modified_gmt":"2025-12-13T08:13:35","slug":"2025-december-11","status":"publish","type":"page","link":"https:\/\/semmelweis.hu\/jogigfoig\/testuletek\/szenatus\/2025-evi-szenatusi-hatarozatok\/2025-december-11\/","title":{"rendered":"2025. december 11."},"content":{"rendered":"<p><a href=\"https:\/\/semmelweis.hu\/jogigfoig\/files\/2025\/12\/117_2025_VM-ingatlan-megvasarlasa.pdf\">A Semmelweis Egyetem Szen\u00e1tus\u00e1nak 117\/2025. (XII.11.) sz\u00e1m\u00fa hat\u00e1rozata A tulajdoni lap szerint term\u00e9szetben: 1122 Budapest, V\u00e1rosmajor utca 64-66. sz\u00e1m alatti ingatlan t\u00f6mbben, 1122 Budapest, V\u00e1rosmajor utca 66. II.1. sz\u00e1m alatt tal\u00e1lhat\u00f3 65844\/36000000-od ingatlan illet\u0151s\u00e9g \u00e9s a hozz\u00e1 tartoz\u00f3 16 m\u00b2 alapter\u00fclet\u0171 gar\u00e1zs megv\u00e1s\u00e1rl\u00e1s\u00e1r\u00f3l<\/a><\/p>\n","protected":false},"excerpt":{"rendered":"<p><a href=\"https:\/\/semmelweis.hu\/jogigfoig\/files\/2025\/12\/117_2025_VM-ingatlan-megvasarlasa.pdf\">A Semmelweis Egyetem Szen\u00e1tus\u00e1nak 117\/2025. (XII.11.) sz\u00e1m\u00fa hat\u00e1rozata A tulajdoni lap szerint term\u00e9szetben: 1122 Budapest, V\u00e1rosmajor utca 64-66. sz\u00e1m alatti ingatlan t\u00f6mbben, 1122 Budapest, V\u00e1rosmajor utca 66. II.1. sz\u00e1m alatt tal\u00e1lhat\u00f3 65844\/36000000-od ingatlan illet\u0151s\u00e9g \u00e9s a hozz\u00e1 tartoz\u00f3 16 m\u00b2 alapter\u00fclet\u0171 gar\u00e1zs megv\u00e1s\u00e1rl\u00e1s\u00e1r\u00f3l<\/a><\/p>\n","protected":false},"author":102029,"featured_media":0,"parent":96382,"menu_order":60,"comment_status":"closed","ping_status":"closed","template":"","meta":{"_acf_changed":false,"footnotes":""},"categories":[],"tags":[],"class_list":["post-103460","page","type-page","status-publish","hentry"],"acf":[],"_links":{"self":[{"href":"https:\/\/semmelweis.hu\/jogigfoig\/wp-json\/wp\/v2\/pages\/103460","targetHints":{"allow":["GET"]}}],"collection":[{"href":"https:\/\/semmelweis.hu\/jogigfoig\/wp-json\/wp\/v2\/pages"}],"about":[{"href":"https:\/\/semmelweis.hu\/jogigfoig\/wp-json\/wp\/v2\/types\/page"}],"author":[{"embeddable":true,"href":"https:\/\/semmelweis.hu\/jogigfoig\/wp-json\/wp\/v2\/users\/102029"}],"replies":[{"embeddable":true,"href":"https:\/\/semmelweis.hu\/jogigfoig\/wp-json\/wp\/v2\/comments?post=103460"}],"version-history":[{"count":1,"href":"https:\/\/semmelweis.hu\/jogigfoig\/wp-json\/wp\/v2\/pages\/103460\/revisions"}],"predecessor-version":[{"id":103461,"href":"https:\/\/semmelweis.hu\/jogigfoig\/wp-json\/wp\/v2\/pages\/103460\/revisions\/103461"}],"up":[{"embeddable":true,"href":"https:\/\/semmelweis.hu\/jogigfoig\/wp-json\/wp\/v2\/pages\/96382"}],"wp:attachment":[{"href":"https:\/\/semmelweis.hu\/jogigfoig\/wp-json\/wp\/v2\/media?parent=103460"}],"wp:term":[{"taxonomy":"category","embeddable":true,"href":"https:\/\/semmelweis.hu\/jogigfoig\/wp-json\/wp\/v2\/categories?post=103460"},{"taxonomy":"post_tag","embeddable":true,"href":"https:\/\/semmelweis.hu\/jogigfoig\/wp-json\/wp\/v2\/tags?post=103460"}],"curies":[{"name":"wp","href":"https:\/\/api.w.org\/{rel}","templated":true}]}}