{"id":1020,"date":"2013-02-11T14:08:35","date_gmt":"2013-02-11T14:08:35","guid":{"rendered":"http:\/\/semmelweis-egyetem.hu\/rektori-hivatal\/?page_id=1020"},"modified":"2020-02-13T09:40:28","modified_gmt":"2020-02-13T08:40:28","slug":"2013-januar-31","status":"publish","type":"page","link":"https:\/\/semmelweis.hu\/jogigfoig\/testuletek\/szenatus\/2013-evi-szenatusi-hatarozatok\/2013-januar-31\/","title":{"rendered":"2013. janu\u00e1r 31."},"content":{"rendered":"<ul>\n<li style=\"text-align: justify\"><a href=\"https:\/\/semmelweis.hu\/rektori-hivatal\/files\/2013\/02\/N_I_31_napirend_elfog.pdf\" target=\"_blank\" rel=\"noopener noreferrer\">N-I. 31\/2013. sz. hat. A szen\u00e1tusi \u00fcl\u00e9s napirendi pontjainak elfogad\u00e1s\u00e1r\u00f3l<\/a><\/li>\n<li style=\"text-align: justify\"><a href=\"https:\/\/semmelweis.hu\/rektori-hivatal\/files\/2013\/02\/1_sz_I_31_stratfoig_szen\u00e1tusitags\u00e1g.pdf\" target=\"_blank\" rel=\"noopener noreferrer\">1\/2013. (I.31.) sz. hat. A strat\u00e9giai \u00e9s m\u0171k\u00f6d\u00e9sfejleszt\u00e9si f\u0151igazgat\u00f3 szen\u00e1tusi tagg\u00e1 v\u00e1laszt\u00e1s\u00e1r\u00f3l<\/a><\/li>\n<li style=\"text-align: justify\"><a href=\"https:\/\/semmelweis.hu\/rektori-hivatal\/files\/2013\/02\/2_sz_I_31_munkaterv.pdf\" target=\"_blank\" rel=\"noopener noreferrer\">2\/2013. (I.31.) sz. hat. A Szen\u00e1tus 2013. I. f\u00e9l\u00e9vi (tavaszi szemeszter) \u00fcl\u00e9s- \u00e9s munkaterv\u00e9nek elfogad\u00e1s\u00e1r\u00f3l<\/a><\/li>\n<li style=\"text-align: justify\"><a href=\"https:\/\/semmelweis.hu\/jogigfoig\/files\/2013\/02\/3_sz_I_31_KTDN.pdf\" target=\"_blank\" rel=\"noopener noreferrer\">3\/2013. (I.31.) sz\u00e1m\u00fa hat\u00e1rozata a &#8222;Semmelweis Egyetem Kiv\u00e1l\u00f3 Tudom\u00e1nyos Di\u00e1kk\u00f6ri Nevel\u0151je&#8221; kit\u00fcntet\u0151 c\u00edm adom\u00e1nyoz\u00e1s\u00e1r\u00f3l<\/a><\/li>\n<li style=\"text-align: justify\"><a href=\"https:\/\/semmelweis.hu\/jogigfoig\/files\/2013\/02\/4_sz_I_31_Jo_tanulo_Jo_sportolo.pdf\" target=\"_blank\" rel=\"noopener noreferrer\">4\/2013. (I.31.) sz\u00e1m\u00fa hat\u00e1rozata a &#8222;J\u00f3 tanul\u00f3, j\u00f3 sportol\u00f3&#8221; kit\u00fcntet\u0151 c\u00edmek oda\u00edt\u00e9l\u00e9s\u00e9r\u0151l<\/a><\/li>\n<li style=\"text-align: justify\"><a href=\"https:\/\/semmelweis.hu\/jogigfoig\/files\/2013\/02\/5_sz_I_31_egy_tanari.pdf\" target=\"_blank\" rel=\"noopener noreferrer\">5\/2013. (I.31.) sz\u00e1m\u00fa hat\u00e1rozata a 2013. \u00e9vre meghirdetett egyetemi tan\u00e1ri \u00e1ll\u00e1shelyekre be\u00e9rkezett p\u00e1ly\u00e1zatok v\u00e9lem\u00e9nyez\u00e9s\u00e9r\u0151l<\/a><\/li>\n<li style=\"text-align: justify\"><a href=\"https:\/\/semmelweis.hu\/rektori-hivatal\/files\/2013\/02\/6_sz_I_31_ETK_egyttm\u0171kmeg\u00e1ll.pdf\" target=\"_blank\" rel=\"noopener noreferrer\">6\/2013. (I.31.) sz. hat. Az Eg\u00e9szs\u00e9gtudom\u00e1nyi Karon megk\u00f6tend\u0151 egy\u00fcttm\u0171k\u00f6d\u00e9si meg\u00e1llapod\u00e1sok j\u00f3v\u00e1hagy\u00e1s\u00e1r\u00f3l<\/a><\/li>\n<li style=\"text-align: justify\"><a href=\"https:\/\/semmelweis.hu\/rektori-hivatal\/files\/2013\/02\/7_sz_I_31_ETKbizotts\u00e1gok.pdf\" target=\"_blank\" rel=\"noopener noreferrer\">7\/2013. (I.31.) sz. hat. Az Eg\u00e9szs\u00e9gtudom\u00e1nyi Kar bizotts\u00e1gainak szem\u00e9lyi \u00f6sszet\u00e9tel\u00e9nek meg\u00faj\u00edt\u00e1s\u00e1r\u00f3l<\/a><\/li>\n<li style=\"text-align: justify\"><a href=\"https:\/\/semmelweis.hu\/rektori-hivatal\/files\/2013\/02\/8_sz_I_31_Beszerz\u00e9si_Innov\u00e1ci\u00f3s.pdf\" target=\"_blank\" rel=\"noopener noreferrer\">8\/2013. (I.31.) sz. hat. A Semmelweis Egyetem Beszerz\u00e9si Kft. \u00e9s a Semmelweis P\u00e1ly\u00e1zati \u00e9s Innov\u00e1ci\u00f3s K\u00f6zpont Kft. egyetemi strukt\u00far\u00e1ba von\u00e1s\u00e1r\u00f3l<\/a><\/li>\n<li style=\"text-align: justify\"><a href=\"https:\/\/semmelweis.hu\/rektori-hivatal\/files\/2013\/02\/9_a_sz_I_31_P\u00e9zkezel\u00e9siSzab.pdf\" target=\"_blank\" rel=\"noopener noreferrer\">9\/a\/2013. (I.31.) sz. hat. A P\u00e9nzkezel\u00e9si szab\u00e1lyzat m\u00f3dos\u00edt\u00e1s\u00e1r\u00f3l<\/a><\/li>\n<li style=\"text-align: justify\"><a href=\"https:\/\/semmelweis.hu\/rektori-hivatal\/files\/2013\/02\/9_b_sz_I_31_P\u00e9nzkezel\u00e9siSzab.pdf\" target=\"_blank\" rel=\"noopener noreferrer\">9\/b\/2013. (I.31.) sz. hat. A P\u00e9nzkezel\u00e9si szab\u00e1lyzat m\u00f3dos\u00edt\u00e1s\u00e1r\u00f3l<\/a><\/li>\n<li style=\"text-align: justify\"><a href=\"https:\/\/semmelweis.hu\/rektori-hivatal\/files\/2013\/02\/10_sz_I_31_gazd.tan\u00e1cs.pdf\" target=\"_blank\" rel=\"noopener noreferrer\">10\/2013. (I.31.) sz. hat. Gazdas\u00e1gi tan\u00e1cs l\u00e9trehoz\u00e1s\u00e1r\u00f3l<\/a><\/li>\n<li style=\"text-align: justify\"><a href=\"https:\/\/semmelweis.hu\/rektori-hivatal\/files\/2013\/02\/11_a_sz_I_31_hat_FelvSzab.pdf\" target=\"_blank\" rel=\"noopener noreferrer\">11\/a\/2013. (I.31.) sz. hat. A Felv\u00e9teli Szab\u00e1lyzat m\u00f3dos\u00edt\u00e1s\u00e1r\u00f3l<\/a><\/li>\n<li style=\"text-align: justify\"><a href=\"https:\/\/semmelweis.hu\/rektori-hivatal\/files\/2013\/02\/11_b_sz_I_31_hat_FelvSzab.pdf\" target=\"_blank\" rel=\"noopener noreferrer\">11\/b\/2013. (I.31.) sz. hat. A Semmelweis Egyetem Felv\u00e9teli Szab\u00e1lyzat\u00e1nak m\u00f3dos\u00edt\u00e1s\u00e1r\u00f3l<\/a><\/li>\n<\/ul>\n<p>&nbsp;<\/p>\n","protected":false},"excerpt":{"rendered":"<p><a href=\"https:\/\/semmelweis.hu\/rektori-hivatal\/files\/2013\/02\/N_I_31_napirend_elfog.pdf\" target=\"_blank\" rel=\"noopener noreferrer\">N-I. 31\/2013. sz. hat. A szen\u00e1tusi \u00fcl\u00e9s napirendi pontjainak elfogad\u00e1s\u00e1r\u00f3l<\/a><br \/>\n<a href=\"https:\/\/semmelweis.hu\/rektori-hivatal\/files\/2013\/02\/1_sz_I_31_stratfoig_szen\u00e1tusitags\u00e1g.pdf\" target=\"_blank\" rel=\"noopener noreferrer\">1\/2013. (I.31.) sz. hat. A strat\u00e9giai \u00e9s m\u0171k\u00f6d\u00e9sfejleszt\u00e9si f\u0151igazgat\u00f3 szen\u00e1tusi tagg\u00e1 v\u00e1laszt\u00e1s\u00e1r\u00f3l<\/a><br \/>\n<a href=\"https:\/\/semmelweis.hu\/rektori-hivatal\/files\/2013\/02\/2_sz_I_31_munkaterv.pdf\" target=\"_blank\" rel=\"noopener noreferrer\">2\/2013. (I.31.) sz. hat. A Szen\u00e1tus 2013. I. f\u00e9l\u00e9vi (tavaszi szemeszter) \u00fcl\u00e9s- \u00e9s munkaterv\u00e9nek elfogad\u00e1s\u00e1r\u00f3l<\/a><br \/>\n<a href=\"https:\/\/semmelweis.hu\/jogigfoig\/files\/2013\/02\/3_sz_I_31_KTDN.pdf\" target=\"_blank\" rel=\"noopener noreferrer\">3\/2013. (I.31.) sz\u00e1m\u00fa hat\u00e1rozata a &#8222;Semmelweis Egyetem Kiv\u00e1l\u00f3 Tudom\u00e1nyos Di\u00e1kk\u00f6ri Nevel\u0151je&#8221; kit\u00fcntet\u0151 c\u00edm adom\u00e1nyoz\u00e1s\u00e1r\u00f3l<\/a><br \/>\n<a href=\"https:\/\/semmelweis.hu\/jogigfoig\/files\/2013\/02\/4_sz_I_31_Jo_tanulo_Jo_sportolo.pdf\" target=\"_blank\" rel=\"noopener noreferrer\">4\/2013. (I.31.) sz\u00e1m\u00fa hat\u00e1rozata a &#8222;J\u00f3 tanul\u00f3, j\u00f3 sportol\u00f3&#8221; kit\u00fcntet\u0151 c\u00edmek oda\u00edt\u00e9l\u00e9s\u00e9r\u0151l<\/a><br \/>\n<a href=\"https:\/\/semmelweis.hu\/jogigfoig\/files\/2013\/02\/5_sz_I_31_egy_tanari.pdf\" target=\"_blank\" rel=\"noopener noreferrer\">5\/2013. (I.31.) sz\u00e1m\u00fa hat\u00e1rozata a 2013. \u00e9vre meghirdetett egyetemi tan\u00e1ri \u00e1ll\u00e1shelyekre be\u00e9rkezett p\u00e1ly\u00e1zatok v\u00e9lem\u00e9nyez\u00e9s\u00e9r\u0151l<\/a><br \/>\n<a href=\"https:\/\/semmelweis.hu\/rektori-hivatal\/files\/2013\/02\/6_sz_I_31_ETK_egyttm\u0171kmeg\u00e1ll.pdf\" target=\"_blank\" rel=\"noopener noreferrer\">6\/2013. (I.31.) sz. hat. Az Eg\u00e9szs\u00e9gtudom\u00e1nyi Karon megk\u00f6tend\u0151 egy\u00fcttm\u0171k\u00f6d\u00e9si meg\u00e1llapod\u00e1sok j\u00f3v\u00e1hagy\u00e1s\u00e1r\u00f3l<\/a><br \/>\n<a href=\"https:\/\/semmelweis.hu\/rektori-hivatal\/files\/2013\/02\/7_sz_I_31_ETKbizotts\u00e1gok.pdf\" target=\"_blank\" rel=\"noopener noreferrer\">7\/2013. (I.31.) sz. hat. Az Eg\u00e9szs\u00e9gtudom\u00e1nyi Kar bizotts\u00e1gainak szem\u00e9lyi \u00f6sszet\u00e9tel\u00e9nek meg\u00faj\u00edt\u00e1s\u00e1r\u00f3l<\/a><br \/>\n<a href=\"https:\/\/semmelweis.hu\/rektori-hivatal\/files\/2013\/02\/8_sz_I_31_Beszerz\u00e9si_Innov\u00e1ci\u00f3s.pdf\" target=\"_blank\" rel=\"noopener noreferrer\">8\/2013. (I.31.) sz. hat. A Semmelweis Egyetem Beszerz\u00e9si Kft. \u00e9s a Semmelweis P\u00e1ly\u00e1zati \u00e9s Innov\u00e1ci\u00f3s K\u00f6zpont Kft. egyetemi strukt\u00far\u00e1ba von\u00e1s\u00e1r\u00f3l<\/a><br \/>\n<a href=\"https:\/\/semmelweis.hu\/rektori-hivatal\/files\/2013\/02\/9_a_sz_I_31_P\u00e9zkezel\u00e9siSzab.pdf\" target=\"_blank\" rel=\"noopener noreferrer\">9\/a\/2013. (I.31.) sz. hat. A P\u00e9nzkezel\u00e9si szab\u00e1lyzat m\u00f3dos\u00edt\u00e1s\u00e1r\u00f3l<\/a><br \/>\n<a href=\"https:\/\/semmelweis.hu\/rektori-hivatal\/files\/2013\/02\/9_b_sz_I_31_P\u00e9nzkezel\u00e9siSzab.pdf\" target=\"_blank\" rel=\"noopener noreferrer\">9\/b\/2013. (I.31.) sz. hat. A P\u00e9nzkezel\u00e9si szab\u00e1lyzat m\u00f3dos\u00edt\u00e1s\u00e1r\u00f3l<\/a><br \/>\n<a href=\"https:\/\/semmelweis.hu\/rektori-hivatal\/files\/2013\/02\/10_sz_I_31_gazd.tan\u00e1cs.pdf\" target=\"_blank\" rel=\"noopener noreferrer\">10\/2013. (I.31.) sz. hat. Gazdas\u00e1gi tan\u00e1cs l\u00e9trehoz\u00e1s\u00e1r\u00f3l<\/a><br \/>\n<a href=\"https:\/\/semmelweis.hu\/rektori-hivatal\/files\/2013\/02\/11_a_sz_I_31_hat_FelvSzab.pdf\" target=\"_blank\" rel=\"noopener noreferrer\">11\/a\/2013. (I.31.) sz. hat. A Felv\u00e9teli Szab\u00e1lyzat m\u00f3dos\u00edt\u00e1s\u00e1r\u00f3l<\/a><br \/>\n<a href=\"https:\/\/semmelweis.hu\/rektori-hivatal\/files\/2013\/02\/11_b_sz_I_31_hat_FelvSzab.pdf\" target=\"_blank\" rel=\"noopener noreferrer\">11\/b\/2013. (I.31.) sz. hat. A Semmelweis Egyetem Felv\u00e9teli Szab\u00e1lyzat\u00e1nak m\u00f3dos\u00edt\u00e1s\u00e1r\u00f3l<\/a><\/p>\n<p>&nbsp;<\/p>\n","protected":false},"author":12,"featured_media":0,"parent":7841,"menu_order":1,"comment_status":"open","ping_status":"open","template":"","meta":{"_acf_changed":false,"footnotes":""},"categories":[1],"tags":[],"class_list":["post-1020","page","type-page","status-publish","hentry","category-egyeb"],"acf":[],"_links":{"self":[{"href":"https:\/\/semmelweis.hu\/jogigfoig\/wp-json\/wp\/v2\/pages\/1020","targetHints":{"allow":["GET"]}}],"collection":[{"href":"https:\/\/semmelweis.hu\/jogigfoig\/wp-json\/wp\/v2\/pages"}],"about":[{"href":"https:\/\/semmelweis.hu\/jogigfoig\/wp-json\/wp\/v2\/types\/page"}],"author":[{"embeddable":true,"href":"https:\/\/semmelweis.hu\/jogigfoig\/wp-json\/wp\/v2\/users\/12"}],"replies":[{"embeddable":true,"href":"https:\/\/semmelweis.hu\/jogigfoig\/wp-json\/wp\/v2\/comments?post=1020"}],"version-history":[{"count":10,"href":"https:\/\/semmelweis.hu\/jogigfoig\/wp-json\/wp\/v2\/pages\/1020\/revisions"}],"predecessor-version":[{"id":7917,"href":"https:\/\/semmelweis.hu\/jogigfoig\/wp-json\/wp\/v2\/pages\/1020\/revisions\/7917"}],"up":[{"embeddable":true,"href":"https:\/\/semmelweis.hu\/jogigfoig\/wp-json\/wp\/v2\/pages\/7841"}],"wp:attachment":[{"href":"https:\/\/semmelweis.hu\/jogigfoig\/wp-json\/wp\/v2\/media?parent=1020"}],"wp:term":[{"taxonomy":"category","embeddable":true,"href":"https:\/\/semmelweis.hu\/jogigfoig\/wp-json\/wp\/v2\/categories?post=1020"},{"taxonomy":"post_tag","embeddable":true,"href":"https:\/\/semmelweis.hu\/jogigfoig\/wp-json\/wp\/v2\/tags?post=1020"}],"curies":[{"name":"wp","href":"https:\/\/api.w.org\/{rel}","templated":true}]}}