{"id":101825,"date":"2025-10-01T15:33:34","date_gmt":"2025-10-01T13:33:34","guid":{"rendered":"https:\/\/semmelweis.hu\/jogigfoig\/?page_id=101825"},"modified":"2025-10-15T12:13:01","modified_gmt":"2025-10-15T10:13:01","slug":"2025-szeptember-25","status":"publish","type":"page","link":"https:\/\/semmelweis.hu\/jogigfoig\/testuletek\/szenatus\/2025-evi-szenatusi-hatarozatok\/2025-szeptember-25\/","title":{"rendered":"2025. szeptember 25."},"content":{"rendered":"<p style=\"text-align: justify\"><a href=\"https:\/\/semmelweis.hu\/jogigfoig\/files\/2025\/10\/77_2025_szenatusi-2025-oszi-munkaterv.pdf\">A Semmelweis Egyetem\u00a0Szen\u00e1tus\u00e1nak\u00a078\/2025. (IX.25.) sz\u00e1m\u00fa hat\u00e1rozata\u00a0a Szen\u00e1tus 2025. \u00e9vi \u0151szi munkaterv\u00e9r\u0151l<\/a><\/p>\n<p style=\"text-align: justify\"><a href=\"https:\/\/semmelweis.hu\/jogigfoig\/files\/2025\/10\/77_2025_melleklet_2025-oszi-munkaterv.pdf\">A Semmelweis Egyetem\u00a0Szen\u00e1tus\u00e1nak\u00a078\/2025. (IX.25.) sz\u00e1m\u00fa hat\u00e1rozata\u00a0a Szen\u00e1tus 2025. \u00e9vi \u0151szi munkaterv\u00e9r\u0151l &#8211; mell\u00e9klet<\/a><\/p>\n<p style=\"text-align: justify\"><a href=\"https:\/\/semmelweis.hu\/jogigfoig\/files\/2025\/10\/78_2025_VM-ingatlan-megvasarlasa.pdf\">A Semmelweis Egyetem\u00a0Szen\u00e1tus\u00e1nak\u00a078\/2025. (IX.25.) sz\u00e1m\u00fa hat\u00e1rozata\u00a0az egyetem ingatlanvagyon\u00e1nak b\u0151v\u00edt\u00e9s\u00e9r\u0151l\u00a0(1122 Budapest, V\u00e1rosmajor utca 64-66 sz\u00e1m alatti ingatlan t\u00f6mbben, term\u00e9szetben a 1122 Budapest, Ga\u00e1l J\u00f3zsef utca 3-5. magasf\u00f6ldszint 2. sz. alatti ingatlan)<\/a><\/p>\n<p style=\"text-align: justify\"><a href=\"https:\/\/semmelweis.hu\/jogigfoig\/files\/2025\/10\/79_2025_Felsooktatasi-Honvedelem-szabvall.pdf\">A Semmelweis Egyetem\u00a0Szen\u00e1tus\u00e1nak\u00a079\/2025. (IX.25.) sz\u00e1m\u00fa hat\u00e1rozata\u00a0\u201eFels\u0151oktat\u00e1si Honv\u00e9delem\u201d c\u00edm\u0171 szabadon v\u00e1laszthat\u00f3 tant\u00e1rgy bevezet\u00e9s\u00e9r\u0151l<\/a><\/p>\n<p style=\"text-align: justify\"><a href=\"https:\/\/semmelweis.hu\/jogigfoig\/files\/2025\/10\/79_2025_melleklet_Honvedelem-kovetelmenyrendszer.pdf\">A Semmelweis Egyetem\u00a0Szen\u00e1tus\u00e1nak\u00a079\/2025. (IX.25.) sz\u00e1m\u00fa hat\u00e1rozata\u00a0\u201eFels\u0151oktat\u00e1si Honv\u00e9delem\u201d c\u00edm\u0171 szabadon v\u00e1laszthat\u00f3 tant\u00e1rgy bevezet\u00e9s\u00e9r\u0151l -mell\u00e9klet<\/a><\/p>\n<p style=\"text-align: justify\"><a href=\"https:\/\/semmelweis.hu\/jogigfoig\/files\/2025\/10\/80_2025_SIGN-Idegtudomanyi-forum-szabvall.pdf\">A Semmelweis Egyetem\u00a0Szen\u00e1tus\u00e1nak\u00a080\/2025. (IX.25.) sz\u00e1m\u00fa hat\u00e1rozata\u00a0a SIGN Idegtudom\u00e1nyi f\u00f3rum, mint szabadon v\u00e1laszthat\u00f3 tant\u00e1rgy bevezet\u00e9s\u00e9r\u0151l<\/a><\/p>\n<p style=\"text-align: justify\"><a href=\"https:\/\/semmelweis.hu\/jogigfoig\/files\/2025\/10\/80_2025_melleklet_SIGN-forum-kovetelmenyrendszer.pdf\">A Semmelweis Egyetem\u00a0Szen\u00e1tus\u00e1nak\u00a080\/2025. (IX.25.) sz\u00e1m\u00fa hat\u00e1rozata\u00a0a SIGN Idegtudom\u00e1nyi f\u00f3rum, mint szabadon v\u00e1laszthat\u00f3 tant\u00e1rgy bevezet\u00e9s\u00e9r\u0151l &#8211; mell\u00e9klet<\/a><\/p>\n<p style=\"text-align: justify\"><a href=\"https:\/\/semmelweis.hu\/jogigfoig\/files\/2025\/10\/81_2025_Semmelweis-Ignac-jutalomdij.pdf\">A Semmelweis Egyetem\u00a0Szen\u00e1tus\u00e1nak\u00a081\/2025. (IX.25.) sz\u00e1m\u00fa hat\u00e1rozata\u00a0a 2025. \u00e9vi Semmelweis Ign\u00e1c eml\u00e9k\u00e9rem \u00e9s jutalomd\u00edj adom\u00e1nyoz\u00e1s\u00e1r\u00f3l<\/a><\/p>\n<p style=\"text-align: justify\"><a href=\"https:\/\/semmelweis.hu\/jogigfoig\/files\/2025\/10\/82_2025_Richter-Gedeon-emlekerem-es-jutalomdij.pdf\">A Semmelweis Egyetem\u00a0Szen\u00e1tus\u00e1nak\u00a082\/2025. (IX.25.) sz\u00e1m\u00fa hat\u00e1rozata\u00a0a 2025. \u00e9vi Richter Gedeon eml\u00e9k\u00e9rem \u00e9s jutalomd\u00edj adom\u00e1nyoz\u00e1s\u00e1r\u00f3l<\/a><\/p>\n<p style=\"text-align: justify\"><a href=\"https:\/\/semmelweis.hu\/jogigfoig\/files\/2025\/10\/83_2025_Hugonnai-Vilma-emlekerem-es-jutalomdij.pdf\">A Semmelweis Egyetem\u00a0Szen\u00e1tus\u00e1nak\u00a083\/2025. (IX.25.) sz\u00e1m\u00fa hat\u00e1rozata\u00a0a 2025. \u00e9vi Hugonnai Vilma eml\u00e9k\u00e9rem \u00e9s jutalomd\u00edj adom\u00e1nyoz\u00e1s\u00e1r\u00f3l<\/a><\/p>\n<p style=\"text-align: justify\"><a href=\"https:\/\/semmelweis.hu\/jogigfoig\/files\/2025\/10\/84_2025_Huzella-Tivadar-emlekerem-es-jutalomdij.pdf\">A Semmelweis Egyetem\u00a0Szen\u00e1tus\u00e1nak\u00a084\/2025. (IX.25.) sz\u00e1m\u00fa hat\u00e1rozata\u00a0a 2025. \u00e9vi Huzella Tivadar eml\u00e9k\u00e9rem \u00e9s jutalomd\u00edj adom\u00e1nyoz\u00e1s\u00e1r\u00f3l<\/a><\/p>\n<p style=\"text-align: justify\"><a href=\"https:\/\/semmelweis.hu\/jogigfoig\/files\/2025\/10\/85_2025_Jendrassik-Erno-emlekerem-es-jutalomdij.pdf\">A Semmelweis Egyetem\u00a0Szen\u00e1tus\u00e1nak\u00a085\/2025. (IX.25.) sz\u00e1m\u00fa hat\u00e1rozata\u00a0a 2025. \u00e9vi Jendrassik Ern\u0151 eml\u00e9k\u00e9rem \u00e9s jutalomd\u00edj adom\u00e1nyoz\u00e1s\u00e1r\u00f3l<\/a><\/p>\n<p style=\"text-align: justify\"><a href=\"https:\/\/semmelweis.hu\/jogigfoig\/files\/2025\/10\/86_2025_Hari-Maria-emlekerem-es-jutalomdij.pdf\">A Semmelweis Egyetem\u00a0Szen\u00e1tus\u00e1nak\u00a086\/2025. (IX.25.) sz\u00e1m\u00fa hat\u00e1rozata\u00a0a 2025. \u00e9vi H\u00e1ri M\u00e1ria eml\u00e9k\u00e9rem \u00e9s jutalomd\u00edj adom\u00e1nyoz\u00e1s\u00e1r\u00f3l<\/a><\/p>\n<p style=\"text-align: justify\"><a href=\"https:\/\/semmelweis.hu\/jogigfoig\/files\/2025\/10\/87_2025_Dr-Bodizs-felerjesztese.pdf\">A Semmelweis Egyetem\u00a0Szen\u00e1tus\u00e1nak\u00a087\/2025. (IX.25.) sz\u00e1m\u00fa hat\u00e1rozata\u00a0Dr. B\u00f3dizs R\u00f3bert, a Ment\u00e1lis eg\u00e9szs\u00e9gtudom\u00e1nyok Doktori tagozat\u00a0vezet\u0151j\u00e9nek felterjeszt\u00e9s\u00e9r\u0151l<\/a><\/p>\n<p style=\"text-align: justify\"><a href=\"https:\/\/semmelweis.hu\/jogigfoig\/files\/2025\/10\/88_2025_SzMSz-es-szabalyzatok-modositasa.pdf\">A Semmelweis Egyetem\u00a0Szen\u00e1tus\u00e1nak\u00a088\/2025. (IX.25.) sz\u00e1m\u00fa hat\u00e1rozata\u00a0a Szervezeti \u00e9s M\u0171k\u00f6d\u00e9si Szab\u00e1lyzat egyes rendelkez\u00e9seinek,\u00a0valamint egyes egyetemi szab\u00e1lyzatok m\u00f3dos\u00edt\u00e1s\u00e1r\u00f3l<\/a><\/p>\n<p style=\"text-align: justify\"><a href=\"https:\/\/semmelweis.hu\/jogigfoig\/files\/2025\/10\/88_2025_1-sz-melleklet.pdf\">A Semmelweis Egyetem\u00a0Szen\u00e1tus\u00e1nak\u00a088\/2025. (IX.25.) sz\u00e1m\u00fa hat\u00e1rozata\u00a0a Szervezeti \u00e9s M\u0171k\u00f6d\u00e9si Szab\u00e1lyzat egyes rendelkez\u00e9seinek,\u00a0valamint egyes egyetemi szab\u00e1lyzatok m\u00f3dos\u00edt\u00e1s\u00e1r\u00f3l &#8211; 1. sz\u00e1m\u00fa mell\u00e9klet<\/a><\/p>\n<p style=\"text-align: justify\"><a href=\"https:\/\/semmelweis.hu\/jogigfoig\/files\/2025\/10\/88_2025_2-sz-melleklet.pdf\">A Semmelweis Egyetem\u00a0Szen\u00e1tus\u00e1nak\u00a088\/2025. (IX.25.) sz\u00e1m\u00fa hat\u00e1rozata\u00a0a Szervezeti \u00e9s M\u0171k\u00f6d\u00e9si Szab\u00e1lyzat egyes rendelkez\u00e9seinek,\u00a0valamint egyes egyetemi szab\u00e1lyzatok m\u00f3dos\u00edt\u00e1s\u00e1r\u00f3l &#8211; 2. sz\u00e1m\u00fa mell\u00e9klet<\/a><\/p>\n<p style=\"text-align: justify\"><a href=\"https:\/\/semmelweis.hu\/jogigfoig\/files\/2025\/10\/88_2025_3-sz-melleklet.pdf\">A Semmelweis Egyetem\u00a0Szen\u00e1tus\u00e1nak\u00a088\/2025. (IX.25.) sz\u00e1m\u00fa hat\u00e1rozata\u00a0a Szervezeti \u00e9s M\u0171k\u00f6d\u00e9si Szab\u00e1lyzat egyes rendelkez\u00e9seinek,\u00a0valamint egyes egyetemi szab\u00e1lyzatok m\u00f3dos\u00edt\u00e1s\u00e1r\u00f3l &#8211; 3. sz\u00e1m\u00fa mell\u00e9klet<\/a><\/p>\n<p style=\"text-align: justify\"><a href=\"https:\/\/semmelweis.hu\/jogigfoig\/files\/2025\/10\/88_2025_4-sz-melleklet.pdf\">A Semmelweis Egyetem\u00a0Szen\u00e1tus\u00e1nak\u00a088\/2025. (IX.25.) sz\u00e1m\u00fa hat\u00e1rozata\u00a0a Szervezeti \u00e9s M\u0171k\u00f6d\u00e9si Szab\u00e1lyzat egyes rendelkez\u00e9seinek,\u00a0valamint egyes egyetemi szab\u00e1lyzatok m\u00f3dos\u00edt\u00e1s\u00e1r\u00f3l &#8211; 4. sz\u00e1m\u00fa mell\u00e9klet<\/a><\/p>\n<p style=\"text-align: justify\"><a href=\"https:\/\/semmelweis.hu\/jogigfoig\/files\/2025\/10\/88_2025_5-sz-melleklet_HOK-egyetertes.pdf\">A Semmelweis Egyetem\u00a0Szen\u00e1tus\u00e1nak\u00a088\/2025. (IX.25.) sz\u00e1m\u00fa hat\u00e1rozata\u00a0a Szervezeti \u00e9s M\u0171k\u00f6d\u00e9si Szab\u00e1lyzat egyes rendelkez\u00e9seinek,\u00a0valamint egyes egyetemi szab\u00e1lyzatok m\u00f3dos\u00edt\u00e1s\u00e1r\u00f3l-Hallgat\u00f3i \u00d6nkorm\u00e1nyzat egyet\u00e9rt\u00e9s<\/a><\/p>\n<p><a href=\"https:\/\/semmelweis.hu\/jogigfoig\/files\/2025\/10\/88_2025_6-sz-melleklet_DOK-egyetertes.pdf\">A Semmelweis Egyetem Szen\u00e1tus\u00e1nak 88\/2025. (IX.25.) sz\u00e1m\u00fa hat\u00e1rozata a Szervezeti \u00e9s M\u0171k\u00f6d\u00e9si Szab\u00e1lyzat egyes rendelkez\u00e9seinek, valamint egyes egyetemi szab\u00e1lyzatok m\u00f3dos\u00edt\u00e1s\u00e1r\u00f3l-Doktorandusz \u00d6nkorm\u00e1nyzat egyet\u00e9rt\u00e9s<\/a><\/p>\n<p style=\"text-align: justify\"><a href=\"https:\/\/semmelweis.hu\/jogigfoig\/files\/2025\/10\/89_2025_2026-evi-allami-miniszteri-kituntetes.pdf\">A Semmelweis Egyetem\u00a0Szen\u00e1tus\u00e1nak\u00a089\/2025. (IX.25.) sz\u00e1m\u00fa hat\u00e1rozata\u00a0a 2026. \u00e9vi \u00e1llami, miniszteri szint\u0171 kit\u00fcntet\u00e9sekre t\u00f6rt\u00e9n\u0151 felterjeszt\u00e9sr\u0151l<\/a><\/p>\n<p style=\"text-align: justify\"><a href=\"https:\/\/semmelweis.hu\/jogigfoig\/files\/2025\/10\/90_2025_oraado-oktatoi-cim2-1.pdf\">A Semmelweis Egyetem\u00a0Szen\u00e1tus\u00e1nak\u00a090\/2025. (IX.25.) sz\u00e1m\u00fa hat\u00e1rozata\u00a0az \u00f3raad\u00f3 oktat\u00f3knak adom\u00e1nyozhat\u00f3 c\u00edm oda\u00edt\u00e9l\u00e9s\u00e9r\u0151l<\/a><\/p>\n<p style=\"text-align: justify\"><a href=\"https:\/\/semmelweis.hu\/jogigfoig\/files\/2025\/10\/91_2025_aktualis-vezetoi-oktatoi-palyazatok.pdf\">A Semmelweis Egyetem\u00a0Szen\u00e1tus\u00e1nak\u00a091\/2025. (IX.25.) sz\u00e1m\u00fa hat\u00e1rozata\u00a0az aktu\u00e1lis vezet\u0151i, valamint oktat\u00f3i p\u00e1ly\u00e1zatok v\u00e9lem\u00e9nyez\u00e9s\u00e9r\u0151l<\/a><\/p>\n<p style=\"text-align: justify\"><a href=\"https:\/\/semmelweis.hu\/jogigfoig\/files\/2025\/10\/92_2025_FB-es-Habilitacios-Bizottsag-DOK-delegalas.pdf\">A Semmelweis Egyetem\u00a0Szen\u00e1tus\u00e1nak\u00a092\/2025. (IX. 25.) sz\u00e1m\u00fa hat\u00e1rozata\u00a0a Fel\u00fclb\u00edr\u00e1lati Bizotts\u00e1g \u00e9s a Habilit\u00e1ci\u00f3s Bizotts\u00e1g doktorandusz hallgat\u00f3i \u00f6sszet\u00e9tel\u00e9nek v\u00e1ltoz\u00e1s\u00e1r\u00f3l<\/a><\/p>\n<p style=\"text-align: justify\">\u00a0<\/p>\n<p style=\"text-align: justify\">\u00a0<\/p>\n<p>&nbsp;<\/p>\n<p>&nbsp;<\/p>\n<p>&nbsp;<\/p>\n<p><strong>\u00a0<\/strong><\/p>\n<p><strong>\u00a0<\/strong><\/p>\n<p>&nbsp;<\/p>\n<p>&nbsp;<\/p>\n<p>&nbsp;<\/p>\n<p>&nbsp;<\/p>\n<p><strong>\u00a0<\/strong><\/p>\n<p>&nbsp;<\/p>\n","protected":false},"excerpt":{"rendered":"<p><a href=\"https:\/\/semmelweis.hu\/jogigfoig\/files\/2025\/10\/77_2025_szenatusi-2025-oszi-munkaterv.pdf\">A Semmelweis Egyetem\u00a0Szen\u00e1tus\u00e1nak\u00a078\/2025. (IX.25.) sz\u00e1m\u00fa hat\u00e1rozata\u00a0a Szen\u00e1tus 2025. \u00e9vi \u0151szi munkaterv\u00e9r\u0151l<\/a><br \/>\n<a href=\"https:\/\/semmelweis.hu\/jogigfoig\/files\/2025\/10\/77_2025_melleklet_2025-oszi-munkaterv.pdf\">A Semmelweis Egyetem\u00a0Szen\u00e1tus\u00e1nak\u00a078\/2025. (IX.25.) sz\u00e1m\u00fa hat\u00e1rozata\u00a0a Szen\u00e1tus 2025. \u00e9vi \u0151szi munkaterv\u00e9r\u0151l &#8211; mell\u00e9klet<\/a><br \/>\n<a href=\"https:\/\/semmelweis.hu\/jogigfoig\/files\/2025\/10\/78_2025_VM-ingatlan-megvasarlasa.pdf\">A Semmelweis Egyetem\u00a0Szen\u00e1tus\u00e1nak\u00a078\/2025. (IX.25.) sz\u00e1m\u00fa hat\u00e1rozata\u00a0az egyetem ingatlanvagyon\u00e1nak b\u0151v\u00edt\u00e9s\u00e9r\u0151l\u00a0(1122 Budapest, V\u00e1rosmajor utca 64-66 sz\u00e1m alatti ingatlan t\u00f6mbben, term\u00e9szetben a 1122 Budapest, Ga\u00e1l J\u00f3zsef utca 3-5. magasf\u00f6ldszint 2. sz. alatti ingatlan)<\/a><br \/>\n<a href=\"https:\/\/semmelweis.hu\/jogigfoig\/files\/2025\/10\/79_2025_Felsooktatasi-Honvedelem-szabvall.pdf\">A Semmelweis Egyetem\u00a0Szen\u00e1tus\u00e1nak\u00a079\/2025. (IX.25.) sz\u00e1m\u00fa hat\u00e1rozata\u00a0\u201eFels\u0151oktat\u00e1si Honv\u00e9delem\u201d c\u00edm\u0171 szabadon v\u00e1laszthat\u00f3 tant\u00e1rgy bevezet\u00e9s\u00e9r\u0151l<\/a><br \/>\n<a href=\"https:\/\/semmelweis.hu\/jogigfoig\/files\/2025\/10\/79_2025_melleklet_Honvedelem-kovetelmenyrendszer.pdf\">A Semmelweis Egyetem\u00a0Szen\u00e1tus\u00e1nak\u00a079\/2025. (IX.25.) sz\u00e1m\u00fa hat\u00e1rozata\u00a0\u201eFels\u0151oktat\u00e1si Honv\u00e9delem\u201d c\u00edm\u0171 szabadon v\u00e1laszthat\u00f3 tant\u00e1rgy bevezet\u00e9s\u00e9r\u0151l -mell\u00e9klet<\/a><br \/>\n<a href=\"https:\/\/semmelweis.hu\/jogigfoig\/files\/2025\/10\/80_2025_SIGN-Idegtudomanyi-forum-szabvall.pdf\">A Semmelweis Egyetem\u00a0Szen\u00e1tus\u00e1nak\u00a080\/2025. (IX.25.) sz\u00e1m\u00fa hat\u00e1rozata\u00a0a SIGN Idegtudom\u00e1nyi f\u00f3rum, mint szabadon v\u00e1laszthat\u00f3 tant\u00e1rgy bevezet\u00e9s\u00e9r\u0151l<\/a><br \/>\n<a href=\"https:\/\/semmelweis.hu\/jogigfoig\/files\/2025\/10\/80_2025_melleklet_SIGN-forum-kovetelmenyrendszer.pdf\">A Semmelweis Egyetem\u00a0Szen\u00e1tus\u00e1nak\u00a080\/2025. (IX.25.) sz\u00e1m\u00fa hat\u00e1rozata\u00a0a SIGN Idegtudom\u00e1nyi f\u00f3rum, mint szabadon v\u00e1laszthat\u00f3 tant\u00e1rgy bevezet\u00e9s\u00e9r\u0151l &#8211; mell\u00e9klet<\/a><br \/>\n<a href=\"https:\/\/semmelweis.hu\/jogigfoig\/files\/2025\/10\/81_2025_Semmelweis-Ignac-jutalomdij.pdf\">A Semmelweis Egyetem\u00a0Szen\u00e1tus\u00e1nak\u00a081\/2025. (IX.25.) sz\u00e1m\u00fa hat\u00e1rozata\u00a0a 2025. \u00e9vi Semmelweis Ign\u00e1c eml\u00e9k\u00e9rem \u00e9s jutalomd\u00edj adom\u00e1nyoz\u00e1s\u00e1r\u00f3l<\/a><br \/>\n<a href=\"https:\/\/semmelweis.hu\/jogigfoig\/files\/2025\/10\/82_2025_Richter-Gedeon-emlekerem-es-jutalomdij.pdf\">A Semmelweis Egyetem\u00a0Szen\u00e1tus\u00e1nak\u00a082\/2025. (IX.25.) sz\u00e1m\u00fa hat\u00e1rozata\u00a0a 2025. \u00e9vi Richter Gedeon eml\u00e9k\u00e9rem \u00e9s jutalomd\u00edj adom\u00e1nyoz\u00e1s\u00e1r\u00f3l<\/a><br \/>\n<a href=\"https:\/\/semmelweis.hu\/jogigfoig\/files\/2025\/10\/83_2025_Hugonnai-Vilma-emlekerem-es-jutalomdij.pdf\">A Semmelweis Egyetem\u00a0Szen\u00e1tus\u00e1nak\u00a083\/2025. (IX.25.) sz\u00e1m\u00fa hat\u00e1rozata\u00a0a 2025. \u00e9vi Hugonnai Vilma eml\u00e9k\u00e9rem \u00e9s jutalomd\u00edj adom\u00e1nyoz\u00e1s\u00e1r\u00f3l<\/a><br \/>\n<a href=\"https:\/\/semmelweis.hu\/jogigfoig\/files\/2025\/10\/84_2025_Huzella-Tivadar-emlekerem-es-jutalomdij.pdf\">A Semmelweis Egyetem\u00a0Szen\u00e1tus\u00e1nak\u00a084\/2025. (IX.25.) sz\u00e1m\u00fa hat\u00e1rozata\u00a0a 2025. \u00e9vi Huzella Tivadar eml\u00e9k\u00e9rem \u00e9s jutalomd\u00edj adom\u00e1nyoz\u00e1s\u00e1r\u00f3l<\/a><br \/>\n<a href=\"https:\/\/semmelweis.hu\/jogigfoig\/files\/2025\/10\/85_2025_Jendrassik-Erno-emlekerem-es-jutalomdij.pdf\">A Semmelweis Egyetem\u00a0Szen\u00e1tus\u00e1nak\u00a085\/2025. (IX.25.) sz\u00e1m\u00fa hat\u00e1rozata\u00a0a 2025. \u00e9vi Jendrassik Ern\u0151 eml\u00e9k\u00e9rem \u00e9s jutalomd\u00edj adom\u00e1nyoz\u00e1s\u00e1r\u00f3l<\/a><br \/>\n<a href=\"https:\/\/semmelweis.hu\/jogigfoig\/files\/2025\/10\/86_2025_Hari-Maria-emlekerem-es-jutalomdij.pdf\">A Semmelweis Egyetem\u00a0Szen\u00e1tus\u00e1nak\u00a086\/2025. (IX.25.) sz\u00e1m\u00fa hat\u00e1rozata\u00a0a 2025. \u00e9vi H\u00e1ri M\u00e1ria eml\u00e9k\u00e9rem \u00e9s jutalomd\u00edj adom\u00e1nyoz\u00e1s\u00e1r\u00f3l<\/a><br \/>\n<a href=\"https:\/\/semmelweis.hu\/jogigfoig\/files\/2025\/10\/87_2025_Dr-Bodizs-felerjesztese.pdf\">A Semmelweis Egyetem\u00a0Szen\u00e1tus\u00e1nak\u00a087\/2025. (IX.25.) sz\u00e1m\u00fa hat\u00e1rozata\u00a0Dr. B\u00f3dizs R\u00f3bert, a Ment\u00e1lis eg\u00e9szs\u00e9gtudom\u00e1nyok Doktori tagozat\u00a0vezet\u0151j\u00e9nek felterjeszt\u00e9s\u00e9r\u0151l<\/a><br \/>\n<a href=\"https:\/\/semmelweis.hu\/jogigfoig\/files\/2025\/10\/88_2025_SzMSz-es-szabalyzatok-modositasa.pdf\">A Semmelweis Egyetem\u00a0Szen\u00e1tus\u00e1nak\u00a088\/2025. (IX.25.) sz\u00e1m\u00fa hat\u00e1rozata\u00a0a Szervezeti \u00e9s M\u0171k\u00f6d\u00e9si Szab\u00e1lyzat egyes rendelkez\u00e9seinek,\u00a0valamint egyes egyetemi szab\u00e1lyzatok m\u00f3dos\u00edt\u00e1s\u00e1r\u00f3l<\/a><br \/>\n<a href=\"https:\/\/semmelweis.hu\/jogigfoig\/files\/2025\/10\/88_2025_1-sz-melleklet.pdf\">A Semmelweis Egyetem\u00a0Szen\u00e1tus\u00e1nak\u00a088\/2025. (IX.25.) sz\u00e1m\u00fa hat\u00e1rozata\u00a0a Szervezeti \u00e9s M\u0171k\u00f6d\u00e9si Szab\u00e1lyzat egyes rendelkez\u00e9seinek,\u00a0valamint egyes egyetemi szab\u00e1lyzatok m\u00f3dos\u00edt\u00e1s\u00e1r\u00f3l &#8211; 1. sz\u00e1m\u00fa mell\u00e9klet<\/a><br \/>\n<a href=\"https:\/\/semmelweis.hu\/jogigfoig\/files\/2025\/10\/88_2025_2-sz-melleklet.pdf\">A Semmelweis Egyetem\u00a0Szen\u00e1tus\u00e1nak\u00a088\/2025. (IX.25.) sz\u00e1m\u00fa hat\u00e1rozata\u00a0a Szervezeti \u00e9s M\u0171k\u00f6d\u00e9si Szab\u00e1lyzat egyes rendelkez\u00e9seinek,\u00a0valamint egyes egyetemi szab\u00e1lyzatok m\u00f3dos\u00edt\u00e1s\u00e1r\u00f3l &#8211; 2. sz\u00e1m\u00fa mell\u00e9klet<\/a><br \/>\n<a href=\"https:\/\/semmelweis.hu\/jogigfoig\/files\/2025\/10\/88_2025_3-sz-melleklet.pdf\">A Semmelweis Egyetem\u00a0Szen\u00e1tus\u00e1nak\u00a088\/2025. (IX.25.) sz\u00e1m\u00fa hat\u00e1rozata\u00a0a Szervezeti \u00e9s M\u0171k\u00f6d\u00e9si Szab\u00e1lyzat egyes rendelkez\u00e9seinek,\u00a0valamint egyes egyetemi szab\u00e1lyzatok m\u00f3dos\u00edt\u00e1s\u00e1r\u00f3l &#8211; 3. sz\u00e1m\u00fa mell\u00e9klet<\/a><br \/>\n<a href=\"https:\/\/semmelweis.hu\/jogigfoig\/files\/2025\/10\/88_2025_4-sz-melleklet.pdf\">A Semmelweis Egyetem\u00a0Szen\u00e1tus\u00e1nak\u00a088\/2025. (IX.25.) sz\u00e1m\u00fa hat\u00e1rozata\u00a0a Szervezeti \u00e9s M\u0171k\u00f6d\u00e9si Szab\u00e1lyzat egyes rendelkez\u00e9seinek,\u00a0valamint egyes egyetemi szab\u00e1lyzatok m\u00f3dos\u00edt\u00e1s\u00e1r\u00f3l &#8211; 4. sz\u00e1m\u00fa mell\u00e9klet<\/a><br \/>\n<a href=\"https:\/\/semmelweis.hu\/jogigfoig\/files\/2025\/10\/88_2025_5-sz-melleklet_HOK-egyetertes.pdf\">A Semmelweis Egyetem\u00a0Szen\u00e1tus\u00e1nak\u00a088\/2025. (IX.25.) sz\u00e1m\u00fa hat\u00e1rozata\u00a0a Szervezeti \u00e9s M\u0171k\u00f6d\u00e9si Szab\u00e1lyzat egyes rendelkez\u00e9seinek,\u00a0valamint egyes egyetemi szab\u00e1lyzatok m\u00f3dos\u00edt\u00e1s\u00e1r\u00f3l-Hallgat\u00f3i \u00d6nkorm\u00e1nyzat egyet\u00e9rt\u00e9s<\/a><br \/>\n<a href=\"https:\/\/semmelweis.hu\/jogigfoig\/files\/2025\/10\/88_2025_6-sz-melleklet_DOK-egyetertes.pdf\">A Semmelweis Egyetem Szen\u00e1tus\u00e1nak 88\/2025. (IX.25.) sz\u00e1m\u00fa hat\u00e1rozata a Szervezeti \u00e9s M\u0171k\u00f6d\u00e9si Szab\u00e1lyzat egyes rendelkez\u00e9seinek, valamint egyes egyetemi szab\u00e1lyzatok m\u00f3dos\u00edt\u00e1s\u00e1r\u00f3l-Doktorandusz \u00d6nkorm\u00e1nyzat egyet\u00e9rt\u00e9s<\/a><br \/>\n<a href=\"https:\/\/semmelweis.hu\/jogigfoig\/files\/2025\/10\/89_2025_2026-evi-allami-miniszteri-kituntetes.pdf\">A Semmelweis Egyetem\u00a0Szen\u00e1tus\u00e1nak\u00a089\/2025. (IX.25.) sz\u00e1m\u00fa hat\u00e1rozata\u00a0a 2026. \u00e9vi \u00e1llami, miniszteri szint\u0171 kit\u00fcntet\u00e9sekre t\u00f6rt\u00e9n\u0151 felterjeszt\u00e9sr\u0151l<\/a><br \/>\n<a href=\"https:\/\/semmelweis.hu\/jogigfoig\/files\/2025\/10\/90_2025_oraado-oktatoi-cim2-1.pdf\">A Semmelweis Egyetem\u00a0Szen\u00e1tus\u00e1nak\u00a090\/2025. (IX.25.) sz\u00e1m\u00fa hat\u00e1rozata\u00a0az \u00f3raad\u00f3 oktat\u00f3knak adom\u00e1nyozhat\u00f3 c\u00edm oda\u00edt\u00e9l\u00e9s\u00e9r\u0151l<\/a><br \/>\n<a href=\"https:\/\/semmelweis.hu\/jogigfoig\/files\/2025\/10\/91_2025_aktualis-vezetoi-oktatoi-palyazatok.pdf\">A Semmelweis Egyetem\u00a0Szen\u00e1tus\u00e1nak\u00a091\/2025. (IX.25.) sz\u00e1m\u00fa hat\u00e1rozata\u00a0az aktu\u00e1lis vezet\u0151i, valamint oktat\u00f3i p\u00e1ly\u00e1zatok v\u00e9lem\u00e9nyez\u00e9s\u00e9r\u0151l<\/a><br \/>\n<a href=\"https:\/\/semmelweis.hu\/jogigfoig\/files\/2025\/10\/92_2025_FB-es-Habilitacios-Bizottsag-DOK-delegalas.pdf\">A Semmelweis Egyetem\u00a0Szen\u00e1tus\u00e1nak\u00a092\/2025. (IX. 25.) sz\u00e1m\u00fa hat\u00e1rozata\u00a0a Fel\u00fclb\u00edr\u00e1lati Bizotts\u00e1g \u00e9s a Habilit\u00e1ci\u00f3s Bizotts\u00e1g doktorandusz hallgat\u00f3i \u00f6sszet\u00e9tel\u00e9nek v\u00e1ltoz\u00e1s\u00e1r\u00f3l<\/a><br \/>\n\u00a0<br \/>\n\u00a0<br \/>\n&nbsp;<br \/>\n&nbsp;<br \/>\n&nbsp;<br \/>\n\u00a0<br \/>\n\u00a0<br \/>\n&nbsp;<br \/>\n&nbsp;<br \/>\n&nbsp;<br \/>\n&nbsp;<br \/>\n\u00a0<br \/>\n&nbsp;<\/p>\n","protected":false},"author":102029,"featured_media":0,"parent":96382,"menu_order":72,"comment_status":"closed","ping_status":"closed","template":"","meta":{"_acf_changed":false,"footnotes":""},"categories":[],"tags":[],"class_list":["post-101825","page","type-page","status-publish","hentry"],"acf":[],"_links":{"self":[{"href":"https:\/\/semmelweis.hu\/jogigfoig\/wp-json\/wp\/v2\/pages\/101825","targetHints":{"allow":["GET"]}}],"collection":[{"href":"https:\/\/semmelweis.hu\/jogigfoig\/wp-json\/wp\/v2\/pages"}],"about":[{"href":"https:\/\/semmelweis.hu\/jogigfoig\/wp-json\/wp\/v2\/types\/page"}],"author":[{"embeddable":true,"href":"https:\/\/semmelweis.hu\/jogigfoig\/wp-json\/wp\/v2\/users\/102029"}],"replies":[{"embeddable":true,"href":"https:\/\/semmelweis.hu\/jogigfoig\/wp-json\/wp\/v2\/comments?post=101825"}],"version-history":[{"count":4,"href":"https:\/\/semmelweis.hu\/jogigfoig\/wp-json\/wp\/v2\/pages\/101825\/revisions"}],"predecessor-version":[{"id":102139,"href":"https:\/\/semmelweis.hu\/jogigfoig\/wp-json\/wp\/v2\/pages\/101825\/revisions\/102139"}],"up":[{"embeddable":true,"href":"https:\/\/semmelweis.hu\/jogigfoig\/wp-json\/wp\/v2\/pages\/96382"}],"wp:attachment":[{"href":"https:\/\/semmelweis.hu\/jogigfoig\/wp-json\/wp\/v2\/media?parent=101825"}],"wp:term":[{"taxonomy":"category","embeddable":true,"href":"https:\/\/semmelweis.hu\/jogigfoig\/wp-json\/wp\/v2\/categories?post=101825"},{"taxonomy":"post_tag","embeddable":true,"href":"https:\/\/semmelweis.hu\/jogigfoig\/wp-json\/wp\/v2\/tags?post=101825"}],"curies":[{"name":"wp","href":"https:\/\/api.w.org\/{rel}","templated":true}]}}