{"id":100741,"date":"2025-08-14T12:30:05","date_gmt":"2025-08-14T10:30:05","guid":{"rendered":"https:\/\/semmelweis.hu\/jogigfoig\/?page_id=100741"},"modified":"2025-12-01T14:43:03","modified_gmt":"2025-12-01T13:43:03","slug":"szmsz-iii-konyv-hkr-iii-13-resz-az-idegennyelvu-onkoltseges-kepzesben-reszt-vevo-hallgatok-egyes-jogairol-es-kotelezettsegeirol","status":"publish","type":"page","link":"https:\/\/semmelweis.hu\/jogigfoig\/dokumentumtar\/szabalyzattar\/szervezeti-es-mukodesi-szabalyzat\/iii-konyv-hkr\/szmsz-iii-konyv-hkr-iii-13-resz-az-idegennyelvu-onkoltseges-kepzesben-reszt-vevo-hallgatok-egyes-jogairol-es-kotelezettsegeirol\/","title":{"rendered":"III.13. R\u00e9sz Az idegennyelv\u0171 \u00f6nk\u00f6lts\u00e9ges k\u00e9pz\u00e9sben r\u00e9szt vev\u0151 hallgat\u00f3k egyes jogair\u00f3l \u00e9s k\u00f6telezetts\u00e9geir\u0151l"},"content":{"rendered":"<p><a href=\"https:\/\/semmelweis.hu\/jogigfoig\/files\/2025\/12\/SZMSZ_HKR_III_KONYV_III_13_RESZ_Az-idegennyelvu-okoltseges-hallgatok-jogai-es-kotelezettsegei_hatalyos_20251111.pdf\">III.13. R\u00c9SZ \u2013 A IDEGENNYELV\u0170 \u00d6NK\u00d6LTS\u00c9GES K\u00c9PZ\u00c9SBEN R\u00c9SZT VEV\u0150 HALLGAT\u00d3K EGYES JOGAIR\u00d3L \u00c9S K\u00d6TELEZETTS\u00c9GEIR\u0150L<\/a><\/p>\n","protected":false},"excerpt":{"rendered":"<p><a href=\"https:\/\/semmelweis.hu\/jogigfoig\/files\/2025\/12\/SZMSZ_HKR_III_KONYV_III_13_RESZ_Az-idegennyelvu-okoltseges-hallgatok-jogai-es-kotelezettsegei_hatalyos_20251111.pdf\">III.13. R\u00c9SZ \u2013 A IDEGENNYELV\u0170 \u00d6NK\u00d6LTS\u00c9GES K\u00c9PZ\u00c9SBEN R\u00c9SZT VEV\u0150 HALLGAT\u00d3K EGYES JOGAIR\u00d3L \u00c9S K\u00d6TELEZETTS\u00c9GEIR\u0150L<\/a><\/p>\n","protected":false},"author":102357,"featured_media":0,"parent":73489,"menu_order":13,"comment_status":"closed","ping_status":"closed","template":"","meta":{"_acf_changed":false,"footnotes":""},"categories":[],"tags":[],"class_list":["post-100741","page","type-page","status-publish","hentry"],"acf":[],"_links":{"self":[{"href":"https:\/\/semmelweis.hu\/jogigfoig\/wp-json\/wp\/v2\/pages\/100741","targetHints":{"allow":["GET"]}}],"collection":[{"href":"https:\/\/semmelweis.hu\/jogigfoig\/wp-json\/wp\/v2\/pages"}],"about":[{"href":"https:\/\/semmelweis.hu\/jogigfoig\/wp-json\/wp\/v2\/types\/page"}],"author":[{"embeddable":true,"href":"https:\/\/semmelweis.hu\/jogigfoig\/wp-json\/wp\/v2\/users\/102357"}],"replies":[{"embeddable":true,"href":"https:\/\/semmelweis.hu\/jogigfoig\/wp-json\/wp\/v2\/comments?post=100741"}],"version-history":[{"count":6,"href":"https:\/\/semmelweis.hu\/jogigfoig\/wp-json\/wp\/v2\/pages\/100741\/revisions"}],"predecessor-version":[{"id":103122,"href":"https:\/\/semmelweis.hu\/jogigfoig\/wp-json\/wp\/v2\/pages\/100741\/revisions\/103122"}],"up":[{"embeddable":true,"href":"https:\/\/semmelweis.hu\/jogigfoig\/wp-json\/wp\/v2\/pages\/73489"}],"wp:attachment":[{"href":"https:\/\/semmelweis.hu\/jogigfoig\/wp-json\/wp\/v2\/media?parent=100741"}],"wp:term":[{"taxonomy":"category","embeddable":true,"href":"https:\/\/semmelweis.hu\/jogigfoig\/wp-json\/wp\/v2\/categories?post=100741"},{"taxonomy":"post_tag","embeddable":true,"href":"https:\/\/semmelweis.hu\/jogigfoig\/wp-json\/wp\/v2\/tags?post=100741"}],"curies":[{"name":"wp","href":"https:\/\/api.w.org\/{rel}","templated":true}]}}