{"id":100701,"date":"2025-08-14T11:18:02","date_gmt":"2025-08-14T09:18:02","guid":{"rendered":"https:\/\/semmelweis.hu\/jogigfoig\/?page_id=100701"},"modified":"2025-12-15T16:00:21","modified_gmt":"2025-12-15T15:00:21","slug":"szmsz-iii-konyv-hkr-iii-1-resz-felveteli-szabalyzat","status":"publish","type":"page","link":"https:\/\/semmelweis.hu\/jogigfoig\/dokumentumtar\/szabalyzattar\/szervezeti-es-mukodesi-szabalyzat\/iii-konyv-hkr\/szmsz-iii-konyv-hkr-iii-1-resz-felveteli-szabalyzat\/","title":{"rendered":"SZMSZ III. K\u00f6nyv HKR III.1. R\u00e9sz Felv\u00e9teli Szab\u00e1lyzat"},"content":{"rendered":"<p><a href=\"https:\/\/semmelweis.hu\/jogigfoig\/files\/2025\/12\/SZMSZ_HKR_III_KONYV_III_1_RESZ_Felveteli-Szabalyzat_hatalyos_20251201-1.pdf\">III.1. R\u00c9SZ \u2013\u00a0FELV\u00c9TELI SZAB\u00c1LYZAT<\/a><\/p>\n","protected":false},"excerpt":{"rendered":"<p><a href=\"https:\/\/semmelweis.hu\/jogigfoig\/files\/2025\/12\/SZMSZ_HKR_III_KONYV_III_1_RESZ_Felveteli-Szabalyzat_hatalyos_20251201-1.pdf\">III.1. R\u00c9SZ \u2013\u00a0FELV\u00c9TELI SZAB\u00c1LYZAT<\/a><\/p>\n","protected":false},"author":102357,"featured_media":0,"parent":73489,"menu_order":0,"comment_status":"closed","ping_status":"closed","template":"","meta":{"_acf_changed":false,"footnotes":""},"categories":[],"tags":[],"class_list":["post-100701","page","type-page","status-publish","hentry"],"acf":[],"_links":{"self":[{"href":"https:\/\/semmelweis.hu\/jogigfoig\/wp-json\/wp\/v2\/pages\/100701","targetHints":{"allow":["GET"]}}],"collection":[{"href":"https:\/\/semmelweis.hu\/jogigfoig\/wp-json\/wp\/v2\/pages"}],"about":[{"href":"https:\/\/semmelweis.hu\/jogigfoig\/wp-json\/wp\/v2\/types\/page"}],"author":[{"embeddable":true,"href":"https:\/\/semmelweis.hu\/jogigfoig\/wp-json\/wp\/v2\/users\/102357"}],"replies":[{"embeddable":true,"href":"https:\/\/semmelweis.hu\/jogigfoig\/wp-json\/wp\/v2\/comments?post=100701"}],"version-history":[{"count":2,"href":"https:\/\/semmelweis.hu\/jogigfoig\/wp-json\/wp\/v2\/pages\/100701\/revisions"}],"predecessor-version":[{"id":103512,"href":"https:\/\/semmelweis.hu\/jogigfoig\/wp-json\/wp\/v2\/pages\/100701\/revisions\/103512"}],"up":[{"embeddable":true,"href":"https:\/\/semmelweis.hu\/jogigfoig\/wp-json\/wp\/v2\/pages\/73489"}],"wp:attachment":[{"href":"https:\/\/semmelweis.hu\/jogigfoig\/wp-json\/wp\/v2\/media?parent=100701"}],"wp:term":[{"taxonomy":"category","embeddable":true,"href":"https:\/\/semmelweis.hu\/jogigfoig\/wp-json\/wp\/v2\/categories?post=100701"},{"taxonomy":"post_tag","embeddable":true,"href":"https:\/\/semmelweis.hu\/jogigfoig\/wp-json\/wp\/v2\/tags?post=100701"}],"curies":[{"name":"wp","href":"https:\/\/api.w.org\/{rel}","templated":true}]}}