{"id":100697,"date":"2025-08-14T11:07:33","date_gmt":"2025-08-14T09:07:33","guid":{"rendered":"https:\/\/semmelweis.hu\/jogigfoig\/?page_id=100697"},"modified":"2026-04-14T14:12:11","modified_gmt":"2026-04-14T12:12:11","slug":"szmsz-szmr-i-konyv-i-1-resz-altalanos-szmr-i-1-resz-melleklet","status":"publish","type":"page","link":"https:\/\/semmelweis.hu\/jogigfoig\/dokumentumtar\/szabalyzattar\/szervezeti-es-mukodesi-szabalyzat\/i-konyv-szmr\/szmsz-szmr-i-konyv-i-1-resz-altalanos-szmr-i-1-resz-melleklet\/","title":{"rendered":"SZMSZ I. K\u00f6nyv SZMR I.1. R\u00e9sz \u00c1ltal\u00e1nos SZMR \u00e9s mell\u00e9klete"},"content":{"rendered":"<p><a href=\"https:\/\/semmelweis.hu\/jogigfoig\/files\/2026\/04\/SZMSZ_SZMR_I_KONYV_I_1_RESZ_Altalanos_szervezeti_es_mukodesi_rendelkezesek_hatalyos_20260401-tol.pdf\">I.1. R\u00c9SZ \u2013 \u00c1LTAL\u00c1NOS SZERVEZETI \u00c9S M\u0170K\u00d6D\u00c9SI RENDELKEZ\u00c9SEK<\/a><\/p>\n<p style=\"padding-left: 40px\">I.1 GENERAL PART GENERAL ORGANISATIONAL AND OPERATING RULES<\/p>\n<hr \/>\n<p><a href=\"https:\/\/semmelweis.hu\/jogigfoig\/files\/2026\/03\/SZMSZ_SZMR_I_KONYV_I_1_RESZ_MELLEKLETEK_hatalyos_20260303-tol.pdf\">I.1. R\u00c9SZ \u2013 MELL\u00c9KLETEK<\/a><\/p>\n<p style=\"padding-left: 40px\">I.1 GENERAL PART ANNEXES<\/p>\n","protected":false},"excerpt":{"rendered":"<p><a href=\"https:\/\/semmelweis.hu\/jogigfoig\/files\/2026\/04\/SZMSZ_SZMR_I_KONYV_I_1_RESZ_Altalanos_szervezeti_es_mukodesi_rendelkezesek_hatalyos_20260401-tol.pdf\">I.1. R\u00c9SZ \u2013 \u00c1LTAL\u00c1NOS SZERVEZETI \u00c9S M\u0170K\u00d6D\u00c9SI RENDELKEZ\u00c9SEK<\/a><br \/>\nI.1 GENERAL PART GENERAL ORGANISATIONAL AND OPERATING RULES<\/p>\n<p><a href=\"https:\/\/semmelweis.hu\/jogigfoig\/files\/2026\/03\/SZMSZ_SZMR_I_KONYV_I_1_RESZ_MELLEKLETEK_hatalyos_20260303-tol.pdf\">I.1. R\u00c9SZ \u2013 MELL\u00c9KLETEK<\/a><br \/>\nI.1 GENERAL PART ANNEXES<\/p>\n","protected":false},"author":102357,"featured_media":0,"parent":73487,"menu_order":0,"comment_status":"closed","ping_status":"closed","template":"","meta":{"_acf_changed":false,"footnotes":""},"categories":[],"tags":[],"class_list":["post-100697","page","type-page","status-publish","hentry"],"acf":[],"_links":{"self":[{"href":"https:\/\/semmelweis.hu\/jogigfoig\/wp-json\/wp\/v2\/pages\/100697","targetHints":{"allow":["GET"]}}],"collection":[{"href":"https:\/\/semmelweis.hu\/jogigfoig\/wp-json\/wp\/v2\/pages"}],"about":[{"href":"https:\/\/semmelweis.hu\/jogigfoig\/wp-json\/wp\/v2\/types\/page"}],"author":[{"embeddable":true,"href":"https:\/\/semmelweis.hu\/jogigfoig\/wp-json\/wp\/v2\/users\/102357"}],"replies":[{"embeddable":true,"href":"https:\/\/semmelweis.hu\/jogigfoig\/wp-json\/wp\/v2\/comments?post=100697"}],"version-history":[{"count":10,"href":"https:\/\/semmelweis.hu\/jogigfoig\/wp-json\/wp\/v2\/pages\/100697\/revisions"}],"predecessor-version":[{"id":106383,"href":"https:\/\/semmelweis.hu\/jogigfoig\/wp-json\/wp\/v2\/pages\/100697\/revisions\/106383"}],"up":[{"embeddable":true,"href":"https:\/\/semmelweis.hu\/jogigfoig\/wp-json\/wp\/v2\/pages\/73487"}],"wp:attachment":[{"href":"https:\/\/semmelweis.hu\/jogigfoig\/wp-json\/wp\/v2\/media?parent=100697"}],"wp:term":[{"taxonomy":"category","embeddable":true,"href":"https:\/\/semmelweis.hu\/jogigfoig\/wp-json\/wp\/v2\/categories?post=100697"},{"taxonomy":"post_tag","embeddable":true,"href":"https:\/\/semmelweis.hu\/jogigfoig\/wp-json\/wp\/v2\/tags?post=100697"}],"curies":[{"name":"wp","href":"https:\/\/api.w.org\/{rel}","templated":true}]}}