{"id":100671,"date":"2025-08-14T08:48:55","date_gmt":"2025-08-14T06:48:55","guid":{"rendered":"https:\/\/semmelweis.hu\/jogigfoig\/?page_id=100671"},"modified":"2025-12-16T14:52:27","modified_gmt":"2025-12-16T13:52:27","slug":"szmsz-szmr-i-konyv-i-7-resz-a-tulajdonosi-alapitoi-joggyakorlassal-erintett-gazdalkodo-szervezetek","status":"publish","type":"page","link":"https:\/\/semmelweis.hu\/jogigfoig\/dokumentumtar\/szabalyzattar\/szervezeti-es-mukodesi-szabalyzat\/i-konyv-szmr\/szmsz-szmr-i-konyv-i-7-resz-a-tulajdonosi-alapitoi-joggyakorlassal-erintett-gazdalkodo-szervezetek\/","title":{"rendered":"SZMSZ SZMR I K\u00d6NYV I.7. R\u00c9SZ A tulajdonosi alap\u00edt\u00f3i joggyakorl\u00e1ssal \u00e9rintett gazd\u00e1lkod\u00f3 szervezetek"},"content":{"rendered":"<p><a href=\"https:\/\/semmelweis.hu\/jogigfoig\/files\/2025\/10\/SZMSZ_SZMR_I_KONYV_I_7_RESZ_A_tulajdonosi_alapitoi_joggyakorlassal_erintett_gazdalkodo_szervezetek_hatalyos_20251002.pdf\">I.7. R\u00c9SZ \u2013 A TULAJDONOSI\/ALAP\u00cdT\u00d3I JOGGYAKORL\u00c1SSAL \u00c9RINTETT GAZD\u00c1LKOD\u00d3 SZERVEZETEK<\/a><\/p>\n<p style=\"padding-left: 40px\"><a href=\"https:\/\/semmelweis.hu\/jogigfoig\/files\/2025\/12\/SZMSZ_SZMR_I_KONYV_I_7_RESZ_A_tulajdonosi_alapitoi_joggyakorlassal_hatalyos_20251002_ENG.pdf\">English version: I.7. SPECIAL PART \u2013 THE ECONOMIC ENTITIES INVOLVED IN THE OWNERSHIP\/FOUNDING<\/a><\/p>\n<p style=\"padding-left: 40px\">Deutsche Version: I.7. BESONDERER TEIL \u2013 DIE AN DER EIGENT\u00dcMERSCHAFT\/GR\u00dcNDUNG BETEILIGTEN WIRTSCHAFTLICHEN EINHEITEN<\/p>\n","protected":false},"excerpt":{"rendered":"<p><a href=\"https:\/\/semmelweis.hu\/jogigfoig\/files\/2025\/10\/SZMSZ_SZMR_I_KONYV_I_7_RESZ_A_tulajdonosi_alapitoi_joggyakorlassal_erintett_gazdalkodo_szervezetek_hatalyos_20251002.pdf\">I.7. R\u00c9SZ \u2013 A TULAJDONOSI\/ALAP\u00cdT\u00d3I JOGGYAKORL\u00c1SSAL \u00c9RINTETT GAZD\u00c1LKOD\u00d3 SZERVEZETEK<\/a><br \/>\n<a href=\"https:\/\/semmelweis.hu\/jogigfoig\/files\/2025\/12\/SZMSZ_SZMR_I_KONYV_I_7_RESZ_A_tulajdonosi_alapitoi_joggyakorlassal_hatalyos_20251002_ENG.pdf\">English version: I.7. SPECIAL PART \u2013 THE ECONOMIC ENTITIES INVOLVED IN THE OWNERSHIP\/FOUNDING<\/a><br \/>\nDeutsche Version: I.7. BESONDERER TEIL \u2013 DIE AN DER EIGENT\u00dcMERSCHAFT\/GR\u00dcNDUNG BETEILIGTEN WIRTSCHAFTLICHEN EINHEITEN<\/p>\n","protected":false},"author":102357,"featured_media":0,"parent":73487,"menu_order":0,"comment_status":"closed","ping_status":"closed","template":"","meta":{"_acf_changed":false,"footnotes":""},"categories":[],"tags":[],"class_list":["post-100671","page","type-page","status-publish","hentry"],"acf":[],"_links":{"self":[{"href":"https:\/\/semmelweis.hu\/jogigfoig\/wp-json\/wp\/v2\/pages\/100671","targetHints":{"allow":["GET"]}}],"collection":[{"href":"https:\/\/semmelweis.hu\/jogigfoig\/wp-json\/wp\/v2\/pages"}],"about":[{"href":"https:\/\/semmelweis.hu\/jogigfoig\/wp-json\/wp\/v2\/types\/page"}],"author":[{"embeddable":true,"href":"https:\/\/semmelweis.hu\/jogigfoig\/wp-json\/wp\/v2\/users\/102357"}],"replies":[{"embeddable":true,"href":"https:\/\/semmelweis.hu\/jogigfoig\/wp-json\/wp\/v2\/comments?post=100671"}],"version-history":[{"count":8,"href":"https:\/\/semmelweis.hu\/jogigfoig\/wp-json\/wp\/v2\/pages\/100671\/revisions"}],"predecessor-version":[{"id":103532,"href":"https:\/\/semmelweis.hu\/jogigfoig\/wp-json\/wp\/v2\/pages\/100671\/revisions\/103532"}],"up":[{"embeddable":true,"href":"https:\/\/semmelweis.hu\/jogigfoig\/wp-json\/wp\/v2\/pages\/73487"}],"wp:attachment":[{"href":"https:\/\/semmelweis.hu\/jogigfoig\/wp-json\/wp\/v2\/media?parent=100671"}],"wp:term":[{"taxonomy":"category","embeddable":true,"href":"https:\/\/semmelweis.hu\/jogigfoig\/wp-json\/wp\/v2\/categories?post=100671"},{"taxonomy":"post_tag","embeddable":true,"href":"https:\/\/semmelweis.hu\/jogigfoig\/wp-json\/wp\/v2\/tags?post=100671"}],"curies":[{"name":"wp","href":"https:\/\/api.w.org\/{rel}","templated":true}]}}