{"id":6,"date":"2020-06-16T13:15:02","date_gmt":"2020-06-16T11:15:02","guid":{"rendered":"https:\/\/semmelweis.hu\/intervencios-radiologia\/?page_id=6"},"modified":"2025-07-14T19:49:08","modified_gmt":"2025-07-14T17:49:08","slug":"az-intervencios-radiologiai-tanszek-bemutatasa","status":"publish","type":"page","link":"https:\/\/semmelweis.hu\/intervencios-radiologia\/az-intervencios-radiologiai-tanszek-bemutatasa\/","title":{"rendered":"Az Intervenci\u00f3s Radiol\u00f3giai Tansz\u00e9k \u00e9s Profil bemutat\u00e1sa"},"content":{"rendered":"<p style=\"text-align: justify\">Az intervenci\u00f3s radiol\u00f3gia a minim\u00e1lisan invaz\u00edv diagnosztikus \u00e9s ter\u00e1pi\u00e1s m\u00f3dszereket mag\u00e1ba foglal\u00f3 orvosi diszcipl\u00edna. Tansz\u00e9k\u00fcnk a V\u00e1rosmajori Sz\u00edv \u00e9s \u00c9rgy\u00f3gy\u00e1szati Klinika r\u00e9szek\u00e9nt alakult 2019-ben dr. Nemes Bal\u00e1zs vezet\u00e9s\u00e9vel, c\u00e9lja pedig az intervenci\u00f3s radiol\u00f3gia tudom\u00e1nyos k\u00e9pviselete az oktat\u00e1s \u00e9s kutat\u00e1s ter\u00e9n. 2022-ben VSZ\u00c9K keretein bel\u00fcl megalalkult az Intervenci\u00f3s Radiol\u00f3giai Profil, melynek feladata az intervenci\u00f3s radiol\u00f3giai beavatkoz\u00e1sok elv\u00e9gz\u00e9se. A betegell\u00e1t\u00e1st a Vaszkul\u00e1ris- \u00e9s az Intervenci\u00f3s Onkol\u00f3giai R\u00e9szlegek v\u00e9gzik. Munkat\u00e1rsaink t\u00f6bb telephelyen v\u00e9gzik munk\u00e1jukat, \u00edgy a V\u00e1rosmajori Sz\u00edv \u00e9s \u00c9rseb\u00e9szeti Klinik\u00e1n, a T\u00f6m\u00f6 utca 25-ben, valamint az \u00dcll\u0151i \u00fat 78\/A-ban m\u0171k\u00f6d\u0151 laborokban folytatunk betegell\u00e1t\u00e1st. A tansz\u00e9kvezet\u0151i feladatokat 2025-ben dr. med.habil. Dr. D\u00f3sa Edit PhD., egyetemi docens vette \u00e1t.\u00a0<\/p>\n<p><img loading=\"lazy\" decoding=\"async\" class=\"aligncenter\" src=\"https:\/\/semmelweis.hu\/intervencios-radiologia\/files\/2021\/01\/atlatszo-hatter-1024x811.png\" width=\"446\" height=\"353\" \/><\/p>\n<p>&nbsp;<\/p>\n","protected":false},"excerpt":{"rendered":"<p>Az intervenci\u00f3s radiol\u00f3gia a minim\u00e1lisan invaz\u00edv diagnosztikus \u00e9s ter\u00e1pi\u00e1s m\u00f3dszereket mag\u00e1ba foglal\u00f3 orvosi diszcipl\u00edna. Tansz\u00e9k\u00fcnk a V\u00e1rosmajori Sz\u00edv \u00e9s \u00c9rgy\u00f3gy\u00e1szati Klinika r\u00e9szek\u00e9nt alakult 2019-ben dr. Nemes Bal\u00e1zs vezet\u00e9s\u00e9vel, c\u00e9lja pedig az intervenci\u00f3s radiol\u00f3gia tudom\u00e1nyos k\u00e9pviselete az oktat\u00e1s \u00e9s kutat\u00e1s ter\u00e9n.<\/p>\n","protected":false},"author":12,"featured_media":11,"parent":0,"menu_order":0,"comment_status":"closed","ping_status":"closed","template":"","meta":{"_acf_changed":false,"footnotes":""},"categories":[],"tags":[],"class_list":["post-6","page","type-page","status-publish","has-post-thumbnail","hentry"],"acf":[],"_links":{"self":[{"href":"https:\/\/semmelweis.hu\/intervencios-radiologia\/wp-json\/wp\/v2\/pages\/6","targetHints":{"allow":["GET"]}}],"collection":[{"href":"https:\/\/semmelweis.hu\/intervencios-radiologia\/wp-json\/wp\/v2\/pages"}],"about":[{"href":"https:\/\/semmelweis.hu\/intervencios-radiologia\/wp-json\/wp\/v2\/types\/page"}],"author":[{"embeddable":true,"href":"https:\/\/semmelweis.hu\/intervencios-radiologia\/wp-json\/wp\/v2\/users\/12"}],"replies":[{"embeddable":true,"href":"https:\/\/semmelweis.hu\/intervencios-radiologia\/wp-json\/wp\/v2\/comments?post=6"}],"version-history":[{"count":11,"href":"https:\/\/semmelweis.hu\/intervencios-radiologia\/wp-json\/wp\/v2\/pages\/6\/revisions"}],"predecessor-version":[{"id":271,"href":"https:\/\/semmelweis.hu\/intervencios-radiologia\/wp-json\/wp\/v2\/pages\/6\/revisions\/271"}],"wp:featuredmedia":[{"embeddable":true,"href":"https:\/\/semmelweis.hu\/intervencios-radiologia\/wp-json\/wp\/v2\/media\/11"}],"wp:attachment":[{"href":"https:\/\/semmelweis.hu\/intervencios-radiologia\/wp-json\/wp\/v2\/media?parent=6"}],"wp:term":[{"taxonomy":"category","embeddable":true,"href":"https:\/\/semmelweis.hu\/intervencios-radiologia\/wp-json\/wp\/v2\/categories?post=6"},{"taxonomy":"post_tag","embeddable":true,"href":"https:\/\/semmelweis.hu\/intervencios-radiologia\/wp-json\/wp\/v2\/tags?post=6"}],"curies":[{"name":"wp","href":"https:\/\/api.w.org\/{rel}","templated":true}]}}

Az Intervenciós Radiológiai Tanszék és Profil bemutatása

<p style="text-align: justify">Az intervenciós radiológia a minimálisan invazív diagnosztikus és terápiás módszereket magába foglaló orvosi diszciplína. Tanszékünk a Városmajori Szív és Érgyógyászati Klinika részeként alakult 2019-ben dr. Nemes Balázs vezetésével, célja pedig az intervenciós radiológia tudományos képviselete az oktatás és kutatás terén. 2022-ben VSZÉK keretein belül megalalkult az Intervenciós Radiológiai Profil, melynek feladata az intervenciós radiológiai beavatkozások elvégzése. A betegellátást a Vaszkuláris- és az Intervenciós Onkológiai Részlegek végzik. Munkatársaink több telephelyen végzik munkájukat, így a Városmajori Szív és Érsebészeti Klinikán, a Tömö utca 25-ben, valamint az Üllői út 78/A-ban működő laborokban folytatunk betegellátást. A tanszékvezetői feladatokat 2025-ben dr. med.habil. Dr. Dósa Edit PhD., egyetemi docens vette át. </p>
<p><img loading="lazy" decoding="async" class="aligncenter" src="https://semmelweis.hu/intervencios-radiologia/files/2021/01/atlatszo-hatter-1024x811.png" width="446" height="353" /></p>
<p>&nbsp;</p>

<p>Az intervenciós radiológia a minimálisan invazív diagnosztikus és terápiás módszereket magába foglaló orvosi diszciplína. Tanszékünk a Városmajori Szív és Érgyógyászati Klinika részeként alakult 2019-ben dr. Nemes Balázs vezetésével, célja pedig az intervenciós radiológia tudományos képviselete az oktatás és kutatás terén.</p>
