{"id":485,"date":"2022-08-19T08:02:44","date_gmt":"2022-08-19T06:02:44","guid":{"rendered":"https:\/\/semmelweis.hu\/international40\/?page_id=485"},"modified":"2022-12-05T09:32:33","modified_gmt":"2022-12-05T08:32:33","slug":"historischer-rueckblick","status":"publish","type":"page","link":"https:\/\/semmelweis.hu\/international40\/de\/internationale-ausbildung\/historischer-rueckblick\/","title":{"rendered":"Historischer R\u00fcckblick"},"content":{"rendered":"<h4><strong>Die Anf\u00e4nge: Die Gr\u00fcndung der Universit\u00e4t<\/strong><\/h4>\n<p>1769 erweiterte Maria Theresia die Universit\u00e4t von Nagyszombat um eine medizinische Fakult\u00e4t und legte damit den Grundstein f\u00fcr die Semmelweis Universit\u00e4t. Die Geschichte des Instituts reicht somit mehr als ein Vierteljahrtausend zur\u00fcck und macht sie zur \u00e4ltesten noch bestehenden medizinischen Hochschule in Ungarn.\u00a0<a href=\"https:\/\/semmelweis.hu\/deutsch\/semmelweis-universitaet\/geschichte-der-universitat\/\">Lesen Sie hier mehr \u00fcber die Geschichte der Semmelweis Universit\u00e4t.<\/a><\/p>\n<div class=\"fontos_div\">\n<p>Die medizinische Ausbildung an der Semmelweis Universit\u00e4t basiert auf internationalen Grundlagen: Das Ausbildungssystem wurde vom Hofarzt der Gr\u00fcndungsmonarchin, K\u00f6nigin Maria Theresia, dem aus den Niederlanden stammenden Gerard van Swieten, nach dem Vorbild der Wiener Medizinischen Fakult\u00e4t entwickelt, die nach dem Vorbild der Medizinischen Fakult\u00e4t Leiden reformiert wurde.<\/p>\n<\/div>\n<p>Die Unterrichtssprache war entsprechend den europ\u00e4ischen Formen Latein f\u00fcr die angehenden \u00c4rzte und Chirurgen sowie Ungarisch, Deutsch und Slowakisch f\u00fcr die Studenten der Chirurgie und der Hebammenkunde. Die vollst\u00e4ndige Umstellung auf Ungarisch als Unterrichtssprache erfolgte nach dem Ausgleich von 1867.<\/p>\n<h4><strong>Beginn der internationalen Ausbildung<\/strong><\/h4>\n<p>Zwischen 1959 und 1969 wurde an der Universit\u00e4t vor\u00fcbergehend auch deutschsprachiger Unterricht angeboten, was auf eine besondere historische Situation zur\u00fcckzuf\u00fchren war: Das Hochschulsystem der ehemaligen DDR konnte die in den Westen geflohenen deutschen \u00c4rzte nicht sofort ersetzen, so dass auch andere sozialistische L\u00e4nder an der Ausbildung beteiligt waren. So kamen im Jahr 1959 122 deutsche Medizinstudenten in Begleitung eines Dozenten nach Budapest. Im Laufe von zehn Jahren besuchten insgesamt 312 ostdeutsche Studenten die Universit\u00e4t.<\/p>\n<div class=\"fontos_div\">\n<p>Die heutige internationale Ausbildung <strong>begann vor 40 Jahren, im Jahr 1983<\/strong>.<\/p>\n<\/div>\n<p>In den fr\u00fchen 1980er Jahren sahen Dr. Attila Horv\u00e1th, Pr\u00e4sident des McDaniel College (vormals: College International), und Dr. L\u00e1szl\u00f3 Freny\u00f3, Dekan des McDaniel College, die M\u00f6glichkeit, k\u00fcnftige \u00c4rzte in Ungarn auszubilden, die aufgrund der begrenzten Zahl von \u00c4rzten in BRD nicht zum Medizinstudium in ihrem Land zugelassen wurden. Das Programm zog 250 BewerberInnen an, von denen 120 angenommen wurden, um im September desselben Jahres ihr Medizinstudium in Deutschland zu beginnen. Das McDaniel College und die Semmelweis Universit\u00e4t arbeiten bis heute eng zusammen. Jedes Jahr organisiert das College einen zwei Semester langen Vorbereitungskurs auf Englisch und auf Deutsch mit eigenen DozentInnen und mit denen der Semmelweis Universit\u00e4t. Viele unserer internationalen MedizinstudentInnen haben die erforderlichen naturwissenschaftlichen Kenntnisse f\u00fcr das Studium im Vorbereitungskurs des McDaniel College erworben.<\/p>\n<h6 style=\"text-align: center\"><a href=\"https:\/\/semmelweis.hu\/international40\/files\/2022\/07\/RS45067_10239-scr.jpg\"><img loading=\"lazy\" decoding=\"async\" class=\"aligncenter size-full wp-image-146\" src=\"https:\/\/semmelweis.hu\/international40\/files\/2022\/07\/RS45067_10239-scr.jpg\" alt=\"\" width=\"950\" height=\"622\" srcset=\"https:\/\/semmelweis.hu\/international40\/files\/2022\/07\/RS45067_10239-scr.jpg 950w, https:\/\/semmelweis.hu\/international40\/files\/2022\/07\/RS45067_10239-scr-400x262.jpg 400w, https:\/\/semmelweis.hu\/international40\/files\/2022\/07\/RS45067_10239-scr-768x503.jpg 768w, https:\/\/semmelweis.hu\/international40\/files\/2022\/07\/RS45067_10239-scr-753x493.jpg 753w\" sizes=\"auto, (max-width: 950px) 100vw, 950px\" \/><\/a><span style=\"font-size: 12pt\">Die deutschsprachige medizinische Ausbildung begann im Jahr 1983.<\/span><\/h6>\n<p>Die deutschsprachige medizinische Ausbildung an der Universit\u00e4t wurde von Dr. Attila Fony\u00f3, Direktor des Instituts f\u00fcr Physiologie und Dekan der Medizinischen Fakult\u00e4t (1985-1991), ins Leben gerufen. Der erste Vorsitzende des Gremiums f\u00fcr die operative Leitung des deutschsprachigen Studiums war Dr. Zolt\u00e1n Szab\u00f3, Universit\u00e4tsprofessor, und Mitglieder waren Dr. Tam\u00e1s Garz\u00f3, Universit\u00e4tsadjunkt, Dr. P\u00e1l Blah\u00f3, Universit\u00e4tshauptsekret\u00e4r, Dr. Andr\u00e1s G\u00e1lsz\u00e9csi, stellvertretender Generaldirektor f\u00fcr Wirtschaft, Dr. Tam\u00e1s \u00c1cs, Senior Research Fellow, und sp\u00e4ter Dr. J\u00e1nos Urbancsek, Universit\u00e4tsprofessor. Die derzeitigen Mitglieder der Zulassungskommission f\u00fcr deutschsprachige Studieng\u00e4nge sind Dr. P\u00e1l R\u00f6hlich, Dr. Krisztina K\u00e1ldi, Dr. Ferenc T\u00f6lgyesi, Dr. Tam\u00e1s Kardon und Dr. G\u00e1bor Szab\u00f3.<\/p>\n<p>1987 wurde das Studienangebot erweitert und das Zahnmedizinstudium nun auch in deutscher Sprache angeboten.<\/p>\n<p>Die ersten deutschsprachigen Diplome f\u00fcr MedizinstudentInnen wurden 1989 verliehen. Diejenigen, die hier, in Budapest ihre Ausbildung ganz oder teilweise absolviert haben, &#8222;haben sich alle problemlos in die deutsche \u00c4rzteschaft integriert, was f\u00fcr die hohe Qualit\u00e4t der medizinischen Ausbildung in Budapest spricht&#8221;, sagte Frank Ulrich Montgomery, Pr\u00e4sident der Bundes\u00e4rztekammer, auf dem Alumni-Treffen 2014.<\/p>\n<p>Im selben Jahr, 1989, startete die Universit\u00e4t auch die Ausbildung von \u00c4rztInnen, Zahn\u00e4rztInnen und PharmazeutInnen in englischer Sprache.<\/p>\n<h4><strong>Organisations\u00e4nderungen<\/strong><\/h4>\n<p>Ebenfalls im Jahr 1989 wurde das Sekretariat f\u00fcr ausl\u00e4ndische Studierende eingerichtet. Ende der 1980er Jahre stieg die Zahl der internationalen Studenten, die sich an der Semmelweis Universit\u00e4t bewarben, so dass die Einrichtung einer neuen Abteilung notwendig wurde. Die Leiter der neuen Abteilung waren Dr. Anna K\u00e1d\u00e1r (1989-2005), Dr. M\u00e1rk Kollai (2005-2018), Dr. Erzs\u00e9bet Ligeti (2005-2014), Dr. Attila M\u00f3csai (2014-2019).<\/p>\n<p>Der Vorstand f\u00fcr englischsprachige Ausbildung befasste sich von Anfang an bis Ende 2010 mit Zulassungen und studentischen Themen. Dr. Istv\u00e1n Gera und Dr. J\u00f3zsef Mandl spielten als Gr\u00fcndungsmitglieder eine Schl\u00fcsselrolle in Fragen der Ausbildung von Zahn\u00e4rztInnen bzw. Allgemeinmedizinern. Dr. \u00c1gnes K\u00e9ry war f\u00fcr die Ausbildung von PharmazeutInnen zust\u00e4ndig. Weitere Mitglieder des Gremiums waren Dr. Andr\u00e1s Csillag, Dr. L\u00e1szl\u00f3 Kalabay, Dr. L\u00e1szl\u00f3 Tretter und Dr. Andrea Sz\u00e9kely.<\/p>\n<h6 style=\"text-align: center\"><a href=\"https:\/\/semmelweis.hu\/international40\/files\/2022\/08\/RS157410_Ku\u0308lfo\u0308ldi-hallgato\u0301k23-001-scr.jpg\"><img loading=\"lazy\" decoding=\"async\" class=\"aligncenter wp-image-150 size-large\" src=\"https:\/\/semmelweis.hu\/international40\/files\/2022\/08\/RS157410_Ku\u0308lfo\u0308ldi-hallgato\u0301k23-001-scr-1024x721.jpg\" alt=\"\" width=\"753\" height=\"530\" srcset=\"https:\/\/semmelweis.hu\/international40\/files\/2022\/08\/RS157410_Ku\u0308lfo\u0308ldi-hallgato\u0301k23-001-scr-1024x721.jpg 1024w, https:\/\/semmelweis.hu\/international40\/files\/2022\/08\/RS157410_Ku\u0308lfo\u0308ldi-hallgato\u0301k23-001-scr-400x281.jpg 400w, https:\/\/semmelweis.hu\/international40\/files\/2022\/08\/RS157410_Ku\u0308lfo\u0308ldi-hallgato\u0301k23-001-scr-768x540.jpg 768w, https:\/\/semmelweis.hu\/international40\/files\/2022\/08\/RS157410_Ku\u0308lfo\u0308ldi-hallgato\u0301k23-001-scr-753x530.jpg 753w, https:\/\/semmelweis.hu\/international40\/files\/2022\/08\/RS157410_Ku\u0308lfo\u0308ldi-hallgato\u0301k23-001-scr.jpg 1154w\" sizes=\"auto, (max-width: 753px) 100vw, 753px\" \/><\/a><span style=\"font-size: 12pt\">1993 wurden die ersten Diplome an AbsolventInnen der englischsprachigen Ausbildung verliehen.<\/span><\/h6>\n<p>Die Sekretariate sind f\u00fcr die akademischen Angelegenheiten der Studierenden in internationalen Studieng\u00e4ngen zust\u00e4ndig. Ihre Rolle geht oft \u00fcber die formale Verwaltung hinaus: Sie vermitteln den Studierenden, die an einer Universit\u00e4t in einer fremden Umgebung eingeschrieben sind, in einem Land, in dem es schwierig ist, die Fremdsprache zu lernen, auch ein Gef\u00fchl von Sicherheit und Geborgenheit. Magdolna Fony\u00f3 war seit 1983 Leiterin des Studentensekretariats f\u00fcr deutschsprachige Kurse, die Leiterin seit 2016 ist Edit Gimpl. Seit dem Beginn der englischsprachigen Ausbildung im Jahr 1989 war das Studentensekretariat von Olga Orb\u00e1nn\u00e9 V\u00e1nyi geleitet. 2022 hat Andrea Kevi dieses Amt \u00fcbernommen.<\/p>\n<div class=\"fontos_div\">\n<p>Hunderte von Menschen nahmen an dem Alumni-Treffen teil, das anl\u00e4sslich des 20-j\u00e4hrigen Bestehens der internationalen Ausbildung im Jahr 2003 veranstaltet wurde.<\/p>\n<\/div>\n<p>Ein Jahr sp\u00e4ter, im Jahr 2004, wurde das Studienangebot erweitert, indem ein englischsprachiger Studiengang f\u00fcr Physiotherapie an der Fakult\u00e4t f\u00fcr Gesundheitswissenschaften eingerichtet wurde.<\/p>\n<p>Im Jahr 2006 wurden eigene Interessengruppe f\u00fcr Studierende deutsch- und englischsprachiger Studieng\u00e4nge gegr\u00fcndet. Die Deutschsprachige Studentenvertretung Semmelweis (DSVS) und die International Semmelweis Student Association (ISSA) fungieren als Bindeglied zwischen den Studierenden und der Universit\u00e4t.<\/p>\n<p><strong>Gr\u00fcndung des Aklepios Campus Hamburg (ACH)<\/strong><\/p>\n<p>Der erste au\u00dferuniversit\u00e4re Lehrgang der Semmelweis Universit\u00e4t wurde 2008 ins Leben gerufen. Der Asklepios Campus Hamburg (ACH) bietet deutschsprachigen MedizinstudentInnen die M\u00f6glichkeit, nach einer zweij\u00e4hrigen theoretischen Ausbildung in Budapest auf der Grundlage des ungarischen Curriculums ihr Studium in Deutschland auf dem Hamburger Campus fortzusetzen. Die ersten Diplome wurden im Jahr 2012 verliehen. Im vergangenen Studienjahr, im Juli 2022, erhielten 54 AbsolventInnen ihre Diplome in der ungarischen Botschaft in Berlin.<\/p>\n<h6 style=\"text-align: center\"><a href=\"https:\/\/semmelweis.hu\/international40\/files\/2022\/08\/RS52054_Csoportkep-scr.jpg\"><img loading=\"lazy\" decoding=\"async\" class=\"aligncenter wp-image-450 size-full\" src=\"https:\/\/semmelweis.hu\/international40\/files\/2022\/08\/RS52054_Csoportkep-scr.jpg\" alt=\"\" width=\"950\" height=\"588\" srcset=\"https:\/\/semmelweis.hu\/international40\/files\/2022\/08\/RS52054_Csoportkep-scr.jpg 950w, https:\/\/semmelweis.hu\/international40\/files\/2022\/08\/RS52054_Csoportkep-scr-400x248.jpg 400w, https:\/\/semmelweis.hu\/international40\/files\/2022\/08\/RS52054_Csoportkep-scr-768x475.jpg 768w, https:\/\/semmelweis.hu\/international40\/files\/2022\/08\/RS52054_Csoportkep-scr-753x466.jpg 753w\" sizes=\"auto, (max-width: 950px) 100vw, 950px\" \/><\/a><span style=\"font-size: 12pt\">ACH-Diplomverleihung, 2016.<\/span><\/h6>\n<p>Die Bildungsaufgaben der Universit\u00e4t und damit auch der Raumbedarf haben sich f\u00fcr 2008 stark erh\u00f6ht. In diesem Jahr wurde das neue Geb\u00e4ude der Semmelweis Universit\u00e4t in der T\u0171zolt\u00f3 Stra\u00dfe in Budapest fertiggestellt. Das Zentrum f\u00fcr Vorklinik (ung. Abk. EOK) entspricht den Anforderungen der modernen Zeit und verf\u00fcgt \u00fcber Labore, H\u00f6rs\u00e4le, B\u00fcros und ein modernes Tierhaus, die eine erfolgreiche Arbeit und Entwicklung unterst\u00fctzen.<\/p>\n<p>Ein Jahr nach dem Start von ACH wurde das Angebot der Semmelweis Universit\u00e4t f\u00fcr die Ausbildung au\u00dferhalb des Campus erweitert: Seit 2009 wird der BSc in Physiotherapie in Lugano, Schweiz, in englischer Sprache angeboten. Im Jahr 2013 wurde der Kurs auch auf Italienisch eingef\u00fchrt.<\/p>\n<p>In diesem Jahr wurde auch zum ersten Mal der Semmelweis-Karneval organisiert, zu dem auch das Internationale Kulinarische Festival geh\u00f6rte.<\/p>\n<p>Im Jahr 2010 startete die Semmelweis Universit\u00e4t ihr drittes au\u00dferhalb des Campus angesiedeltes Ausbildungsprogramm als Teil der Fakult\u00e4t f\u00fcr \u00d6ffentliches Gesundheitswesen. Der slowakischsprachige Fortbildungskurs f\u00fcr Gesundheitsmanagement wurde 2012 in Bratislava ins Leben gerufen.<\/p>\n<p>Nach der deutschsprachigen Ausbildung in der Medizin und Zahnmedizin wurde 2011 ein deutschsprachiger Studiengang zum PharmazeutInnen in den Lehrplan der Universit\u00e4t aufgenommen. Die AbsolventInnen k\u00f6nnen mit ihrem Diplom einen Doktortitel in Pharmazie erwerben, was in Deutschland und \u00d6sterreich eine Seltenheit ist.<\/p>\n<h6 style=\"text-align: center\"><a href=\"https:\/\/semmelweis.hu\/international40\/files\/2022\/08\/RS18534_KA-20140614-IMG_8824-nemzetkozi-alumni-scr.jpg\"><img loading=\"lazy\" decoding=\"async\" class=\"aligncenter size-full wp-image-444\" src=\"https:\/\/semmelweis.hu\/international40\/files\/2022\/08\/RS18534_KA-20140614-IMG_8824-nemzetkozi-alumni-scr.jpg\" alt=\"\" width=\"950\" height=\"633\" srcset=\"https:\/\/semmelweis.hu\/international40\/files\/2022\/08\/RS18534_KA-20140614-IMG_8824-nemzetkozi-alumni-scr.jpg 950w, https:\/\/semmelweis.hu\/international40\/files\/2022\/08\/RS18534_KA-20140614-IMG_8824-nemzetkozi-alumni-scr-400x267.jpg 400w, https:\/\/semmelweis.hu\/international40\/files\/2022\/08\/RS18534_KA-20140614-IMG_8824-nemzetkozi-alumni-scr-768x512.jpg 768w, https:\/\/semmelweis.hu\/international40\/files\/2022\/08\/RS18534_KA-20140614-IMG_8824-nemzetkozi-alumni-scr-753x502.jpg 753w, https:\/\/semmelweis.hu\/international40\/files\/2022\/08\/RS18534_KA-20140614-IMG_8824-nemzetkozi-alumni-scr-203x135.jpg 203w\" sizes=\"auto, (max-width: 950px) 100vw, 950px\" \/><\/a><span style=\"font-size: 12pt\">Internationales Alumni-Treffen, 2014.<\/span><\/h6>\n<p>In Fortsetzung der Tradition fand 2014 ein weiteres Jubil\u00e4umstreffen statt, um das 30-j\u00e4hrige Bestehen der internationalen Ausbildung zu feiern. &#8222;Ich bin stolz darauf, dass das, wovon unsere Vorg\u00e4nger vor 30 Jahren getr\u00e4umt haben, heute zu einer Erfolgsgeschichte geworden ist&#8221;, sagte Dr. \u00c1goston Sz\u00e9l, der damalige Rektor der Universit\u00e4t, bei der Er\u00f6ffnungsfeier.<\/p>\n<p>Im Rahmen der internationalen Ausbildung, aber in ungarischer Sprache, gibt es Ausbildungen in zwei weiteren L\u00e4ndern au\u00dferhalb Ungarns. Im Jahr 2017 begann die Semmelweis Universit\u00e4t eine Konduktorenausbildung in Illyefalva (Rum\u00e4nien) sowie in Subotica und Zenta (Serbien) anzubieten, da die Andr\u00e1s Pet\u0151 Fakult\u00e4t (PAK) im selben Jahr in die Universit\u00e4t integriert wurde. In den Ausbildungskursen des international renommierten Zentrums f\u00fcr Konduktive P\u00e4dagogik werden KonduktorInnen zu p\u00e4dagogischen Fachkr\u00e4ften ausgebildet, die mit theoretischen Kenntnissen und F\u00e4higkeiten in der Lage sind, Menschen mit sonderp\u00e4dagogischem F\u00f6rderbedarf (mit St\u00f6rungen des zentralen Nervensystems) jeden Alters konduktiv zu f\u00f6rdern. Die englischsprachige Ausbildung von Kondukteuren begann in PAK im Jahr 2022.<\/p>\n<p>Semaphor (Semmelweis Application Handling and Online Review) wurde als von der Universit\u00e4t entwickeltes Bewerbungsportal f\u00fcr ausl\u00e4ndische BewerberInnen eingef\u00fchrt, das die Zulassung und Bearbeitung von Tausenden von Bewerbungen, die jedes Jahr zunehmen, effizient unterst\u00fctzt.<\/p>\n<p>Im Jahr 2019 wird das 1989 gegr\u00fcndete Sekretariat f\u00fcr internationale Studierende unter der Leitung von Dr. Al\u00e1n Alp\u00e1r, Vizerektor f\u00fcr internationale Bildung, unter dem Namen Direktion f\u00fcr Internationales Studium weitergef\u00fchrt. Mit der organisatorischen \u00c4nderung wurde das Institut f\u00fcr Internationale Studien unter der Leitung von Dr. Mikl\u00f3s Csala, dem Direktor, mit zwei Sekretariaten eingerichtet, die den Namen Studentensekreteriat f\u00fcr das deutschsprachige Studium und Studentensekreteriat f\u00fcr das englischsprachige Studium tragen. Die internationale Ausbildung und die studentischen Angelegenheiten der Universit\u00e4t wurden damit in die Zust\u00e4ndigkeit des Vizerektors gelegt. Eines der Hauptziele der Umstrukturierung ist die Integration internationaler Studierender in das Leben der Universit\u00e4t.<\/p>\n<h6 style=\"text-align: center\"><a href=\"https:\/\/semmelweis.hu\/international40\/files\/2022\/08\/RS102363_IMG_4132-scr.jpg\"><img loading=\"lazy\" decoding=\"async\" class=\"aligncenter wp-image-452 size-full\" src=\"https:\/\/semmelweis.hu\/international40\/files\/2022\/08\/RS102363_IMG_4132-scr.jpg\" alt=\"\" width=\"950\" height=\"633\" srcset=\"https:\/\/semmelweis.hu\/international40\/files\/2022\/08\/RS102363_IMG_4132-scr.jpg 950w, https:\/\/semmelweis.hu\/international40\/files\/2022\/08\/RS102363_IMG_4132-scr-400x267.jpg 400w, https:\/\/semmelweis.hu\/international40\/files\/2022\/08\/RS102363_IMG_4132-scr-768x512.jpg 768w, https:\/\/semmelweis.hu\/international40\/files\/2022\/08\/RS102363_IMG_4132-scr-753x502.jpg 753w, https:\/\/semmelweis.hu\/international40\/files\/2022\/08\/RS102363_IMG_4132-scr-203x135.jpg 203w\" sizes=\"auto, (max-width: 950px) 100vw, 950px\" \/><\/a><span style=\"font-size: 12pt\">Forum der Bildungszentrale f\u00fcr Internationale Studierende (NHKK), 2019<\/span><\/h6>\n<p>2020 wurde der slowakischsprachige Master-Studiengang Gesundheitsmanagement in Bratislava eingef\u00fchrt.<\/p>\n<p>Ebenfalls im Jahr 2020 wurden f\u00fcr ungarische, deutsche und internationale Studierende integrierte Kurse in englischer Sprache eingef\u00fchrt. Die Universit\u00e4t rief eine Reihe von gemeinsamen Kursen f\u00fcr ungarische und internationale Studierende ins Leben, um die Integration der StudentInnen zu f\u00f6rdern. Diese Wahlf\u00e4cher werden in englischer Sprache gehalten und bieten ungarischen, deutschsprachigen und englischsprachigen Studierenden die M\u00f6glichkeit, Kreditpunkte, Kenntnisse und Kontakte zu erwerben. Zwei Jahre sp\u00e4ter gibt es nun mehr als 70 integrierte Kurse.<\/p>\n<p>Als Reaktion auf die starke Entwicklung des internationalen Bildungswesens beginnt die Semmelweis Universit\u00e4t mit dem Entwurf eines neuen Geb\u00e4udes, namens EOK2 ein Jahr vor dem 40-j\u00e4hrigen Jubil\u00e4um.<\/p>\n<h4><strong>Jubil\u00e4um<\/strong><\/h4>\n<p>Das Projekt Semmelweis International 40, das von September dieses Jahres bis Juli 2023 l\u00e4uft, wird das gesamte akademische Jahr umfassen. Es wird das 40-j\u00e4hrige Bestehen der medizinischen Ausbildung feiern, aber es geht nicht nur um die medizinische Ausbildung: es wird das gesamte internationale Ausbildungsangebot der Semmelweis Universit\u00e4t abdecken und die Erfolge pr\u00e4sentieren. Ziel des Projekts ist es, an vier Jahrzehnte internationale Ausbildung an der Semmelweis Universit\u00e4t zu erinnern und die Erfolge und Ergebnisse der Universit\u00e4t zu pr\u00e4sentieren.<\/p>\n<p>Weitere Informationen zur 40-j\u00e4hrigen Geschichte der internationalen Bildung finden Sie <a href=\"https:\/\/semmelweis.hu\/international40\/de\/zeitlinie\/\">in der illustrierten Zeitlinie<\/a> und den entsprechenden Veranstaltungen im <a href=\"https:\/\/semmelweis.hu\/deutsch\/international-40-kalender\/\">Veranstaltungskalender.<\/a><\/p>\n","protected":false},"excerpt":{"rendered":"<p>Die Anf\u00e4nge: Die Gr\u00fcndung der Universit\u00e4t 1769 erweiterte Maria Theresia die Universit\u00e4t von Nagyszombat um eine medizinische Fakult\u00e4t und legte damit den Grundstein f\u00fcr die Semmelweis Universit\u00e4t. Die Geschichte des Instituts reicht somit mehr als ein Vierteljahrtausend zur\u00fcck und macht sie zur \u00e4ltesten noch bestehenden medizinischen Hochschule in Ungarn.\u00a0 <a href=\"https:\/\/semmelweis.hu\/deutsch\/semmelweis-universitaet\/geschichte-der-universitat\/\">Lesen Sie hier mehr \u00fcber die Geschichte der Semmelweis Universit\u00e4t.<\/a> Die medizinische Ausbildung an der Semmelweis &hellip;<\/p>\n","protected":false},"author":12,"featured_media":0,"parent":456,"menu_order":0,"comment_status":"closed","ping_status":"closed","template":"","meta":{"_acf_changed":false,"footnotes":""},"categories":[],"tags":[],"class_list":["post-485","page","type-page","status-publish","hentry"],"acf":[],"_links":{"self":[{"href":"https:\/\/semmelweis.hu\/international40\/wp-json\/wp\/v2\/pages\/485","targetHints":{"allow":["GET"]}}],"collection":[{"href":"https:\/\/semmelweis.hu\/international40\/wp-json\/wp\/v2\/pages"}],"about":[{"href":"https:\/\/semmelweis.hu\/international40\/wp-json\/wp\/v2\/types\/page"}],"author":[{"embeddable":true,"href":"https:\/\/semmelweis.hu\/international40\/wp-json\/wp\/v2\/users\/12"}],"replies":[{"embeddable":true,"href":"https:\/\/semmelweis.hu\/international40\/wp-json\/wp\/v2\/comments?post=485"}],"version-history":[{"count":4,"href":"https:\/\/semmelweis.hu\/international40\/wp-json\/wp\/v2\/pages\/485\/revisions"}],"predecessor-version":[{"id":603,"href":"https:\/\/semmelweis.hu\/international40\/wp-json\/wp\/v2\/pages\/485\/revisions\/603"}],"up":[{"embeddable":true,"href":"https:\/\/semmelweis.hu\/international40\/wp-json\/wp\/v2\/pages\/456"}],"wp:attachment":[{"href":"https:\/\/semmelweis.hu\/international40\/wp-json\/wp\/v2\/media?parent=485"}],"wp:term":[{"taxonomy":"category","embeddable":true,"href":"https:\/\/semmelweis.hu\/international40\/wp-json\/wp\/v2\/categories?post=485"},{"taxonomy":"post_tag","embeddable":true,"href":"https:\/\/semmelweis.hu\/international40\/wp-json\/wp\/v2\/tags?post=485"}],"curies":[{"name":"wp","href":"https:\/\/api.w.org\/{rel}","templated":true}]}}