{"id":510,"date":"2014-03-18T12:21:39","date_gmt":"2014-03-18T11:21:39","guid":{"rendered":"http:\/\/semmelweis.hu\/informatika\/?page_id=510"},"modified":"2025-08-14T14:11:00","modified_gmt":"2025-08-14T12:11:00","slug":"eroforrasok-tavoli-elerese","status":"publish","type":"page","link":"https:\/\/semmelweis.hu\/informatika\/egyeb-szolgaltatasok\/egyeb-szolgaltatasok-2\/eroforrasok-tavoli-elerese\/","title":{"rendered":"Er\u0151forr\u00e1sok t\u00e1voli el\u00e9r\u00e9se"},"content":{"rendered":"<div class=\"bg-white border border-danger d-block text-danger p-2\">\n<h5 class=\"text-danger\" style=\"text-align: left\"><span style=\"font-family: 'PT serif', serif;font-size: 1rem;font-weight: 400\">Tisztelt Munkat\u00e1rsunk!<\/span><\/h5>\n<div id=\"GroupWiseSection_1598259696000_sandor.laszlo@semmelweis.hu_3B9776811C0B0000A9E4000000000000_\" class=\"GroupWiseMessageBody\">\n<div style=\"text-align: left\">A dolgoz\u00f3i VPN 2024.01.01. napj\u00e1t\u00f3l<br \/>\n<strong>kiz\u00e1r\u00f3lag O365-s, @semmelweis.hu-s azonos\u00edt\u00f3val<\/strong> \u00e9rhet\u0151 el!<\/div>\n<\/div>\n<\/div>\n<h2><span style=\"font-size: 18pt\">VPN kapcsolatok az egyetemi h\u00e1l\u00f3zaton<\/span><\/h2>\n<p>A Semmelweis Egyetem h\u00e1l\u00f3zat\u00e1nak t\u00e1voli el\u00e9r\u00e9se az al\u00e1bbi virtu\u00e1lis mag\u00e1nh\u00e1l\u00f3zat (VPN) szolg\u00e1ltat\u00e1sokon kereszt\u00fcl lehets\u00e9ges. Az SAP, Neptun, Poszeidon rendszerek 2020.08.25. napj\u00e1t\u00f3l kiz\u00e1r\u00f3lag az OpenVPN-en kereszt\u00fcl \u00e9rhet\u0151k el. Az OpenVPN hozz\u00e1f\u00e9r\u00e9s ig\u00e9nyl\u00e9se teljesen elektronikus.<\/p>\n<p><strong>1. Dolgoz\u00f3i VPN<br \/>\n<\/strong>A szolg\u00e1ltat\u00e1st minden munkat\u00e1rs ig\u00e9nybe tudja venni az O365 azonos\u00edt\u00f3j\u00e1val, mely lehet\u0151s\u00e9get biztos\u00edt az Intranet, az E-t\u00e1rhely (b\u00e9rjegyz\u00e9kek), az egyetemi levelez\u0151rendszer, az egyetemi f\u00e1jlszerverek, a k\u00f6nyvt\u00e1ri adatb\u00e1zisok, az informatikai hibabejelent\u0151\u00a0 <a href=\"https:\/\/helpdesk.semmelweis.hu\/Home\">helpdesk.semmelweis.hu<\/a>\u00a0 port\u00e1l, tov\u00e1bb\u00e1 a m\u0171szaki hibabejelent\u0151 (GLPI) <a href=\"http:\/\/glpi.intra.usn.hu\/index.php\">glpi.semmelweis.hu<\/a> port\u00e1l el\u00e9r\u00e9s\u00e9hez. Ezeknek a haszn\u00e1lat\u00e1hoz nem kell k\u00fcl\u00f6n hozz\u00e1f\u00e9r\u00e9st ig\u00e9nyelni.<\/p>\n<h5>Telep\u00edt\u00e9si \u00fatmutat\u00f3k:<\/h5>\n<ul>\n<li>Windows 10 -&gt; <a href=\"https:\/\/semmelweis.hu\/informatika\/files\/2025\/08\/DolgozoiVPNwin10_2025.pdf\" target=\"_blank\" rel=\"noopener noreferrer\">DolgozoiVPN_O365_win10.pdf<\/a><\/li>\n<li>Windows 11 -&gt; <a href=\"https:\/\/semmelweis.hu\/informatika\/files\/2024\/04\/DolgozoiVPN_O365_Win11.pdf\">DolgozoiVPN_O365_Win11.pdf<\/a><\/li>\n<li><span style=\"font-size: 1rem\">MacOS -&gt;\u00a0 <\/span><a href=\"https:\/\/semmelweis.hu\/informatika\/files\/2024\/04\/DolgozoiVPN_O365_MacOS.pdf\">DolgozoiVPN_O365_MacOS.pdf<\/a><\/li>\n<\/ul>\n<p><strong>2. OpenVPN<br \/>\n<\/strong>A kritikus, k\u00fcl\u00f6n\u00f6sen \u00e9rz\u00e9keny adatokat tartalmaz\u00f3 rendszerek t\u00e1voli el\u00e9r\u00e9se el\u0151zetes enged\u00e9lyhez k\u00f6t\u00f6tt. Ebbe a k\u00f6rbe tartoznak a medikai-, gazd\u00e1lkod\u00e1si- (SAP), \u00fcgyviteli- (Poszeidon), tanulm\u00e1nyi- (Neptun), tov\u00e1bb\u00e1 k\u00fcl\u00f6nb\u00f6z\u0151 biztons\u00e1gi rendszerek.<\/p>\n<p>Az OpenVPN ig\u00e9nyl\u00e9se az egyetemi polg\u00e1rok \u00e9s a szerz\u0151d\u00e9ses partnerek r\u00e9sz\u00e9re kiz\u00e1r\u00f3lag az Online VPN ig\u00e9nyl\u0151 rendszeren kereszt\u00fcl lehets\u00e9ges: <a href=\"http:\/\/openvpnigenylo.semmelweis.hu.\/login\">openvpn.semmelweis.hu<\/a>.\u00a0<br \/>\nA bel\u00e9p\u00e9s Novell\/GroupWise felhaszn\u00e1l\u00f3i n\u00e9vvel (pl.: kovend) \u00e9s jelsz\u00f3val t\u00f6rt\u00e9nik. A felt\u00f6lt\u00f6tt ig\u00e9nyek iktat\u00e1s\u00e1ra \u00e9s postai k\u00f6r\u00f6ztet\u00e9s\u00e9re a tov\u00e1bbiakban nincs sz\u00fcks\u00e9g, minden tov\u00e1bbi enged\u00e9lyez\u00e9s a rendszeren bel\u00fcl t\u00f6rt\u00e9nik. Az elk\u00e9sz\u00fclt fi\u00f3k haszn\u00e1lat\u00e1hoz sz\u00fcks\u00e9ges hiteles\u00edt\u00e9si adatok e-mailben \u00e9s az ig\u00e9nyl\u0151lapon felt\u00fcntetett mobiltelefonsz\u00e1mra ker\u00fclnek kik\u00fcld\u00e9sre. Amennyiben a l\u00e9trehoz\u00e1st k\u00f6vet\u0151 3 h\u00f3napon bel\u00fcl nem t\u00f6rt\u00e9nik bejelentkez\u00e9s, a hozz\u00e1f\u00e9r\u00e9s t\u00f6rl\u00e9sre ker\u00fcl.<\/p>\n<p><span style=\"font-size: 1rem\">A VPN-el kapcsolatos b\u00e1rmilyen jelleg\u0171 hib\u00e1k, \u00e9szrev\u00e9telek jelz\u00e9s\u00e9t az erre a c\u00e9lra rendszeres\u00edtett helpdesk@semmelweis.hu e-mail c\u00edmre v\u00e1rjuk, vagy a <a href=\"https:\/\/helpdesk.semmelweis.hu\/Home\">helpdesk.semmelweis.hu<\/a><\/span><span style=\"font-size: 1rem\"> port\u00e1lon kereszt\u00fcl k\u00e9rj\u00fck leadni. <br \/>\nK\u00e9rj\u00fck, hogy az \u00fczenetet minden esetben a hivatalos egyetemi email c\u00edm\u00fckr\u0151l k\u00fcldj\u00e9k!<\/span><\/p>\n","protected":false},"excerpt":{"rendered":"<p>Tisztelt Munkat\u00e1rsunk! A dolgoz\u00f3i VPN 2024.01.01. napj\u00e1t\u00f3l kiz\u00e1r\u00f3lag O365-s, @semmelweis.hu-s azonos\u00edt\u00f3val \u00e9rhet\u0151 el! VPN kapcsolatok az egyetemi h\u00e1l\u00f3zaton A Semmelweis Egyetem h\u00e1l\u00f3zat\u00e1nak t\u00e1voli el\u00e9r\u00e9se az al\u00e1bbi virtu\u00e1lis mag\u00e1nh\u00e1l\u00f3zat (VPN) szolg\u00e1ltat\u00e1sokon kereszt\u00fcl lehets\u00e9ges. Az SAP, Neptun, Poszeidon rendszerek 2020.08.25. napj\u00e1t\u00f3l kiz\u00e1r\u00f3lag az OpenVPN-en kereszt\u00fcl \u00e9rhet\u0151k el. Az OpenVPN hozz\u00e1f\u00e9r\u00e9s ig\u00e9nyl\u00e9se teljesen elektronikus. 1. Dolgoz\u00f3i VPN A &hellip;<\/p>\n","protected":false},"author":160,"featured_media":0,"parent":18062,"menu_order":90,"comment_status":"closed","ping_status":"closed","template":"","meta":{"_acf_changed":false,"footnotes":""},"categories":[],"tags":[],"class_list":["post-510","page","type-page","status-publish","hentry"],"acf":[],"_links":{"self":[{"href":"https:\/\/semmelweis.hu\/informatika\/wp-json\/wp\/v2\/pages\/510","targetHints":{"allow":["GET"]}}],"collection":[{"href":"https:\/\/semmelweis.hu\/informatika\/wp-json\/wp\/v2\/pages"}],"about":[{"href":"https:\/\/semmelweis.hu\/informatika\/wp-json\/wp\/v2\/types\/page"}],"author":[{"embeddable":true,"href":"https:\/\/semmelweis.hu\/informatika\/wp-json\/wp\/v2\/users\/160"}],"replies":[{"embeddable":true,"href":"https:\/\/semmelweis.hu\/informatika\/wp-json\/wp\/v2\/comments?post=510"}],"version-history":[{"count":17,"href":"https:\/\/semmelweis.hu\/informatika\/wp-json\/wp\/v2\/pages\/510\/revisions"}],"predecessor-version":[{"id":19591,"href":"https:\/\/semmelweis.hu\/informatika\/wp-json\/wp\/v2\/pages\/510\/revisions\/19591"}],"up":[{"embeddable":true,"href":"https:\/\/semmelweis.hu\/informatika\/wp-json\/wp\/v2\/pages\/18062"}],"wp:attachment":[{"href":"https:\/\/semmelweis.hu\/informatika\/wp-json\/wp\/v2\/media?parent=510"}],"wp:term":[{"taxonomy":"category","embeddable":true,"href":"https:\/\/semmelweis.hu\/informatika\/wp-json\/wp\/v2\/categories?post=510"},{"taxonomy":"post_tag","embeddable":true,"href":"https:\/\/semmelweis.hu\/informatika\/wp-json\/wp\/v2\/tags?post=510"}],"curies":[{"name":"wp","href":"https:\/\/api.w.org\/{rel}","templated":true}]}}